Last updated on 2016-03-07 23:47:40.
Flavor | Version | Tinstall | Tcheck | Ttotal | Status | Flags |
---|---|---|---|---|---|---|
r-devel-linux-x86_64-debian-gcc | 1.4.8 | 3.04 | 46.76 | 49.79 | NOTE | |
r-devel-linux-x86_64-fedora-clang | 1.4.8 | 95.46 | NOTE | |||
r-devel-linux-x86_64-fedora-gcc | 1.4.8 | 90.62 | NOTE | |||
r-devel-osx-x86_64-clang | 1.4.8 | 88.15 | NOTE | |||
r-devel-windows-ix86+x86_64 | 1.4.8 | 15.00 | 70.00 | 85.00 | NOTE | |
r-patched-linux-x86_64 | 1.4.8 | 3.38 | 50.40 | 53.78 | NOTE | |
r-patched-solaris-sparc | 1.4.8 | 599.50 | NOTE | |||
r-patched-solaris-x86 | 1.4.8 | 142.20 | NOTE | |||
r-release-linux-x86_64 | 1.4.8 | 3.33 | 50.82 | 54.15 | NOTE | |
r-release-osx-x86_64-mavericks | 1.4.8 | NOTE | ||||
r-release-windows-ix86+x86_64 | 1.4.8 | 16.00 | 113.00 | 129.00 | NOTE | |
r-oldrel-windows-ix86+x86_64 | 1.4.8 | 22.00 | 139.00 | 161.00 | NOTE |
Version: 1.4.8
Check: DESCRIPTION meta-information
Result: NOTE
Malformed Title field: should not end in a period.
Flavors: r-devel-linux-x86_64-debian-gcc, r-devel-linux-x86_64-fedora-clang, r-devel-linux-x86_64-fedora-gcc, r-devel-osx-x86_64-clang, r-devel-windows-ix86+x86_64, r-patched-linux-x86_64, r-patched-solaris-sparc, r-patched-solaris-x86, r-release-linux-x86_64, r-release-osx-x86_64-mavericks, r-release-windows-ix86+x86_64
Version: 1.4.8
Check: R code for possible problems
Result: NOTE
bbox_to_SpatialPolygons: no visible global function definition for
‘CRS’
bbox_to_SpatialPolygons: no visible global function definition for
‘Polygon’
bbox_to_SpatialPolygons: no visible global function definition for
‘Polygons’
bbox_to_SpatialPolygons: no visible global function definition for
‘SpatialPolygons’
list.raster.files: no visible global function definition for ‘CRS’
list.raster.files: no visible global function definition for
‘spTransform’
list.raster.files: no visible global function definition for
‘SpatialPolygonsDataFrame’
list.raster.files: no visible global function definition for ‘spChFIDs’
predict_rasterEngine : predict.rasterEngine_function: no visible global
function definition for ‘complete.cases’
projectRaster_rigorous : chunk_function: no visible global function
definition for ‘spTransform’
projectRaster_rigorous : chunk_function: no visible global function
definition for ‘CRS’
spatial_sync_raster: no visible global function definition for ‘bbox’
spatial_sync_vector: no visible global function definition for
‘spTransform’
spatial_sync_vector: no visible global function definition for ‘CRS’
Undefined global functions or variables:
CRS Polygon Polygons SpatialPolygons SpatialPolygonsDataFrame bbox
complete.cases spChFIDs spTransform
Consider adding
importFrom("stats", "complete.cases")
to your NAMESPACE file.
Flavors: r-devel-linux-x86_64-debian-gcc, r-devel-linux-x86_64-fedora-clang, r-devel-linux-x86_64-fedora-gcc, r-devel-osx-x86_64-clang, r-devel-windows-ix86+x86_64
Version: 1.4.8
Check: R code for possible problems
Result: NOTE
bbox_to_SpatialPolygons: no visible global function definition for
‘CRS’
bbox_to_SpatialPolygons: no visible global function definition for
‘Polygon’
bbox_to_SpatialPolygons: no visible global function definition for
‘Polygons’
bbox_to_SpatialPolygons: no visible global function definition for
‘SpatialPolygons’
list.raster.files: no visible global function definition for ‘CRS’
list.raster.files: no visible global function definition for
‘spTransform’
list.raster.files: no visible global function definition for
‘SpatialPolygonsDataFrame’
list.raster.files: no visible global function definition for ‘spChFIDs’
projectRaster_rigorous : chunk_function: no visible global function
definition for ‘spTransform’
projectRaster_rigorous : chunk_function: no visible global function
definition for ‘CRS’
spatial_sync_raster: no visible global function definition for ‘bbox’
spatial_sync_vector: no visible global function definition for
‘spTransform’
spatial_sync_vector: no visible global function definition for ‘CRS’
Flavors: r-patched-linux-x86_64, r-patched-solaris-sparc, r-patched-solaris-x86, r-release-linux-x86_64, r-release-osx-x86_64-mavericks, r-release-windows-ix86+x86_64, r-oldrel-windows-ix86+x86_64