Last updated on 2016-03-07 23:47:40.
Flavor | Version | Tinstall | Tcheck | Ttotal | Status | Flags |
---|---|---|---|---|---|---|
r-devel-linux-x86_64-debian-gcc | 1.0 | 10.37 | 103.20 | 113.57 | OK | |
r-devel-linux-x86_64-fedora-clang | 1.0 | 221.99 | OK | |||
r-devel-linux-x86_64-fedora-gcc | 1.0 | 208.43 | OK | |||
r-devel-osx-x86_64-clang | 1.0 | 205.26 | OK | |||
r-devel-windows-ix86+x86_64 | 1.0 | 66.00 | 215.00 | 281.00 | OK | |
r-patched-linux-x86_64 | 1.0 | 0.58 | 1.71 | 2.29 | ERROR | |
r-release-linux-x86_64 | 1.0 | 0.48 | 1.71 | 2.19 | ERROR | |
r-release-osx-x86_64-mavericks | 1.0 | ERROR | ||||
r-release-windows-ix86+x86_64 | 1.0 | 48.00 | 194.00 | 242.00 | OK | |
r-oldrel-windows-ix86+x86_64 | 1.0 | 87.00 | 254.00 | 341.00 | OK |
Version: 1.0
Check: package dependencies
Result: ERROR
Packages required but not available: ‘xcms’ ‘MAIT’
See section ‘The DESCRIPTION file’ in the ‘Writing R Extensions’
manual.
Flavors: r-patched-linux-x86_64, r-release-linux-x86_64, r-release-osx-x86_64-mavericks