CRAN Package Check Results for Package stabs

Last updated on 2016-03-07 23:47:40.

Flavor Version Tinstall Tcheck Ttotal Status Flags
r-devel-linux-x86_64-debian-gcc 0.5-1 0.63 14.85 15.48 NOTE
r-devel-linux-x86_64-fedora-clang 0.5-1 27.54 NOTE
r-devel-linux-x86_64-fedora-gcc 0.5-1 26.02 NOTE
r-devel-osx-x86_64-clang 0.5-1 30.46 NOTE
r-devel-windows-ix86+x86_64 0.5-1 6.00 33.00 39.00 NOTE
r-patched-linux-x86_64 0.5-1 0.70 15.65 16.35 NOTE
r-patched-solaris-sparc 0.5-1 182.20 NOTE
r-patched-solaris-x86 0.5-1 43.30 NOTE
r-release-linux-x86_64 0.5-1 0.71 15.83 16.54 NOTE
r-release-osx-x86_64-mavericks 0.5-1 NOTE
r-release-windows-ix86+x86_64 0.5-1 5.00 35.00 40.00 NOTE
r-oldrel-windows-ix86+x86_64 0.5-1 5.00 36.00 41.00 OK

Check Details

Version: 0.5-1
Check: DESCRIPTION meta-information
Result: NOTE
    Malformed Description field: should contain one or more complete sentences.
Flavors: r-devel-linux-x86_64-debian-gcc, r-devel-linux-x86_64-fedora-clang, r-devel-linux-x86_64-fedora-gcc, r-devel-osx-x86_64-clang, r-devel-windows-ix86+x86_64, r-patched-linux-x86_64, r-patched-solaris-sparc, r-patched-solaris-x86, r-release-linux-x86_64, r-release-osx-x86_64-mavericks, r-release-windows-ix86+x86_64

Version: 0.5-1
Check: R code for possible problems
Result: NOTE
    optimal_cutoff: no visible global function definition for ‘tail’
    plot.stabsel: no visible global function definition for ‘hcl’
    plot.stabsel: no visible global function definition for ‘par’
    plot.stabsel: no visible global function definition for ‘matplot’
    plot.stabsel: no visible global function definition for ‘abline’
    plot.stabsel: no visible global function definition for ‘axis’
    plot.stabsel: no visible global function definition for ‘plot’
    plot.stabsel: no visible global function definition for ‘tail’
    plot.stabsel: no visible global function definition for ‘points’
    Undefined global functions or variables:
     abline axis hcl matplot par plot points tail
    Consider adding
     importFrom("grDevices", "hcl")
     importFrom("graphics", "abline", "axis", "matplot", "par", "plot",
     "points")
     importFrom("utils", "tail")
    to your NAMESPACE file.
Flavors: r-devel-linux-x86_64-debian-gcc, r-devel-linux-x86_64-fedora-clang, r-devel-linux-x86_64-fedora-gcc, r-devel-osx-x86_64-clang, r-devel-windows-ix86+x86_64