CRAN Package Check Results for Package strucchange

Last updated on 2016-03-07 23:47:40.

Flavor Version Tinstall Tcheck Ttotal Status Flags
r-devel-linux-x86_64-debian-gcc 1.5-1 1.40 51.39 52.78 NOTE
r-devel-linux-x86_64-fedora-clang 1.5-1 97.83 NOTE
r-devel-linux-x86_64-fedora-gcc 1.5-1 85.89 NOTE
r-devel-osx-x86_64-clang 1.5-1 85.91 NOTE
r-devel-windows-ix86+x86_64 1.5-1 10.00 92.00 102.00 NOTE
r-patched-linux-x86_64 1.5-1 1.43 53.68 55.11 NOTE
r-patched-solaris-sparc 1.5-1 581.70 NOTE
r-patched-solaris-x86 1.5-1 112.70 NOTE
r-release-linux-x86_64 1.5-1 1.51 53.23 54.74 NOTE
r-release-osx-x86_64-mavericks 1.5-1 NOTE
r-release-windows-ix86+x86_64 1.5-1 10.00 99.00 109.00 NOTE
r-oldrel-windows-ix86+x86_64 1.5-1 9.00 107.00 116.00 NOTE

Check Details

Version: 1.5-1
Check: R code for possible problems
Result: NOTE
    breakpoints.formula: no visible global function definition for
     ‘%dopar%’
    breakpoints.formula: no visible binding for global variable ‘i’
    efpFunctional: multiple local function definitions for ‘plotProcess’
     with different formal arguments
    mefp.efp: multiple local function definitions for ‘computeEmpProc’ with
     different formal arguments
    sctest.default: no visible global function definition for ‘tail’
    Undefined global functions or variables:
     %dopar% i tail
    Consider adding
     importFrom("utils", "tail")
    to your NAMESPACE file.
Flavors: r-devel-linux-x86_64-debian-gcc, r-devel-linux-x86_64-fedora-clang, r-devel-linux-x86_64-fedora-gcc, r-devel-osx-x86_64-clang, r-devel-windows-ix86+x86_64

Version: 1.5-1
Check: R code for possible problems
Result: NOTE
    breakpoints.formula: no visible global function definition for
     ‘%dopar%’
    breakpoints.formula: no visible binding for global variable ‘i’
    efpFunctional: multiple local function definitions for ‘plotProcess’
     with different formal arguments
    mefp.efp: multiple local function definitions for ‘computeEmpProc’ with
     different formal arguments
Flavors: r-patched-linux-x86_64, r-patched-solaris-sparc, r-patched-solaris-x86, r-release-linux-x86_64, r-release-osx-x86_64-mavericks, r-release-windows-ix86+x86_64, r-oldrel-windows-ix86+x86_64