Last updated on 2016-03-07 23:47:41.
Flavor | Version | Tinstall | Tcheck | Ttotal | Status | Flags |
---|---|---|---|---|---|---|
r-devel-linux-x86_64-debian-gcc | 2.0.10 | 5.71 | 42.61 | 48.33 | OK | |
r-devel-linux-x86_64-fedora-clang | 2.0.10 | 98.50 | OK | |||
r-devel-linux-x86_64-fedora-gcc | 2.0.10 | 94.48 | OK | |||
r-devel-osx-x86_64-clang | 2.0.10 | 95.61 | OK | |||
r-devel-windows-ix86+x86_64 | 2.0.10 | 24.00 | 481.00 | 505.00 | NOTE | |
r-patched-linux-x86_64 | 2.0.10 | 5.92 | 49.02 | 54.94 | OK | |
r-patched-solaris-sparc | 2.0.10 | 650.70 | OK | |||
r-patched-solaris-x86 | 2.0.10 | 143.70 | OK | |||
r-release-linux-x86_64 | 2.0.10 | 6.09 | 48.76 | 54.85 | OK | |
r-release-osx-x86_64-mavericks | 2.0.10 | ERROR | ||||
r-release-windows-ix86+x86_64 | 2.0.10 | 22.00 | 600.00 | 622.00 | NOTE | |
r-oldrel-windows-ix86+x86_64 | 2.0.10 | 28.00 | 650.00 | 678.00 | NOTE |
Version: 2.0.10
Check: installed package size
Result: NOTE
installed size is 12.9Mb
sub-directories of 1Mb or more:
libs 12.4Mb
Flavors: r-devel-windows-ix86+x86_64, r-release-windows-ix86+x86_64, r-oldrel-windows-ix86+x86_64
Version: 2.0.10
Check: whether package can be installed
Result: ERROR
Installation failed.
Flavor: r-release-osx-x86_64-mavericks