Last updated on 2016-03-07 23:47:41.
Flavor | Version | Tinstall | Tcheck | Ttotal | Status | Flags |
---|---|---|---|---|---|---|
r-devel-linux-x86_64-debian-gcc | 1.0.6 | 1.46 | 20.73 | 22.19 | WARN | |
r-devel-linux-x86_64-fedora-clang | 1.0.6 | 42.38 | WARN | |||
r-devel-linux-x86_64-fedora-gcc | 1.0.6 | 39.75 | WARN | |||
r-devel-osx-x86_64-clang | 1.0.6 | 38.63 | WARN | |||
r-devel-windows-ix86+x86_64 | 1.0.6 | 8.00 | 53.00 | 61.00 | WARN | |
r-patched-linux-x86_64 | 1.0.6 | 1.76 | 22.41 | 24.17 | WARN | |
r-patched-solaris-sparc | 1.0.6 | 242.00 | WARN | |||
r-patched-solaris-x86 | 1.0.6 | 64.30 | WARN | |||
r-release-linux-x86_64 | 1.0.6 | 1.76 | 21.90 | 23.66 | WARN | |
r-release-osx-x86_64-mavericks | 1.0.6 | NOTE | ||||
r-release-windows-ix86+x86_64 | 1.0.6 | 7.00 | 42.00 | 49.00 | WARN | |
r-oldrel-windows-ix86+x86_64 | 1.0.6 | 9.00 | 54.00 | 63.00 | WARN |
Version: 1.0.6
Check: DESCRIPTION meta-information
Result: NOTE
Malformed Description field: should contain one or more complete sentences.
Flavors: r-devel-linux-x86_64-debian-gcc, r-devel-linux-x86_64-fedora-clang, r-devel-linux-x86_64-fedora-gcc, r-devel-osx-x86_64-clang, r-devel-windows-ix86+x86_64, r-patched-linux-x86_64, r-patched-solaris-sparc, r-patched-solaris-x86, r-release-linux-x86_64, r-release-osx-x86_64-mavericks, r-release-windows-ix86+x86_64
Version: 1.0.6
Check: S3 generic/method consistency
Result: NOTE
Found the following apparent S3 methods exported but not registered:
subset.SpatialPointsDataFrame subset.SpatialPolygonsDataFrame
See section ‘Registering S3 methods’ in the ‘Writing R Extensions’
manual.
Flavors: r-devel-linux-x86_64-debian-gcc, r-devel-linux-x86_64-fedora-clang, r-devel-linux-x86_64-fedora-gcc, r-devel-osx-x86_64-clang, r-patched-linux-x86_64, r-patched-solaris-sparc, r-patched-solaris-x86, r-release-linux-x86_64
Version: 1.0.6
Check: R code for possible problems
Result: NOTE
geocode.data.frame: no visible global function definition for ‘stack’
geocode.default : <anonymous>: no visible global function definition
for ‘URLencode’
georoute.default : <anonymous>: no visible global function definition
for ‘URLencode’
interpolateAndApplyWithinSpatial : <anonymous>: no visible global
function definition for ‘overlay’
smoothLines: no visible global function definition for ‘smooth.Pspline’
Undefined global functions or variables:
URLencode overlay smooth.Pspline stack
Consider adding
importFrom("utils", "URLencode", "stack")
to your NAMESPACE file.
Flavors: r-devel-linux-x86_64-debian-gcc, r-devel-linux-x86_64-fedora-clang, r-devel-linux-x86_64-fedora-gcc, r-devel-osx-x86_64-clang, r-devel-windows-ix86+x86_64
Version: 1.0.6
Check: Rd cross-references
Result: WARN
Missing link or links in documentation object 'countPointsInPolys.Rd':
‘[sp]{overlay}’
See section 'Cross-references' in the 'Writing R Extensions' manual.
Flavors: r-devel-linux-x86_64-debian-gcc, r-devel-linux-x86_64-fedora-clang, r-devel-linux-x86_64-fedora-gcc, r-devel-osx-x86_64-clang, r-devel-windows-ix86+x86_64, r-patched-linux-x86_64, r-patched-solaris-sparc, r-patched-solaris-x86, r-release-linux-x86_64, r-release-windows-ix86+x86_64, r-oldrel-windows-ix86+x86_64
Version: 1.0.6
Check: R code for possible problems
Result: NOTE
interpolateAndApplyWithinSpatial : <anonymous>: no visible global
function definition for ‘overlay’
smoothLines: no visible global function definition for ‘smooth.Pspline’
Flavors: r-patched-linux-x86_64, r-patched-solaris-sparc, r-patched-solaris-x86, r-release-linux-x86_64, r-release-windows-ix86+x86_64, r-oldrel-windows-ix86+x86_64
Version: 1.0.6
Check: R code for possible problems
Result: NOTE
smoothLines: no visible global function definition for ‘smooth.Pspline’
Flavor: r-release-osx-x86_64-mavericks