CRAN Package Check Results for Package text2vec

Last updated on 2016-03-07 23:47:41.

Flavor Version Tinstall Tcheck Ttotal Status Flags
r-devel-linux-x86_64-debian-gcc 0.2.0 42.03 91.20 133.23 NOTE
r-devel-linux-x86_64-fedora-clang 0.2.0 255.31 NOTE
r-devel-linux-x86_64-fedora-gcc 0.2.0 262.77 NOTE
r-devel-osx-x86_64-clang 0.2.0 202.90 NOTE
r-devel-windows-ix86+x86_64 0.2.0 162.00 199.00 361.00 NOTE
r-patched-linux-x86_64 0.2.0 43.30 95.27 138.58 NOTE
r-patched-solaris-sparc 0.2.0 2081.70 NOTE
r-patched-solaris-x86 0.2.0 635.50 NOTE
r-release-linux-x86_64 0.2.0 42.07 96.17 138.25 NOTE
r-release-osx-x86_64-mavericks 0.2.0 NOTE
r-release-windows-ix86+x86_64 0.2.0 177.00 327.00 504.00 NOTE

Check Details

Version: 0.2.0
Check: installed package size
Result: NOTE
     installed size is 8.8Mb
     sub-directories of 1Mb or more:
     data 2.7Mb
     libs 5.8Mb
Flavors: r-devel-linux-x86_64-debian-gcc, r-devel-linux-x86_64-fedora-clang, r-devel-linux-x86_64-fedora-gcc, r-patched-linux-x86_64, r-release-linux-x86_64, r-release-osx-x86_64-mavericks

Version: 0.2.0
Check: for GNU extensions in Makefiles
Result: NOTE
    GNU make is a SystemRequirements.
Flavors: r-devel-linux-x86_64-debian-gcc, r-devel-linux-x86_64-fedora-clang, r-devel-linux-x86_64-fedora-gcc, r-devel-osx-x86_64-clang, r-devel-windows-ix86+x86_64, r-patched-linux-x86_64, r-patched-solaris-sparc, r-patched-solaris-x86, r-release-linux-x86_64, r-release-osx-x86_64-mavericks, r-release-windows-ix86+x86_64