Last updated on 2016-03-07 23:47:42.
Flavor | Version | Tinstall | Tcheck | Ttotal | Status | Flags |
---|---|---|---|---|---|---|
r-devel-linux-x86_64-debian-gcc | 1.0-7 | 1.13 | 8.04 | 9.17 | NOTE | |
r-devel-linux-x86_64-fedora-clang | 1.0-7 | 15.05 | NOTE | |||
r-devel-linux-x86_64-fedora-gcc | 1.0-7 | 14.01 | NOTE | |||
r-devel-osx-x86_64-clang | 1.0-7 | 17.89 | NOTE | |||
r-devel-windows-ix86+x86_64 | 1.0-7 | 14.00 | 54.00 | 68.00 | NOTE | |
r-patched-linux-x86_64 | 1.0-7 | 1.15 | 8.84 | 9.99 | NOTE | |
r-patched-solaris-sparc | 1.0-7 | 101.40 | NOTE | |||
r-patched-solaris-x86 | 1.0-7 | 23.40 | NOTE | |||
r-release-linux-x86_64 | 1.0-7 | 1.20 | 8.75 | 9.95 | NOTE | |
r-release-osx-x86_64-mavericks | 1.0-7 | NOTE | ||||
r-release-windows-ix86+x86_64 | 1.0-7 | 9.00 | 28.00 | 37.00 | NOTE | |
r-oldrel-windows-ix86+x86_64 | 1.0-7 | 11.00 | 19.00 | 30.00 | OK |
Version: 1.0-7
Check: DESCRIPTION meta-information
Result: NOTE
Malformed Description field: should contain one or more complete sentences.
Flavors: r-devel-linux-x86_64-debian-gcc, r-devel-linux-x86_64-fedora-clang, r-devel-linux-x86_64-fedora-gcc, r-devel-osx-x86_64-clang, r-devel-windows-ix86+x86_64, r-patched-linux-x86_64, r-patched-solaris-sparc, r-patched-solaris-x86, r-release-linux-x86_64, r-release-osx-x86_64-mavericks, r-release-windows-ix86+x86_64