Last updated on 2016-10-24 23:48:07.
Flavor | Version | Tinstall | Tcheck | Ttotal | Status | Flags |
---|---|---|---|---|---|---|
r-devel-linux-x86_64-debian-clang | 1.7.0 | 42.01 | 25.17 | 67.18 | OK | |
r-devel-linux-x86_64-debian-gcc | 1.7.0 | 41.40 | 26.42 | 67.82 | NOTE | |
r-devel-linux-x86_64-fedora-clang | 1.7.0 | 131.38 | OK | |||
r-devel-linux-x86_64-fedora-gcc | 1.7.0 | 123.73 | NOTE | |||
r-devel-macos-x86_64-clang | 1.7.0 | 90.87 | OK | |||
r-devel-windows-ix86+x86_64 | 1.7.0 | 144.00 | 77.00 | 221.00 | OK | |
r-patched-linux-x86_64 | 1.7.0 | 37.21 | 22.54 | 59.76 | NOTE | |
r-patched-solaris-sparc | 1.7.0 | 608.20 | OK | |||
r-patched-solaris-x86 | 1.7.0 | 126.00 | OK | |||
r-release-linux-x86_64 | 1.7.0 | 36.82 | 23.16 | 59.98 | NOTE | |
r-release-osx-x86_64-mavericks | 1.7.0 | OK | ||||
r-release-windows-ix86+x86_64 | 1.7.0 | 144.00 | 63.00 | 207.00 | WARN | |
r-oldrel-windows-ix86+x86_64 | 1.7.0 | 125.00 | 73.00 | 198.00 | WARN |
Version: 1.7.0
Check: installed package size
Result: NOTE
installed size is 5.9Mb
sub-directories of 1Mb or more:
libs 5.6Mb
Flavors: r-devel-linux-x86_64-debian-gcc, r-devel-linux-x86_64-fedora-gcc, r-patched-linux-x86_64, r-release-linux-x86_64
Version: 1.7.0
Check: whether package can be installed
Result: WARN
Found the following significant warnings:
Warning: D:/temp/RtmpErWXkU/R.INSTALL24945b916147/ACEt/man/ACEt-package.Rd:1: All text must be in a section
Flavor: r-release-windows-ix86+x86_64
Version: 1.7.0
Check: Rd files
Result: WARN
prepare_Rd: ACEt-package.Rd:1: All text must be in a section
Flavors: r-release-windows-ix86+x86_64, r-oldrel-windows-ix86+x86_64
Version: 1.7.0
Check: whether package can be installed
Result: WARN
Found the following significant warnings:
Warning: D:/temp/Rtmpu2Dbf7/R.INSTALL38c4485e5de0/ACEt/man/ACEt-package.Rd:1: All text must be in a section
Flavor: r-oldrel-windows-ix86+x86_64