Last updated on 2016-10-24 23:48:07.
Flavor | Version | Tinstall | Tcheck | Ttotal | Status | Flags |
---|---|---|---|---|---|---|
r-devel-linux-x86_64-debian-clang | 0.3 | 0.64 | 8.43 | 9.07 | NOTE | |
r-devel-linux-x86_64-debian-gcc | 0.3 | 0.56 | 8.50 | 9.06 | NOTE | |
r-devel-linux-x86_64-fedora-clang | 0.3 | 15.38 | NOTE | |||
r-devel-linux-x86_64-fedora-gcc | 0.3 | 14.39 | NOTE | |||
r-devel-macos-x86_64-clang | 0.3 | 13.94 | NOTE | |||
r-devel-windows-ix86+x86_64 | 0.3 | 4.00 | 22.00 | 26.00 | NOTE | |
r-patched-linux-x86_64 | 0.3 | 0.50 | 7.89 | 8.38 | NOTE | |
r-patched-solaris-sparc | 0.3 | 80.40 | NOTE | |||
r-patched-solaris-x86 | 0.3 | 18.90 | NOTE | |||
r-release-linux-x86_64 | 0.3 | 0.58 | 8.01 | 8.59 | NOTE | |
r-release-osx-x86_64-mavericks | 0.3 | NOTE | ||||
r-release-windows-ix86+x86_64 | 0.3 | 3.00 | 24.00 | 27.00 | NOTE | |
r-oldrel-windows-ix86+x86_64 | 0.3 | 2.00 | 22.00 | 24.00 | NOTE |
Version: 0.3
Check: DESCRIPTION meta-information
Result: NOTE
Malformed Description field: should contain one or more complete sentences.
Flavors: r-devel-linux-x86_64-debian-clang, r-devel-linux-x86_64-debian-gcc, r-devel-linux-x86_64-fedora-clang, r-devel-linux-x86_64-fedora-gcc, r-devel-macos-x86_64-clang, r-devel-windows-ix86+x86_64, r-patched-linux-x86_64, r-patched-solaris-sparc, r-patched-solaris-x86, r-release-linux-x86_64, r-release-osx-x86_64-mavericks, r-release-windows-ix86+x86_64, r-oldrel-windows-ix86+x86_64