CRAN Package Check Results for Package AhoCorasickTrie

Last updated on 2016-10-24 23:48:07.

Flavor Version Tinstall Tcheck Ttotal Status Flags
r-devel-linux-x86_64-debian-clang 0.1.0 10.86 18.90 29.76 NOTE
r-devel-linux-x86_64-debian-gcc 0.1.0 11.76 18.85 30.61 NOTE
r-devel-linux-x86_64-fedora-clang 0.1.0 50.03 OK
r-devel-linux-x86_64-fedora-gcc 0.1.0 51.24 NOTE
r-devel-macos-x86_64-clang 0.1.0 38.15 NOTE
r-devel-windows-ix86+x86_64 0.1.0 50.00 49.00 99.00 OK
r-patched-linux-x86_64 0.1.0 9.54 16.72 26.26 NOTE
r-patched-solaris-sparc 0.1.0 232.80 NOTE
r-patched-solaris-x86 0.1.0 50.50 NOTE
r-release-linux-x86_64 0.1.0 9.58 16.41 25.99 NOTE
r-release-osx-x86_64-mavericks 0.1.0 OK
r-release-windows-ix86+x86_64 0.1.0 52.00 45.00 97.00 OK
r-oldrel-windows-ix86+x86_64 0.1.0 44.00 75.00 119.00 OK

Check Details

Version: 0.1.0
Check: Rd cross-references
Result: NOTE
    Package unavailable to check Rd xrefs: ‘Starr’
Flavors: r-devel-linux-x86_64-debian-clang, r-devel-linux-x86_64-debian-gcc, r-devel-linux-x86_64-fedora-gcc, r-devel-macos-x86_64-clang, r-patched-linux-x86_64, r-patched-solaris-sparc, r-patched-solaris-x86, r-release-linux-x86_64

Version: 0.1.0
Check: package dependencies
Result: NOTE
    Package suggested but not available for checking: ‘microbenchmark’
Flavors: r-patched-solaris-sparc, r-patched-solaris-x86