Last updated on 2016-10-24 23:48:12.
Flavor | Version | Tinstall | Tcheck | Ttotal | Status | Flags |
---|---|---|---|---|---|---|
r-devel-linux-x86_64-debian-clang | 0.2-1 | 2.80 | 36.37 | 39.18 | NOTE | |
r-devel-linux-x86_64-debian-gcc | 0.2-1 | 3.06 | 36.05 | 39.11 | NOTE | |
r-devel-linux-x86_64-fedora-clang | 0.2-1 | 84.13 | NOTE | |||
r-devel-linux-x86_64-fedora-gcc | 0.2-1 | 83.71 | NOTE | |||
r-devel-macos-x86_64-clang | 0.2-1 | 63.00 | NOTE | |||
r-devel-windows-ix86+x86_64 | 0.2-1 | 11.00 | 81.00 | 92.00 | NOTE | |
r-patched-linux-x86_64 | 0.2-1 | 3.20 | 33.50 | 36.70 | NOTE | |
r-patched-solaris-sparc | 0.2-1 | 475.40 | NOTE | |||
r-patched-solaris-x86 | 0.2-1 | 100.60 | NOTE | |||
r-release-linux-x86_64 | 0.2-1 | 2.72 | 33.78 | 36.49 | NOTE | |
r-release-osx-x86_64-mavericks | 0.2-1 | NOTE | ||||
r-release-windows-ix86+x86_64 | 0.2-1 | 10.00 | 63.00 | 73.00 | NOTE | |
r-oldrel-windows-ix86+x86_64 | 0.2-1 | 11.00 | 80.00 | 91.00 | NOTE |
Version: 0.2-1
Check: dependencies in R code
Result: NOTE
Packages in Depends field not imported from:
‘Matrix’ ‘kernlab’
These packages need to be imported from (in the NAMESPACE file)
for when this namespace is loaded but not attached.
Flavors: r-devel-linux-x86_64-debian-clang, r-devel-linux-x86_64-debian-gcc, r-devel-linux-x86_64-fedora-clang, r-devel-linux-x86_64-fedora-gcc, r-devel-macos-x86_64-clang, r-devel-windows-ix86+x86_64, r-patched-linux-x86_64, r-patched-solaris-sparc, r-patched-solaris-x86, r-release-linux-x86_64, r-release-osx-x86_64-mavericks, r-release-windows-ix86+x86_64, r-oldrel-windows-ix86+x86_64
Version: 0.2-1
Check: R code for possible problems
Result: NOTE
.klogreg: no visible global function definition for ‘Matrix’
.klogreg: no visible global function definition for ‘kernelMatrix’
.klogreg: no visible global function definition for ‘Diagonal’
.klogreg.predict: no visible global function definition for
‘kernelMult’
.krr: no visible global function definition for ‘kernelMatrix’
.krr: no visible global function definition for ‘Matrix’
.krr.predict: no visible global function definition for ‘kernelMatrix’
cochranq.test: no visible global function definition for ‘pchisq’
constructSVMLearner : learn.svm: no visible global function definition
for ‘ksvm’
constructSVMLearner : predict.svm: no visible global function
definition for ‘predict’
constructSVRLearner : learn.svr: no visible global function definition
for ‘ksvm’
constructSVRLearner : predict.svr: no visible global function
definition for ‘predict’
fastCV: no visible binding for global variable ‘sd’
fastCV: no visible global function definition for ‘qnorm’
fastCV: no visible global function definition for ‘friedman.test’
noisyDonoho: no visible global function definition for ‘runif’
noisyDonoho: no visible global function definition for ‘rnorm’
noisySinc: no visible global function definition for ‘runif’
noisySinc: no visible global function definition for ‘rnorm’
noisySine: no visible global function definition for ‘runif’
noisySine: no visible global function definition for ‘rnorm’
plotSequence: no visible global function definition for ‘plot’
plotSequence: no visible global function definition for ‘abline’
plotSequence: no visible global function definition for ‘title’
Undefined global functions or variables:
Diagonal Matrix abline friedman.test kernelMatrix kernelMult ksvm
pchisq plot predict qnorm rnorm runif sd title
Consider adding
importFrom("graphics", "abline", "plot", "title")
importFrom("stats", "friedman.test", "pchisq", "predict", "qnorm",
"rnorm", "runif", "sd")
to your NAMESPACE file.
Flavors: r-devel-linux-x86_64-debian-clang, r-devel-linux-x86_64-debian-gcc, r-devel-linux-x86_64-fedora-clang, r-devel-linux-x86_64-fedora-gcc, r-devel-macos-x86_64-clang, r-devel-windows-ix86+x86_64, r-patched-linux-x86_64, r-patched-solaris-sparc, r-patched-solaris-x86, r-release-linux-x86_64, r-release-osx-x86_64-mavericks, r-release-windows-ix86+x86_64
Version: 0.2-1
Check: R code for possible problems
Result: NOTE
.klogreg: no visible global function definition for 'Matrix'
.klogreg: no visible global function definition for 'kernelMatrix'
.klogreg: no visible global function definition for 'Diagonal'
.klogreg.predict: no visible global function definition for
'kernelMult'
.krr: no visible global function definition for 'kernelMatrix'
.krr: no visible global function definition for 'Matrix'
.krr.predict: no visible global function definition for 'kernelMatrix'
constructSVMLearner : learn.svm: no visible global function definition
for 'ksvm'
constructSVRLearner : learn.svr: no visible global function definition
for 'ksvm'
Flavor: r-oldrel-windows-ix86+x86_64