Last updated on 2016-10-24 23:48:10.
Flavor | Version | Tinstall | Tcheck | Ttotal | Status | Flags |
---|---|---|---|---|---|---|
r-devel-linux-x86_64-debian-clang | 0.1.0 | 0.81 | 14.43 | 15.24 | OK | |
r-devel-linux-x86_64-debian-gcc | 0.1.0 | 0.88 | 14.59 | 15.47 | OK | |
r-devel-linux-x86_64-fedora-clang | 0.1.0 | 26.73 | NOTE | |||
r-devel-linux-x86_64-fedora-gcc | 0.1.0 | 25.80 | NOTE | |||
r-devel-macos-x86_64-clang | 0.1.0 | 22.34 | NOTE | |||
r-devel-windows-ix86+x86_64 | 0.1.0 | 4.00 | 39.00 | 43.00 | OK | |
r-patched-linux-x86_64 | 0.1.0 | 0.74 | 12.51 | 13.26 | OK | |
r-patched-solaris-sparc | 0.1.0 | 150.90 | NOTE | |||
r-patched-solaris-x86 | 0.1.0 | 35.20 | NOTE | |||
r-release-linux-x86_64 | 0.1.0 | 0.74 | 12.68 | 13.42 | OK | |
r-release-osx-x86_64-mavericks | 0.1.0 | NOTE | ||||
r-release-windows-ix86+x86_64 | 0.1.0 | 4.00 | 38.00 | 42.00 | OK | |
r-oldrel-windows-ix86+x86_64 | 0.1.0 | 5.00 | 40.00 | 45.00 | NOTE |
Version: 0.1.0
Check: dependencies in R code
Result: NOTE
Namespace in Imports field not imported from: ‘Matrix’
All declared Imports should be used.
Flavors: r-devel-linux-x86_64-fedora-clang, r-devel-linux-x86_64-fedora-gcc, r-devel-macos-x86_64-clang, r-patched-solaris-sparc, r-patched-solaris-x86, r-release-osx-x86_64-mavericks, r-oldrel-windows-ix86+x86_64