CRAN Package Check Results for Package CompareCausalNetworks

Last updated on 2016-10-24 23:48:11.

Flavor Version Tinstall Tcheck Ttotal Status Flags
r-devel-linux-x86_64-debian-clang 0.1.4 2.01 42.75 44.76 WARN
r-devel-linux-x86_64-debian-gcc 0.1.4 2.19 42.08 44.27 WARN
r-devel-linux-x86_64-fedora-clang 0.1.4 98.38 WARN
r-devel-linux-x86_64-fedora-gcc 0.1.4 96.51 WARN
r-devel-macos-x86_64-clang 0.1.4 71.11 WARN
r-devel-windows-ix86+x86_64 0.1.4 7.00 94.00 101.00 WARN
r-patched-linux-x86_64 0.1.4 2.32 41.33 43.65 WARN
r-patched-solaris-sparc 0.1.4 498.60 WARN
r-patched-solaris-x86 0.1.4 123.40 WARN
r-release-linux-x86_64 0.1.4 2.05 43.52 45.57 WARN
r-release-osx-x86_64-mavericks 0.1.4 OK
r-release-windows-ix86+x86_64 0.1.4 8.00 91.00 99.00 WARN
r-oldrel-windows-ix86+x86_64 0.1.4 9.00 95.00 104.00 WARN

Check Details

Version: 0.1.4
Check: examples
Result: WARN
    Found the following significant warnings:
    
     Warning: 'pcalg::LINGAM' is deprecated.
    Deprecated functions may be defunct as soon as of the next release of
    R.
    See ?Deprecated.
Flavors: r-devel-linux-x86_64-debian-clang, r-devel-linux-x86_64-debian-gcc, r-devel-linux-x86_64-fedora-clang, r-devel-linux-x86_64-fedora-gcc, r-devel-macos-x86_64-clang, r-devel-windows-ix86+x86_64, r-patched-linux-x86_64, r-patched-solaris-sparc, r-patched-solaris-x86, r-release-linux-x86_64, r-release-windows-ix86+x86_64, r-oldrel-windows-ix86+x86_64