Last updated on 2016-10-24 23:48:12.
Flavor | Version | Tinstall | Tcheck | Ttotal | Status | Flags |
---|---|---|---|---|---|---|
r-devel-linux-x86_64-debian-clang | 0.2-0 | 0.90 | 18.26 | 19.16 | NOTE | |
r-devel-linux-x86_64-debian-gcc | 0.2-0 | 1.05 | 18.25 | 19.30 | NOTE | |
r-devel-linux-x86_64-fedora-clang | 0.2-0 | 31.39 | NOTE | |||
r-devel-linux-x86_64-fedora-gcc | 0.2-0 | 31.64 | NOTE | |||
r-devel-macos-x86_64-clang | 0.2-0 | 27.33 | NOTE | |||
r-devel-windows-ix86+x86_64 | 0.2-0 | 6.00 | 32.00 | 38.00 | NOTE | |
r-patched-linux-x86_64 | 0.2-0 | 0.90 | 17.21 | 18.11 | NOTE | |
r-patched-solaris-sparc | 0.2-0 | 185.80 | NOTE | |||
r-patched-solaris-x86 | 0.2-0 | 39.00 | NOTE | |||
r-release-linux-x86_64 | 0.2-0 | 0.95 | 16.49 | 17.44 | NOTE | |
r-release-osx-x86_64-mavericks | 0.2-0 | NOTE | ||||
r-release-windows-ix86+x86_64 | 0.2-0 | 3.00 | 33.00 | 36.00 | NOTE | |
r-oldrel-windows-ix86+x86_64 | 0.2-0 | 3.00 | 33.00 | 36.00 | OK |
Version: 0.2-0
Check: R code for possible problems
Result: NOTE
getDelimiter: no visible global function definition for ‘read.csv’
setupfile: no visible global function definition for ‘read.csv’
treatPath: no visible global function definition for ‘file_test’
Undefined global functions or variables:
file_test read.csv
Consider adding
importFrom("utils", "file_test", "read.csv")
to your NAMESPACE file.
Flavors: r-devel-linux-x86_64-debian-clang, r-devel-linux-x86_64-debian-gcc, r-devel-linux-x86_64-fedora-clang, r-devel-linux-x86_64-fedora-gcc, r-devel-macos-x86_64-clang, r-devel-windows-ix86+x86_64, r-patched-linux-x86_64, r-patched-solaris-sparc, r-patched-solaris-x86, r-release-linux-x86_64, r-release-osx-x86_64-mavericks, r-release-windows-ix86+x86_64