Last updated on 2016-10-24 23:48:13.
Flavor | Version | Tinstall | Tcheck | Ttotal | Status | Flags |
---|---|---|---|---|---|---|
r-devel-linux-x86_64-debian-clang | 1.1-6 | 109.80 | 148.88 | 258.68 | WARN | |
r-devel-linux-x86_64-debian-gcc | 1.1-6 | 112.35 | 146.48 | 258.83 | WARN | |
r-devel-linux-x86_64-fedora-clang | 1.1-6 | 408.15 | WARN | |||
r-devel-linux-x86_64-fedora-gcc | 1.1-6 | 404.01 | WARN | |||
r-devel-macos-x86_64-clang | 1.1-6 | 337.71 | WARN | |||
r-devel-windows-ix86+x86_64 | 1.1-6 | 464.00 | 287.00 | 751.00 | WARN | |
r-patched-linux-x86_64 | 1.1-6 | 106.59 | 141.43 | 248.02 | NOTE | |
r-patched-solaris-sparc | 1.1-6 | 2343.60 | NOTE | |||
r-patched-solaris-x86 | 1.1-6 | 594.40 | NOTE | |||
r-release-linux-x86_64 | 1.1-6 | 104.01 | 138.74 | 242.75 | NOTE | |
r-release-osx-x86_64-mavericks | 1.1-6 | NOTE | ||||
r-release-windows-ix86+x86_64 | 1.1-6 | 284.00 | 223.00 | 507.00 | NOTE | |
r-oldrel-windows-ix86+x86_64 | 1.1-6 | 278.00 | 306.00 | 584.00 | NOTE |
Version: 1.1-6
Check: whether package can be installed
Result: WARN
Found the following significant warnings:
Warning: GNU Extension: Nonstandard type declaration REAL*8 at (1)
Warning: GNU Extension: Symbol ‘nsave’ is used before it is typed at (1)
Warning: GNU Extension: Different type kinds at (1)
Warning: GNU Extension: Nonstandard type declaration INTEGER*4 at (1)
Flavors: r-devel-linux-x86_64-debian-clang, r-devel-linux-x86_64-debian-gcc, r-devel-linux-x86_64-fedora-clang, r-devel-linux-x86_64-fedora-gcc, r-devel-macos-x86_64-clang, r-devel-windows-ix86+x86_64
Version: 1.1-6
Check: installed package size
Result: NOTE
installed size is 8.2Mb
sub-directories of 1Mb or more:
libs 7.0Mb
Flavors: r-devel-linux-x86_64-debian-clang, r-devel-linux-x86_64-debian-gcc, r-devel-windows-ix86+x86_64, r-patched-linux-x86_64, r-release-linux-x86_64
Version: 1.1-6
Check: top-level files
Result: NOTE
File
LICENSE
is not mentioned in the DESCRIPTION file.
Flavors: r-devel-linux-x86_64-debian-clang, r-devel-linux-x86_64-debian-gcc, r-devel-linux-x86_64-fedora-clang, r-devel-linux-x86_64-fedora-gcc, r-devel-macos-x86_64-clang, r-devel-windows-ix86+x86_64, r-patched-linux-x86_64, r-patched-solaris-sparc, r-patched-solaris-x86, r-release-linux-x86_64, r-release-osx-x86_64-mavericks, r-release-windows-ix86+x86_64, r-oldrel-windows-ix86+x86_64
Version: 1.1-6
Check: dependencies in R code
Result: NOTE
'library' or 'require' calls to packages already attached by Depends:
‘MASS’ ‘nlme’ ‘survival’
Please remove these calls from your code.
Flavors: r-devel-linux-x86_64-debian-clang, r-devel-linux-x86_64-debian-gcc, r-devel-linux-x86_64-fedora-clang, r-devel-linux-x86_64-fedora-gcc, r-devel-macos-x86_64-clang, r-devel-windows-ix86+x86_64, r-patched-linux-x86_64, r-patched-solaris-sparc, r-patched-solaris-x86, r-release-linux-x86_64, r-release-osx-x86_64-mavericks, r-release-windows-ix86+x86_64, r-oldrel-windows-ix86+x86_64
Version: 1.1-6
Check: S3 generic/method consistency
Result: NOTE
Found the following apparent S3 methods exported but not registered:
BDPdensity.default CSDPbinary.default DPMdencens.default
DPMglmm.default DPMlmm.default DPMmeta.default DPMolmm.default
DPMrandom.default DPMrasch.default DPMraschpoisson.default
DPbetabinom.default DPbinary.default DPcdensity.default
DPdensity.default DPelicit.default DPglmm.default DPlmm.default
DPmeta.default DPmultmeta.default DPolmm.default DPrandom.default
DPrasch.default DPraschpoisson.default DProc.default
DPsurvint.default FPTbinary.default FPTrasch.default
FPTraschpoisson.default HDPMcdensity.default HDPMdensity.default
LDBDPdensity.default LDDPdensity.default LDDPrasch.default
LDDPraschpoisson.default LDDProc.default LDDPsurvival.default
LDDPtwopl.default LDPDdoublyint.default LDTFPdensity.default
LDTFPglmm.default LDTFPsurvival.default PSgam.default
PTdensity.default PTglmm.default PTlm.default PTlmm.default
PTmeta.default PTolmm.default PTrandom.default PTsampler.default
Pbinary.default Plm.default TDPdensity.default
See section ‘Registering S3 methods’ in the ‘Writing R Extensions’
manual.
Flavors: r-devel-linux-x86_64-debian-clang, r-devel-linux-x86_64-debian-gcc, r-devel-linux-x86_64-fedora-clang, r-devel-linux-x86_64-fedora-gcc, r-devel-macos-x86_64-clang, r-patched-linux-x86_64, r-patched-solaris-sparc, r-patched-solaris-x86, r-release-linux-x86_64
Version: 1.1-6
Check: R code for possible problems
Result: NOTE
BDPdensity: no visible binding for global variable ‘na.fail’
BDPdensity.default: no visible binding for global variable ‘na.fail’
BDPdensity.default: no visible global function definition for ‘var’
BDPdensity.default: no visible global function definition for ‘rbeta’
CSDPbinary: no visible binding for global variable ‘na.fail’
CSDPbinary.default: no visible binding for global variable ‘na.fail’
CSDPbinary.default: no visible global function definition for
‘model.response’
CSDPbinary.default: no visible global function definition for
‘model.matrix’
CSDPbinary.default: no visible global function definition for ‘terms’
CSDPbinary.default: no visible global function definition for
‘model.frame’
CSDPbinary.default : MLElogit : fn: no visible global function
definition for ‘plogis’
CSDPbinary.default : MLElogit: no visible global function definition
for ‘coefficients’
CSDPbinary.default : MLElogit: no visible global function definition
for ‘glm’
CSDPbinary.default : MLElogit: no visible global function definition
for ‘binomial’
CSDPbinary.default : MLElogit: no visible binding for global variable
‘logit’
CSDPbinary.default : MLElogit: no visible global function definition
for ‘optim’
CSDPbinary.default: no visible global function definition for ‘rgamma’
DPMdencens.default: no visible global function definition for ‘rnorm’
DPMdencens.default: no visible global function definition for ‘na.omit’
DPMdencens.default: no visible global function definition for ‘var’
DPMdencens.default: no visible global function definition for ‘rgamma’
DPMglmm: no visible binding for global variable ‘na.fail’
DPMglmm.default: no visible binding for global variable ‘na.fail’
DPMglmm.default: no visible global function definition for ‘terms’
DPMglmm.default: no visible global function definition for ‘as.formula’
DPMglmm.default: no visible global function definition for
‘model.offset’
DPMglmm.default: no visible global function definition for
‘model.matrix’
DPMglmm.default: no visible global function definition for
‘model.frame’
DPMglmm.default: no visible global function definition for ‘rgamma’
DPMlmm: no visible binding for global variable ‘na.fail’
DPMlmm.default: no visible binding for global variable ‘na.fail’
DPMlmm.default: no visible global function definition for ‘terms’
DPMlmm.default: no visible global function definition for ‘as.formula’
DPMlmm.default: no visible global function definition for
‘model.matrix’
DPMlmm.default: no visible global function definition for ‘model.frame’
DPMlmm.default: no visible global function definition for ‘rgamma’
DPMlmm.default: no visible binding for global variable ‘gaussian’
DPMmeta: no visible binding for global variable ‘na.fail’
DPMmeta.default: no visible binding for global variable ‘na.fail’
DPMmeta.default: no visible global function definition for
‘model.response’
DPMmeta.default: no visible global function definition for
‘model.matrix’
DPMmeta.default: no visible global function definition for ‘terms’
DPMmeta.default: no visible global function definition for
‘model.frame’
DPMmeta.default: no visible global function definition for ‘rgamma’
DPMmeta.default: no visible global function definition for ‘rnorm’
DPMmeta.default: no visible global function definition for ‘var’
DPMmeta.default: no visible global function definition for ‘glm.fit’
DPMmeta.default: no visible global function definition for ‘gaussian’
DPMmeta.default: no visible global function definition for
‘coefficients’
DPMolmm: no visible binding for global variable ‘na.fail’
DPMolmm.default: no visible binding for global variable ‘na.fail’
DPMolmm.default: no visible global function definition for ‘terms’
DPMolmm.default: no visible global function definition for ‘as.formula’
DPMolmm.default: no visible global function definition for
‘model.matrix’
DPMolmm.default: no visible global function definition for
‘model.frame’
DPMolmm.default: no visible global function definition for ‘rgamma’
DPMolmm.default : MLEordprobit : fn: no visible global function
definition for ‘pnorm’
DPMolmm.default : MLEordprobit: no visible global function definition
for ‘coefficients’
DPMolmm.default : MLEordprobit: no visible global function definition
for ‘glm.fit’
DPMolmm.default : MLEordprobit: no visible global function definition
for ‘binomial’
DPMolmm.default : MLEordprobit: no visible binding for global variable
‘probit’
DPMolmm.default : MLEordprobit: no visible global function definition
for ‘optim’
DPMolmm.default: no visible global function definition for ‘rnorm’
DPMrandom.default: no visible global function definition for ‘is’
DPMrandom.default: no visible global function definition for ‘median’
DPMrandom.default: no visible global function definition for ‘var’
DPMrasch.default: no visible global function definition for ‘rbinom’
DPMrasch.default: no visible global function definition for ‘rnorm’
DPMrasch.default : RaschMLE: no visible global function definition for
‘binomial’
DPMrasch.default : RaschMLE: no visible binding for global variable
‘logit’
DPMraschpoisson.default: no visible global function definition for
‘rpois’
DPMraschpoisson.default: no visible global function definition for
‘rnorm’
DPMraschpoisson.default : RaschMLE: no visible global function
definition for ‘poisson’
DPbinary: no visible binding for global variable ‘na.fail’
DPbinary.default: no visible binding for global variable ‘na.fail’
DPbinary.default: no visible global function definition for
‘model.response’
DPbinary.default: no visible global function definition for
‘model.matrix’
DPbinary.default: no visible global function definition for ‘terms’
DPbinary.default: no visible global function definition for
‘model.frame’
DPbinary.default : MLElogit : fn: no visible global function definition
for ‘plogis’
DPbinary.default : MLElogit: no visible global function definition for
‘coefficients’
DPbinary.default : MLElogit: no visible global function definition for
‘glm’
DPbinary.default : MLElogit: no visible global function definition for
‘binomial’
DPbinary.default : MLElogit: no visible binding for global variable
‘logit’
DPbinary.default : MLElogit: no visible global function definition for
‘optim’
DPbinary.default : MLEprobit : fn: no visible global function
definition for ‘pnorm’
DPbinary.default : MLEprobit: no visible global function definition for
‘coefficients’
DPbinary.default : MLEprobit: no visible global function definition for
‘glm’
DPbinary.default : MLEprobit: no visible global function definition for
‘binomial’
DPbinary.default : MLEprobit: no visible binding for global variable
‘logit’
DPbinary.default : MLEprobit: no visible global function definition for
‘optim’
DPbinary.default : MLEcauchy : fn: no visible global function
definition for ‘pcauchy’
DPbinary.default : MLEcauchy: no visible global function definition for
‘coefficients’
DPbinary.default : MLEcauchy: no visible global function definition for
‘glm’
DPbinary.default : MLEcauchy: no visible global function definition for
‘binomial’
DPbinary.default : MLEcauchy: no visible binding for global variable
‘logit’
DPbinary.default : MLEcauchy: no visible global function definition for
‘optim’
DPbinary.default: no visible global function definition for ‘rgamma’
DPcaterpillar : caterpillar.plot: no visible global function definition
for ‘gray’
DPcaterpillar : caterpillar.plot: no visible global function definition
for ‘par’
DPcaterpillar : caterpillar.plot: no visible global function definition
for ‘box’
DPcaterpillar : caterpillar.plot: no visible global function definition
for ‘abline’
DPcaterpillar : caterpillar.plot: no visible global function definition
for ‘axis’
DPcaterpillar : caterpillar.plot: no visible global function definition
for ‘arrows’
DPcaterpillar : caterpillar.plot: no visible global function definition
for ‘points’
DPcaterpillar : caterpillar.plot: no visible global function definition
for ‘mtext’
DPcaterpillar: no visible global function definition for ‘is’
DPcaterpillar: no visible binding for global variable ‘median’
DPcaterpillar: no visible global function definition for ‘par’
DPcaterpillar: no visible global function definition for ‘layout’
DPcdensity.default: no visible global function definition for ‘na.omit’
DPcdensity.default: no visible global function definition for ‘var’
DPcdensity.default: no visible global function definition for ‘rnorm’
DPcdensity.default: no visible global function definition for ‘rgamma’
DPdensity: no visible binding for global variable ‘na.fail’
DPdensity.default: no visible binding for global variable ‘na.fail’
DPdensity.default: no visible global function definition for ‘var’
DPdensity.default: no visible global function definition for ‘rnorm’
DPdensity.default: no visible global function definition for ‘rgamma’
DPglmm: no visible binding for global variable ‘na.fail’
DPglmm.default: no visible binding for global variable ‘na.fail’
DPglmm.default: no visible global function definition for ‘terms’
DPglmm.default: no visible global function definition for ‘as.formula’
DPglmm.default: no visible global function definition for
‘model.offset’
DPglmm.default: no visible global function definition for
‘model.matrix’
DPglmm.default: no visible global function definition for ‘model.frame’
DPglmm.default: no visible global function definition for ‘rgamma’
DPlmm: no visible binding for global variable ‘na.fail’
DPlmm.default: no visible binding for global variable ‘na.fail’
DPlmm.default: no visible global function definition for ‘terms’
DPlmm.default: no visible global function definition for ‘as.formula’
DPlmm.default: no visible global function definition for ‘model.matrix’
DPlmm.default: no visible global function definition for ‘model.frame’
DPlmm.default: no visible global function definition for ‘rgamma’
DPlmm.default: no visible binding for global variable ‘gaussian’
DPmeta: no visible binding for global variable ‘na.fail’
DPmeta.default: no visible binding for global variable ‘na.fail’
DPmeta.default: no visible global function definition for
‘model.response’
DPmeta.default: no visible global function definition for
‘model.matrix’
DPmeta.default: no visible global function definition for ‘terms’
DPmeta.default: no visible global function definition for ‘model.frame’
DPmeta.default: no visible global function definition for ‘rgamma’
DPmeta.default: no visible global function definition for ‘rnorm’
DPmeta.default: no visible global function definition for ‘var’
DPmeta.default: no visible global function definition for ‘glm.fit’
DPmeta.default: no visible global function definition for ‘gaussian’
DPmeta.default: no visible global function definition for
‘coefficients’
DPmultmeta.default: no visible global function definition for ‘rnorm’
DPmultmeta.default: no visible global function definition for ‘var’
DPolmm: no visible binding for global variable ‘na.fail’
DPolmm.default: no visible binding for global variable ‘na.fail’
DPolmm.default: no visible global function definition for ‘terms’
DPolmm.default: no visible global function definition for ‘as.formula’
DPolmm.default: no visible global function definition for
‘model.matrix’
DPolmm.default: no visible global function definition for ‘model.frame’
DPolmm.default: no visible global function definition for ‘rgamma’
DPolmm.default : MLEordprobit : fn: no visible global function
definition for ‘pnorm’
DPolmm.default : MLEordprobit: no visible global function definition
for ‘coefficients’
DPolmm.default : MLEordprobit: no visible global function definition
for ‘glm.fit’
DPolmm.default : MLEordprobit: no visible global function definition
for ‘binomial’
DPolmm.default : MLEordprobit: no visible binding for global variable
‘probit’
DPolmm.default : MLEordprobit: no visible global function definition
for ‘optim’
DPolmm.default: no visible global function definition for ‘rnorm’
DPrandom.default: no visible global function definition for ‘is’
DPrandom.default: no visible global function definition for ‘median’
DPrandom.default: no visible global function definition for ‘var’
DPrasch.default: no visible global function definition for ‘rpois’
DPrasch.default: no visible global function definition for ‘rnorm’
DPrasch.default : RaschMLE: no visible global function definition for
‘binomial’
DPrasch.default : RaschMLE: no visible binding for global variable
‘logit’
DPraschpoisson.default: no visible global function definition for
‘rpois’
DPraschpoisson.default: no visible global function definition for
‘rnorm’
DPraschpoisson.default : RaschMLE: no visible global function
definition for ‘poisson’
DProc: no visible binding for global variable ‘na.fail’
DProc.default: no visible binding for global variable ‘na.fail’
DProc.default : cdf: no visible global function definition for ‘pnorm’
DPsurvint: no visible binding for global variable ‘na.fail’
DPsurvint.default: no visible binding for global variable ‘na.fail’
DPsurvint.default: no visible global function definition for
‘model.response’
DPsurvint.default: no visible global function definition for
‘model.matrix’
DPsurvint.default: no visible global function definition for ‘terms’
DPsurvint.default: no visible global function definition for
‘model.frame’
DPsurvint.default: no visible global function definition for ‘rgamma’
FPTbinary: no visible binding for global variable ‘na.fail’
FPTbinary.default: no visible binding for global variable ‘na.fail’
FPTbinary.default: no visible global function definition for
‘model.response’
FPTbinary.default: no visible global function definition for
‘model.matrix’
FPTbinary.default: no visible global function definition for ‘terms’
FPTbinary.default: no visible global function definition for
‘model.frame’
FPTbinary.default : MLElogit : fn: no visible global function
definition for ‘plogis’
FPTbinary.default : MLElogit: no visible global function definition for
‘coefficients’
FPTbinary.default : MLElogit: no visible global function definition for
‘glm’
FPTbinary.default : MLElogit: no visible global function definition for
‘binomial’
FPTbinary.default : MLElogit: no visible binding for global variable
‘logit’
FPTbinary.default : MLElogit: no visible global function definition for
‘optim’
FPTbinary.default : MLEprobit : fn: no visible global function
definition for ‘pnorm’
FPTbinary.default : MLEprobit: no visible global function definition
for ‘coefficients’
FPTbinary.default : MLEprobit: no visible global function definition
for ‘glm’
FPTbinary.default : MLEprobit: no visible global function definition
for ‘binomial’
FPTbinary.default : MLEprobit: no visible binding for global variable
‘logit’
FPTbinary.default : MLEprobit: no visible global function definition
for ‘optim’
FPTbinary.default : MLEcauchy : fn: no visible global function
definition for ‘pcauchy’
FPTbinary.default : MLEcauchy: no visible global function definition
for ‘coefficients’
FPTbinary.default : MLEcauchy: no visible global function definition
for ‘glm’
FPTbinary.default : MLEcauchy: no visible global function definition
for ‘binomial’
FPTbinary.default : MLEcauchy: no visible binding for global variable
‘logit’
FPTbinary.default : MLEcauchy: no visible global function definition
for ‘optim’
FPTbinary.default: no visible global function definition for ‘rgamma’
FPTrasch.default: no visible global function definition for ‘rbinom’
FPTrasch.default: no visible global function definition for ‘rnorm’
FPTrasch.default : RaschMLE: no visible global function definition for
‘binomial’
FPTrasch.default : RaschMLE: no visible binding for global variable
‘logit’
FPTraschpoisson.default: no visible global function definition for
‘rpois’
FPTraschpoisson.default: no visible global function definition for
‘rnorm’
FPTraschpoisson.default : RaschMLE: no visible global function
definition for ‘poisson’
HDPMcdensity: no visible binding for global variable ‘na.fail’
HDPMcdensity.default: no visible binding for global variable ‘na.fail’
HDPMcdensity.default: no visible global function definition for
‘model.response’
HDPMcdensity.default: no visible global function definition for
‘model.frame’
HDPMcdensity.default: no visible global function definition for
‘model.matrix’
HDPMcdensity.default: no visible global function definition for ‘terms’
HDPMcdensity.default: no visible global function definition for
‘as.formula’
HDPMcdensity.default: no visible global function definition for ‘runif’
HDPMcdensity.default: no visible global function definition for
‘rgamma’
HDPMcdensity.default: no visible global function definition for ‘var’
HDPMdensity: no visible binding for global variable ‘na.fail’
HDPMdensity.default: no visible binding for global variable ‘na.fail’
HDPMdensity.default: no visible global function definition for ‘runif’
HDPMdensity.default: no visible global function definition for ‘rgamma’
HDPMdensity.default: no visible global function definition for ‘var’
LDBDPdensity: no visible binding for global variable ‘na.fail’
LDBDPdensity.default: no visible binding for global variable ‘na.fail’
LDBDPdensity.default: no visible global function definition for
‘model.response’
LDBDPdensity.default: no visible global function definition for
‘model.matrix’
LDDPdensity: no visible binding for global variable ‘na.fail’
LDDPdensity.default: no visible binding for global variable ‘na.fail’
LDDPdensity.default: no visible global function definition for
‘model.response’
LDDPdensity.default: no visible global function definition for
‘model.matrix’
LDDPdensity.default: no visible global function definition for ‘var’
LDDPdensity.default: no visible global function definition for ‘lm’
LDDPdensity.default: no visible global function definition for
‘coefficients’
LDDPdensity.default: no visible global function definition for
‘residuals’
LDDPdensity.default: no visible global function definition for ‘vcov’
LDDPrasch.default: no visible global function definition for
‘model.response’
LDDPrasch.default: no visible global function definition for
‘model.matrix’
LDDPrasch.default : RaschMLE: no visible global function definition for
‘binomial’
LDDPrasch.default : RaschMLE: no visible binding for global variable
‘logit’
LDDPraschpoisson.default: no visible global function definition for
‘model.response’
LDDPraschpoisson.default: no visible global function definition for
‘model.matrix’
LDDPraschpoisson.default : RaschMLE: no visible global function
definition for ‘poisson’
LDDProc: no visible binding for global variable ‘na.fail’
LDDProc.default: no visible binding for global variable ‘na.fail’
LDDPsurvival: no visible binding for global variable ‘na.fail’
LDDPsurvival.default: no visible binding for global variable ‘na.fail’
LDDPsurvival.default: no visible global function definition for
‘model.response’
LDDPsurvival.default: no visible global function definition for
‘model.matrix’
LDDPsurvival.default: no visible global function definition for
‘coefficients’
LDDPsurvival.default: no visible global function definition for ‘vcov’
LDDPsurvival.default: no visible binding for global variable ‘median’
LDDPtwopl.default: no visible global function definition for
‘model.response’
LDDPtwopl.default: no visible global function definition for
‘model.matrix’
LDPDdoublyint.default: no visible global function definition for
‘rnorm’
LDPDdoublyint.default: no visible global function definition for
‘glm.fit’
LDPDdoublyint.default: no visible global function definition for
‘gaussian’
LDPDdoublyint.default: no visible global function definition for
‘coefficients’
LDPDdoublyint.default: no visible global function definition for ‘var’
LDPDdoublyint.default: no visible global function definition for
‘residuals’
LDTFPdensity: no visible binding for global variable ‘na.fail’
LDTFPdensity.default: no visible binding for global variable ‘na.fail’
LDTFPdensity.default: no visible global function definition for ‘var’
LDTFPdensity.default: no visible global function definition for ‘lm’
LDTFPdensity.default: no visible global function definition for
‘coefficients’
LDTFPdensity.default: no visible global function definition for ‘vcov’
LDTFPglmm: no visible binding for global variable ‘na.fail’
LDTFPglmm.default: no visible binding for global variable ‘na.fail’
LDTFPglmm.default: no visible global function definition for ‘var’
LDTFPsurvival: no visible binding for global variable ‘na.fail’
LDTFPsurvival.default: no visible binding for global variable ‘na.fail’
LDTFPsurvival.default: no visible global function definition for
‘coefficients’
LDTFPsurvival.default: no visible global function definition for ‘vcov’
PSgam: no visible global function definition for ‘gaussian’
PSgam: no visible binding for global variable ‘na.fail’
PSgam.default: no visible global function definition for ‘gaussian’
PSgam.default: no visible binding for global variable ‘na.fail’
PSgam.default : interpret.PSgam: no visible global function definition
for ‘terms.formula’
PSgam.default : interpret.PSgam: no visible global function definition
for ‘as.formula’
PSgam.default: no visible global function definition for ‘as.formula’
PSgam.default: no visible global function definition for ‘model.offset’
PSgam.default: no visible global function definition for ‘model.matrix’
PSgam.default: no visible global function definition for ‘terms’
PSgam.default: no visible global function definition for ‘model.frame’
PSgam.default: no visible global function definition for ‘glm.fit’
PSgam.default: no visible global function definition for ‘coefficients’
PSgam.default: no visible global function definition for ‘rnorm’
PTdensity: no visible binding for global variable ‘na.fail’
PTdensity.default: no visible binding for global variable ‘na.fail’
PTdensity.default: no visible global function definition for ‘var’
PTglmm: no visible binding for global variable ‘na.fail’
PTglmm.default: no visible binding for global variable ‘na.fail’
PTglmm.default: no visible global function definition for ‘terms’
PTglmm.default: no visible global function definition for ‘as.formula’
PTglmm.default: no visible global function definition for
‘model.offset’
PTglmm.default: no visible global function definition for
‘model.matrix’
PTglmm.default: no visible global function definition for ‘model.frame’
PTglmm.default: no visible global function definition for ‘rgamma’
PTglmm.default: no visible global function definition for ‘rnorm’
PTlm: no visible binding for global variable ‘na.fail’
PTlm.default: no visible binding for global variable ‘na.fail’
PTlm.default: no visible global function definition for
‘model.response’
PTlm.default: no visible global function definition for ‘model.matrix’
PTlm.default: no visible global function definition for ‘terms’
PTlm.default: no visible global function definition for ‘model.frame’
PTlm.default: no visible global function definition for ‘rgamma’
PTlm.default: no visible global function definition for ‘glm.fit’
PTlm.default: no visible global function definition for ‘gaussian’
PTlm.default: no visible global function definition for ‘coefficients’
PTlm.default: no visible global function definition for ‘resid’
PTlm.default: no visible global function definition for ‘var’
PTlmm: no visible binding for global variable ‘na.fail’
PTlmm.default: no visible binding for global variable ‘na.fail’
PTlmm.default: no visible global function definition for ‘terms’
PTlmm.default: no visible global function definition for ‘as.formula’
PTlmm.default: no visible global function definition for ‘model.matrix’
PTlmm.default: no visible global function definition for ‘model.frame’
PTlmm.default: no visible global function definition for ‘rgamma’
PTlmm.default: no visible binding for global variable ‘gaussian’
PTlmm.default: no visible global function definition for ‘rnorm’
PTmeta: no visible binding for global variable ‘na.fail’
PTmeta.default: no visible binding for global variable ‘na.fail’
PTmeta.default: no visible global function definition for
‘model.response’
PTmeta.default: no visible global function definition for
‘model.matrix’
PTmeta.default: no visible global function definition for ‘terms’
PTmeta.default: no visible global function definition for ‘model.frame’
PTmeta.default: no visible global function definition for ‘rgamma’
PTmeta.default: no visible global function definition for ‘rnorm’
PTmeta.default: no visible global function definition for ‘var’
PTmeta.default: no visible global function definition for ‘glm.fit’
PTmeta.default: no visible global function definition for ‘gaussian’
PTmeta.default: no visible global function definition for
‘coefficients’
PTolmm: no visible binding for global variable ‘na.fail’
PTolmm.default: no visible binding for global variable ‘na.fail’
PTolmm.default: no visible global function definition for ‘terms’
PTolmm.default: no visible global function definition for ‘as.formula’
PTolmm.default: no visible global function definition for
‘model.matrix’
PTolmm.default: no visible global function definition for ‘model.frame’
PTolmm.default: no visible global function definition for ‘rgamma’
PTolmm.default : MLEordprobit : fn: no visible global function
definition for ‘pnorm’
PTolmm.default : MLEordprobit: no visible global function definition
for ‘coefficients’
PTolmm.default : MLEordprobit: no visible global function definition
for ‘glm.fit’
PTolmm.default : MLEordprobit: no visible global function definition
for ‘binomial’
PTolmm.default : MLEordprobit: no visible binding for global variable
‘probit’
PTolmm.default : MLEordprobit: no visible global function definition
for ‘optim’
PTolmm.default: no visible global function definition for ‘rnorm’
PTrandom.default: no visible global function definition for ‘is’
PTrandom.default: no visible global function definition for ‘median’
PTrandom.default: no visible global function definition for ‘var’
PTsampler.default : rmvnorm: no visible global function definition for
‘rnorm’
PTsampler.default : PTS.warmup : <anonymous>: no visible global
function definition for ‘var’
PTsampler.default : PTS.warmup : <anonymous>: no visible global
function definition for ‘rnorm’
PTsampler.default : PTS.warmup : <anonymous>: no visible global
function definition for ‘rbinom’
PTsampler.default : PTS.warmup : <anonymous>: no visible global
function definition for ‘pnorm’
PTsampler.default : PTS.warmup : <anonymous>: no visible global
function definition for ‘runif’
PTsampler.default : PTS.warmup : <anonymous>: no visible global
function definition for ‘qnorm’
PTsampler.default : PTS.warmup : <anonymous>: no visible global
function definition for ‘rlnorm’
PTsampler.default : PTS.sam : <anonymous>: no visible global function
definition for ‘var’
PTsampler.default : PTS.sam : <anonymous>: no visible global function
definition for ‘rnorm’
PTsampler.default : PTS.sam : <anonymous>: no visible global function
definition for ‘runif’
Pbinary: no visible binding for global variable ‘na.fail’
Pbinary.default: no visible binding for global variable ‘na.fail’
Pbinary.default: no visible global function definition for
‘model.response’
Pbinary.default: no visible global function definition for
‘model.matrix’
Pbinary.default: no visible global function definition for ‘terms’
Pbinary.default: no visible global function definition for
‘model.frame’
Pbinary.default : MLElogit : fn: no visible global function definition
for ‘plogis’
Pbinary.default : MLElogit: no visible global function definition for
‘coefficients’
Pbinary.default : MLElogit: no visible global function definition for
‘glm’
Pbinary.default : MLElogit: no visible global function definition for
‘binomial’
Pbinary.default : MLElogit: no visible binding for global variable
‘logit’
Pbinary.default : MLElogit: no visible global function definition for
‘optim’
Pbinary.default : MLEprobit : fn: no visible global function definition
for ‘pnorm’
Pbinary.default : MLEprobit: no visible global function definition for
‘coefficients’
Pbinary.default : MLEprobit: no visible global function definition for
‘glm’
Pbinary.default : MLEprobit: no visible global function definition for
‘binomial’
Pbinary.default : MLEprobit: no visible binding for global variable
‘logit’
Pbinary.default : MLEprobit: no visible global function definition for
‘optim’
Pbinary.default : MLEcloglog: no visible global function definition for
‘coefficients’
Pbinary.default : MLEcloglog: no visible global function definition for
‘glm’
Pbinary.default : MLEcloglog: no visible global function definition for
‘binomial’
Pbinary.default : MLEcloglog: no visible binding for global variable
‘logit’
Pbinary.default : MLEcloglog: no visible global function definition for
‘optim’
Pbinary.default : MLEcauchy : fn: no visible global function definition
for ‘pcauchy’
Pbinary.default : MLEcauchy: no visible global function definition for
‘coefficients’
Pbinary.default : MLEcauchy: no visible global function definition for
‘glm’
Pbinary.default : MLEcauchy: no visible global function definition for
‘binomial’
Pbinary.default : MLEcauchy: no visible binding for global variable
‘logit’
Pbinary.default : MLEcauchy: no visible global function definition for
‘optim’
Plm: no visible binding for global variable ‘na.fail’
Plm.default: no visible binding for global variable ‘na.fail’
Plm.default: no visible global function definition for ‘model.response’
Plm.default: no visible global function definition for ‘model.matrix’
Plm.default: no visible global function definition for ‘terms’
Plm.default: no visible global function definition for ‘model.frame’
Plm.default: no visible global function definition for ‘lm’
Plm.default: no visible global function definition for ‘coefficients’
Plm.default: no visible global function definition for ‘resid’
TDPdensity: no visible binding for global variable ‘na.fail’
TDPdensity.default: no visible binding for global variable ‘na.fail’
TDPdensity.default: no visible global function definition for ‘var’
TDPdensity.default: no visible global function definition for ‘rbeta’
anova.CSDPbinary : cint: no visible global function definition for
‘quantile’
anova.CSDPbinary: no visible global function definition for ‘formula’
anova.DPMglmm : cint: no visible global function definition for
‘quantile’
anova.DPMglmm: no visible global function definition for ‘formula’
anova.DPMlmm : cint: no visible global function definition for
‘quantile’
anova.DPMlmm: no visible global function definition for ‘formula’
anova.DPMmeta : cint: no visible global function definition for
‘quantile’
anova.DPMmeta: no visible global function definition for ‘formula’
anova.DPMolmm : cint: no visible global function definition for
‘quantile’
anova.DPMolmm: no visible global function definition for ‘formula’
anova.DPbinary : cint: no visible global function definition for
‘quantile’
anova.DPbinary: no visible global function definition for ‘formula’
anova.DPglmm : cint: no visible global function definition for
‘quantile’
anova.DPglmm: no visible global function definition for ‘formula’
anova.DPlmm : cint: no visible global function definition for
‘quantile’
anova.DPlmm: no visible global function definition for ‘formula’
anova.DPmeta : cint: no visible global function definition for
‘quantile’
anova.DPmeta: no visible global function definition for ‘formula’
anova.DPolmm : cint: no visible global function definition for
‘quantile’
anova.DPolmm: no visible global function definition for ‘formula’
anova.DPsurvint : cint: no visible global function definition for
‘quantile’
anova.DPsurvint: no visible global function definition for ‘formula’
anova.FPTbinary : cint: no visible global function definition for
‘quantile’
anova.FPTbinary: no visible global function definition for ‘formula’
anova.PSgam : cint: no visible global function definition for
‘quantile’
anova.PSgam: no visible global function definition for ‘formula’
anova.PTglmm : cint: no visible global function definition for
‘quantile’
anova.PTglmm: no visible global function definition for ‘formula’
anova.PTlm : cint: no visible global function definition for ‘quantile’
anova.PTlm: no visible global function definition for ‘formula’
anova.PTlmm : cint: no visible global function definition for
‘quantile’
anova.PTlmm: no visible global function definition for ‘formula’
anova.PTmeta : cint: no visible global function definition for
‘quantile’
anova.PTmeta: no visible global function definition for ‘formula’
anova.PTolmm : cint: no visible global function definition for
‘quantile’
anova.PTolmm: no visible global function definition for ‘formula’
anova.Pbinary : cint: no visible global function definition for
‘quantile’
anova.Pbinary: no visible global function definition for ‘formula’
anova.Plm : cint: no visible global function definition for ‘quantile’
anova.Plm: no visible global function definition for ‘formula’
plot.BDPdensity : fancydensplot1: no visible global function definition
for ‘density’
plot.BDPdensity : fancydensplot1: no visible global function definition
for ‘quantile’
plot.BDPdensity : fancydensplot1: no visible global function definition
for ‘polygon’
plot.BDPdensity : fancydensplot1: no visible global function definition
for ‘lines’
plot.BDPdensity : fancydensplot1: no visible global function definition
for ‘segments’
plot.BDPdensity : fancydensplot1: no visible global function definition
for ‘axis’
plot.BDPdensity: no visible global function definition for ‘is’
plot.BDPdensity: no visible global function definition for ‘par’
plot.BDPdensity: no visible global function definition for ‘layout’
plot.BDPdensity: no visible global function definition for ‘hist’
plot.BDPdensity: no visible global function definition for ‘lines’
plot.CSDPbinary : fancydensplot: no visible global function definition
for ‘density’
plot.CSDPbinary : fancydensplot: no visible global function definition
for ‘quantile’
plot.CSDPbinary : fancydensplot: no visible global function definition
for ‘polygon’
plot.CSDPbinary : fancydensplot: no visible global function definition
for ‘lines’
plot.CSDPbinary : fancydensplot: no visible global function definition
for ‘segments’
plot.CSDPbinary : fancydensplot: no visible global function definition
for ‘axis’
plot.CSDPbinary : stde: no visible global function definition for ‘sd’
plot.CSDPbinary: no visible global function definition for ‘is’
plot.CSDPbinary: no visible global function definition for ‘par’
plot.CSDPbinary: no visible global function definition for ‘layout’
plot.CSDPbinary: no visible global function definition for ‘ts’
plot.CSDPbinary: no visible global function definition for ‘hist’
plot.CSDPbinary: no visible global function definition for ‘lines’
plot.DPMdencens : fancydensplot1: no visible global function definition
for ‘density’
plot.DPMdencens : fancydensplot1: no visible global function definition
for ‘quantile’
plot.DPMdencens : fancydensplot1: no visible global function definition
for ‘polygon’
plot.DPMdencens : fancydensplot1: no visible global function definition
for ‘lines’
plot.DPMdencens : fancydensplot1: no visible global function definition
for ‘segments’
plot.DPMdencens : fancydensplot1: no visible global function definition
for ‘axis’
plot.DPMdencens: no visible global function definition for ‘is’
plot.DPMdencens: no visible global function definition for ‘par’
plot.DPMdencens: no visible global function definition for ‘layout’
plot.DPMdencens: no visible global function definition for ‘contour’
plot.DPMdencens: no visible global function definition for ‘persp’
plot.DPMdencens: no visible global function definition for ‘hist’
plot.DPMglmm : fancydensplot1: no visible global function definition
for ‘density’
plot.DPMglmm : fancydensplot1: no visible global function definition
for ‘quantile’
plot.DPMglmm : fancydensplot1: no visible global function definition
for ‘polygon’
plot.DPMglmm : fancydensplot1: no visible global function definition
for ‘lines’
plot.DPMglmm : fancydensplot1: no visible global function definition
for ‘segments’
plot.DPMglmm : fancydensplot1: no visible global function definition
for ‘axis’
plot.DPMglmm: no visible global function definition for ‘is’
plot.DPMglmm: no visible global function definition for ‘par’
plot.DPMglmm: no visible global function definition for ‘layout’
plot.DPMglmm: no visible global function definition for ‘hist’
plot.DPMlmm : fancydensplot1: no visible global function definition for
‘density’
plot.DPMlmm : fancydensplot1: no visible global function definition for
‘quantile’
plot.DPMlmm : fancydensplot1: no visible global function definition for
‘polygon’
plot.DPMlmm : fancydensplot1: no visible global function definition for
‘lines’
plot.DPMlmm : fancydensplot1: no visible global function definition for
‘segments’
plot.DPMlmm : fancydensplot1: no visible global function definition for
‘axis’
plot.DPMlmm: no visible global function definition for ‘is’
plot.DPMlmm: no visible global function definition for ‘par’
plot.DPMlmm: no visible global function definition for ‘layout’
plot.DPMlmm: no visible global function definition for ‘hist’
plot.DPMmeta : fancydensplot1: no visible global function definition
for ‘density’
plot.DPMmeta : fancydensplot1: no visible global function definition
for ‘quantile’
plot.DPMmeta : fancydensplot1: no visible global function definition
for ‘polygon’
plot.DPMmeta : fancydensplot1: no visible global function definition
for ‘lines’
plot.DPMmeta : fancydensplot1: no visible global function definition
for ‘segments’
plot.DPMmeta : fancydensplot1: no visible global function definition
for ‘axis’
plot.DPMmeta: no visible global function definition for ‘is’
plot.DPMmeta: no visible global function definition for ‘par’
plot.DPMmeta: no visible global function definition for ‘layout’
plot.DPMmeta: no visible global function definition for ‘hist’
plot.DPMmeta: no visible global function definition for ‘abline’
plot.DPMolmm : fancydensplot1: no visible global function definition
for ‘density’
plot.DPMolmm : fancydensplot1: no visible global function definition
for ‘quantile’
plot.DPMolmm : fancydensplot1: no visible global function definition
for ‘polygon’
plot.DPMolmm : fancydensplot1: no visible global function definition
for ‘lines’
plot.DPMolmm : fancydensplot1: no visible global function definition
for ‘segments’
plot.DPMolmm : fancydensplot1: no visible global function definition
for ‘axis’
plot.DPMolmm: no visible global function definition for ‘is’
plot.DPMolmm: no visible global function definition for ‘par’
plot.DPMolmm: no visible global function definition for ‘layout’
plot.DPMolmm: no visible global function definition for ‘ts’
plot.DPMolmm: no visible global function definition for ‘hist’
plot.DPMrandom : fancydensplot: no visible global function definition
for ‘density’
plot.DPMrandom : fancydensplot: no visible global function definition
for ‘quantile’
plot.DPMrandom : fancydensplot: no visible global function definition
for ‘polygon’
plot.DPMrandom : fancydensplot: no visible global function definition
for ‘lines’
plot.DPMrandom : fancydensplot: no visible global function definition
for ‘segments’
plot.DPMrandom : fancydensplot: no visible global function definition
for ‘axis’
plot.DPMrandom: no visible global function definition for ‘is’
plot.DPMrandom: no visible global function definition for ‘par’
plot.DPMrandom: no visible global function definition for ‘layout’
plot.DPMrandom: no visible global function definition for ‘lines’
plot.DPMrandom: no visible global function definition for ‘segments’
plot.DPMrandom: no visible global function definition for ‘axis’
plot.DPMrandom: no visible global function definition for ‘points’
plot.DPMrandom: no visible global function definition for ‘contour’
plot.DPMrandom: no visible global function definition for ‘persp’
plot.DPMrandom: no visible global function definition for ‘var’
plot.DPMrasch : fancydensplot1: no visible global function definition
for ‘density’
plot.DPMrasch : fancydensplot1: no visible global function definition
for ‘quantile’
plot.DPMrasch : fancydensplot1: no visible global function definition
for ‘polygon’
plot.DPMrasch : fancydensplot1: no visible global function definition
for ‘lines’
plot.DPMrasch : fancydensplot1: no visible global function definition
for ‘segments’
plot.DPMrasch : fancydensplot1: no visible global function definition
for ‘axis’
plot.DPMrasch: no visible global function definition for ‘is’
plot.DPMrasch: no visible global function definition for ‘par’
plot.DPMrasch: no visible global function definition for ‘layout’
plot.DPMrasch: no visible global function definition for ‘ts’
plot.DPMrasch: no visible global function definition for ‘hist’
plot.DPMraschpoisson : fancydensplot1: no visible global function
definition for ‘density’
plot.DPMraschpoisson : fancydensplot1: no visible global function
definition for ‘quantile’
plot.DPMraschpoisson : fancydensplot1: no visible global function
definition for ‘polygon’
plot.DPMraschpoisson : fancydensplot1: no visible global function
definition for ‘lines’
plot.DPMraschpoisson : fancydensplot1: no visible global function
definition for ‘segments’
plot.DPMraschpoisson : fancydensplot1: no visible global function
definition for ‘axis’
plot.DPMraschpoisson: no visible global function definition for ‘is’
plot.DPMraschpoisson: no visible global function definition for ‘par’
plot.DPMraschpoisson: no visible global function definition for
‘layout’
plot.DPMraschpoisson: no visible global function definition for ‘ts’
plot.DPMraschpoisson: no visible global function definition for ‘hist’
plot.DPbetabinom : fancydensplot1: no visible global function
definition for ‘density’
plot.DPbetabinom : fancydensplot1: no visible global function
definition for ‘quantile’
plot.DPbetabinom : fancydensplot1: no visible global function
definition for ‘polygon’
plot.DPbetabinom : fancydensplot1: no visible global function
definition for ‘lines’
plot.DPbetabinom : fancydensplot1: no visible global function
definition for ‘segments’
plot.DPbetabinom : fancydensplot1: no visible global function
definition for ‘axis’
plot.DPbetabinom: no visible global function definition for ‘is’
plot.DPbetabinom: no visible global function definition for ‘par’
plot.DPbetabinom: no visible global function definition for ‘layout’
plot.DPbetabinom: no visible global function definition for ‘hist’
plot.DPbinary : fancydensplot: no visible global function definition
for ‘density’
plot.DPbinary : fancydensplot: no visible global function definition
for ‘quantile’
plot.DPbinary : fancydensplot: no visible global function definition
for ‘polygon’
plot.DPbinary : fancydensplot: no visible global function definition
for ‘lines’
plot.DPbinary : fancydensplot: no visible global function definition
for ‘segments’
plot.DPbinary : fancydensplot: no visible global function definition
for ‘axis’
plot.DPbinary : stde: no visible global function definition for ‘sd’
plot.DPbinary: no visible global function definition for ‘is’
plot.DPbinary: no visible global function definition for ‘par’
plot.DPbinary: no visible global function definition for ‘layout’
plot.DPbinary: no visible global function definition for ‘ts’
plot.DPbinary: no visible global function definition for ‘hist’
plot.DPbinary: no visible global function definition for ‘lines’
plot.DPcdensity : fancydensplot1: no visible global function definition
for ‘density’
plot.DPcdensity : fancydensplot1: no visible global function definition
for ‘quantile’
plot.DPcdensity : fancydensplot1: no visible global function definition
for ‘polygon’
plot.DPcdensity : fancydensplot1: no visible global function definition
for ‘lines’
plot.DPcdensity : fancydensplot1: no visible global function definition
for ‘segments’
plot.DPcdensity : fancydensplot1: no visible global function definition
for ‘axis’
plot.DPcdensity: no visible global function definition for ‘is’
plot.DPcdensity: no visible global function definition for ‘par’
plot.DPcdensity: no visible global function definition for ‘layout’
plot.DPcdensity: no visible global function definition for ‘lines’
plot.DPcdensity: no visible global function definition for ‘hist’
plot.DPdensity : fancydensplot1: no visible global function definition
for ‘density’
plot.DPdensity : fancydensplot1: no visible global function definition
for ‘quantile’
plot.DPdensity : fancydensplot1: no visible global function definition
for ‘polygon’
plot.DPdensity : fancydensplot1: no visible global function definition
for ‘lines’
plot.DPdensity : fancydensplot1: no visible global function definition
for ‘segments’
plot.DPdensity : fancydensplot1: no visible global function definition
for ‘axis’
plot.DPdensity : bivk: no visible global function definition for
‘dnorm’
plot.DPdensity : band: no visible global function definition for
‘quantile’
plot.DPdensity : band: no visible global function definition for ‘var’
plot.DPdensity: no visible global function definition for ‘is’
plot.DPdensity: no visible global function definition for ‘par’
plot.DPdensity: no visible global function definition for ‘layout’
plot.DPdensity: no visible global function definition for ‘hist’
plot.DPdensity: no visible global function definition for ‘lines’
plot.DPdensity: no visible global function definition for ‘contour’
plot.DPdensity: no visible global function definition for ‘persp’
plot.DPdensity: no visible global function definition for ‘var’
plot.DPdensity: no visible global function definition for ‘density’
plot.DPglmm : fancydensplot1: no visible global function definition for
‘density’
plot.DPglmm : fancydensplot1: no visible global function definition for
‘quantile’
plot.DPglmm : fancydensplot1: no visible global function definition for
‘polygon’
plot.DPglmm : fancydensplot1: no visible global function definition for
‘lines’
plot.DPglmm : fancydensplot1: no visible global function definition for
‘segments’
plot.DPglmm : fancydensplot1: no visible global function definition for
‘axis’
plot.DPglmm: no visible global function definition for ‘is’
plot.DPglmm: no visible global function definition for ‘par’
plot.DPglmm: no visible global function definition for ‘layout’
plot.DPglmm: no visible global function definition for ‘hist’
plot.DPlmm : fancydensplot1: no visible global function definition for
‘density’
plot.DPlmm : fancydensplot1: no visible global function definition for
‘quantile’
plot.DPlmm : fancydensplot1: no visible global function definition for
‘polygon’
plot.DPlmm : fancydensplot1: no visible global function definition for
‘lines’
plot.DPlmm : fancydensplot1: no visible global function definition for
‘segments’
plot.DPlmm : fancydensplot1: no visible global function definition for
‘axis’
plot.DPlmm: no visible global function definition for ‘is’
plot.DPlmm: no visible global function definition for ‘par’
plot.DPlmm: no visible global function definition for ‘layout’
plot.DPlmm: no visible global function definition for ‘hist’
plot.DPmeta : fancydensplot1: no visible global function definition for
‘density’
plot.DPmeta : fancydensplot1: no visible global function definition for
‘quantile’
plot.DPmeta : fancydensplot1: no visible global function definition for
‘polygon’
plot.DPmeta : fancydensplot1: no visible global function definition for
‘lines’
plot.DPmeta : fancydensplot1: no visible global function definition for
‘segments’
plot.DPmeta : fancydensplot1: no visible global function definition for
‘axis’
plot.DPmeta: no visible global function definition for ‘is’
plot.DPmeta: no visible global function definition for ‘par’
plot.DPmeta: no visible global function definition for ‘layout’
plot.DPmeta: no visible global function definition for ‘hist’
plot.DPmeta: no visible global function definition for ‘abline’
plot.DPmultmeta : fancydensplot1: no visible global function definition
for ‘density’
plot.DPmultmeta : fancydensplot1: no visible global function definition
for ‘quantile’
plot.DPmultmeta : fancydensplot1: no visible global function definition
for ‘polygon’
plot.DPmultmeta : fancydensplot1: no visible global function definition
for ‘lines’
plot.DPmultmeta : fancydensplot1: no visible global function definition
for ‘segments’
plot.DPmultmeta : fancydensplot1: no visible global function definition
for ‘axis’
plot.DPmultmeta : bivk: no visible global function definition for
‘dnorm’
plot.DPmultmeta : band: no visible global function definition for
‘quantile’
plot.DPmultmeta : band: no visible global function definition for ‘var’
plot.DPmultmeta: no visible global function definition for ‘is’
plot.DPmultmeta: no visible global function definition for ‘par’
plot.DPmultmeta: no visible global function definition for ‘layout’
plot.DPmultmeta: no visible global function definition for ‘density’
plot.DPmultmeta: no visible global function definition for ‘contour’
plot.DPmultmeta: no visible global function definition for ‘persp’
plot.DPmultmeta: no visible global function definition for ‘hist’
plot.DPolmm : fancydensplot1: no visible global function definition for
‘density’
plot.DPolmm : fancydensplot1: no visible global function definition for
‘quantile’
plot.DPolmm : fancydensplot1: no visible global function definition for
‘polygon’
plot.DPolmm : fancydensplot1: no visible global function definition for
‘lines’
plot.DPolmm : fancydensplot1: no visible global function definition for
‘segments’
plot.DPolmm : fancydensplot1: no visible global function definition for
‘axis’
plot.DPolmm: no visible global function definition for ‘is’
plot.DPolmm: no visible global function definition for ‘par’
plot.DPolmm: no visible global function definition for ‘layout’
plot.DPolmm: no visible global function definition for ‘ts’
plot.DPolmm: no visible global function definition for ‘hist’
plot.DPrandom : fancydensplot: no visible global function definition
for ‘density’
plot.DPrandom : fancydensplot: no visible global function definition
for ‘quantile’
plot.DPrandom : fancydensplot: no visible global function definition
for ‘polygon’
plot.DPrandom : fancydensplot: no visible global function definition
for ‘lines’
plot.DPrandom : fancydensplot: no visible global function definition
for ‘segments’
plot.DPrandom : fancydensplot: no visible global function definition
for ‘axis’
plot.DPrandom: no visible global function definition for ‘is’
plot.DPrandom: no visible global function definition for ‘par’
plot.DPrandom: no visible global function definition for ‘layout’
plot.DPrandom: no visible global function definition for ‘var’
plot.DPrandom: no visible global function definition for ‘points’
plot.DPrasch : fancydensplot1: no visible global function definition
for ‘density’
plot.DPrasch : fancydensplot1: no visible global function definition
for ‘quantile’
plot.DPrasch : fancydensplot1: no visible global function definition
for ‘polygon’
plot.DPrasch : fancydensplot1: no visible global function definition
for ‘lines’
plot.DPrasch : fancydensplot1: no visible global function definition
for ‘segments’
plot.DPrasch : fancydensplot1: no visible global function definition
for ‘axis’
plot.DPrasch: no visible global function definition for ‘is’
plot.DPrasch: no visible global function definition for ‘par’
plot.DPrasch: no visible global function definition for ‘layout’
plot.DPrasch: no visible global function definition for ‘ts’
plot.DPrasch: no visible global function definition for ‘hist’
plot.DPraschpoisson : fancydensplot1: no visible global function
definition for ‘density’
plot.DPraschpoisson : fancydensplot1: no visible global function
definition for ‘quantile’
plot.DPraschpoisson : fancydensplot1: no visible global function
definition for ‘polygon’
plot.DPraschpoisson : fancydensplot1: no visible global function
definition for ‘lines’
plot.DPraschpoisson : fancydensplot1: no visible global function
definition for ‘segments’
plot.DPraschpoisson : fancydensplot1: no visible global function
definition for ‘axis’
plot.DPraschpoisson: no visible global function definition for ‘is’
plot.DPraschpoisson: no visible global function definition for ‘par’
plot.DPraschpoisson: no visible global function definition for ‘layout’
plot.DPraschpoisson: no visible global function definition for ‘ts’
plot.DPraschpoisson: no visible global function definition for ‘hist’
plot.DProc: no visible global function definition for ‘is’
plot.DProc: no visible global function definition for ‘par’
plot.DProc: no visible global function definition for ‘layout’
plot.DProc: no visible global function definition for ‘lines’
plot.DProc: no visible global function definition for ‘abline’
plot.DProc: no visible global function definition for ‘legend’
plot.DProc: no visible global function definition for ‘points’
plot.DPsurvint : fancydensplot: no visible global function definition
for ‘density’
plot.DPsurvint : fancydensplot: no visible global function definition
for ‘quantile’
plot.DPsurvint : fancydensplot: no visible global function definition
for ‘polygon’
plot.DPsurvint : fancydensplot: no visible global function definition
for ‘lines’
plot.DPsurvint : fancydensplot: no visible global function definition
for ‘segments’
plot.DPsurvint : fancydensplot: no visible global function definition
for ‘axis’
plot.DPsurvint: no visible global function definition for ‘is’
plot.DPsurvint: no visible global function definition for ‘par’
plot.DPsurvint: no visible global function definition for ‘layout’
plot.DPsurvint: no visible global function definition for ‘hist’
plot.FPTbinary : fancydensplot1: no visible global function definition
for ‘density’
plot.FPTbinary : fancydensplot1: no visible global function definition
for ‘quantile’
plot.FPTbinary : fancydensplot1: no visible global function definition
for ‘polygon’
plot.FPTbinary : fancydensplot1: no visible global function definition
for ‘lines’
plot.FPTbinary : fancydensplot1: no visible global function definition
for ‘segments’
plot.FPTbinary : fancydensplot1: no visible global function definition
for ‘axis’
plot.FPTbinary : stde: no visible global function definition for ‘sd’
plot.FPTbinary: no visible global function definition for ‘is’
plot.FPTbinary: no visible global function definition for ‘par’
plot.FPTbinary: no visible global function definition for ‘layout’
plot.FPTbinary: no visible global function definition for ‘ts’
plot.FPTbinary: no visible global function definition for ‘lines’
plot.FPTrasch : fancydensplot1: no visible global function definition
for ‘density’
plot.FPTrasch : fancydensplot1: no visible global function definition
for ‘quantile’
plot.FPTrasch : fancydensplot1: no visible global function definition
for ‘polygon’
plot.FPTrasch : fancydensplot1: no visible global function definition
for ‘lines’
plot.FPTrasch : fancydensplot1: no visible global function definition
for ‘segments’
plot.FPTrasch : fancydensplot1: no visible global function definition
for ‘axis’
plot.FPTrasch: no visible global function definition for ‘is’
plot.FPTrasch: no visible global function definition for ‘par’
plot.FPTrasch: no visible global function definition for ‘layout’
plot.FPTrasch: no visible global function definition for ‘ts’
plot.FPTraschpoisson : fancydensplot1: no visible global function
definition for ‘density’
plot.FPTraschpoisson : fancydensplot1: no visible global function
definition for ‘quantile’
plot.FPTraschpoisson : fancydensplot1: no visible global function
definition for ‘polygon’
plot.FPTraschpoisson : fancydensplot1: no visible global function
definition for ‘lines’
plot.FPTraschpoisson : fancydensplot1: no visible global function
definition for ‘segments’
plot.FPTraschpoisson : fancydensplot1: no visible global function
definition for ‘axis’
plot.FPTraschpoisson: no visible global function definition for ‘is’
plot.FPTraschpoisson: no visible global function definition for ‘par’
plot.FPTraschpoisson: no visible global function definition for
‘layout’
plot.FPTraschpoisson: no visible global function definition for ‘ts’
plot.HDPMcdensity : fancydensplot1: no visible global function
definition for ‘density’
plot.HDPMcdensity : fancydensplot1: no visible global function
definition for ‘quantile’
plot.HDPMcdensity : fancydensplot1: no visible global function
definition for ‘polygon’
plot.HDPMcdensity : fancydensplot1: no visible global function
definition for ‘lines’
plot.HDPMcdensity : fancydensplot1: no visible global function
definition for ‘segments’
plot.HDPMcdensity : fancydensplot1: no visible global function
definition for ‘axis’
plot.HDPMcdensity: no visible global function definition for ‘is’
plot.HDPMcdensity: no visible global function definition for ‘par’
plot.HDPMcdensity: no visible global function definition for ‘layout’
plot.HDPMcdensity: no visible global function definition for ‘ts’
plot.HDPMcdensity: no visible global function definition for ‘hist’
plot.HDPMdensity : fancydensplot1: no visible global function
definition for ‘density’
plot.HDPMdensity : fancydensplot1: no visible global function
definition for ‘quantile’
plot.HDPMdensity : fancydensplot1: no visible global function
definition for ‘polygon’
plot.HDPMdensity : fancydensplot1: no visible global function
definition for ‘lines’
plot.HDPMdensity : fancydensplot1: no visible global function
definition for ‘segments’
plot.HDPMdensity : fancydensplot1: no visible global function
definition for ‘axis’
plot.HDPMdensity: no visible global function definition for ‘is’
plot.HDPMdensity: no visible global function definition for ‘par’
plot.HDPMdensity: no visible global function definition for ‘layout’
plot.HDPMdensity: no visible global function definition for ‘ts’
plot.HDPMdensity: no visible global function definition for ‘hist’
plot.LDBDPdensity : fancydensplot1: no visible global function
definition for ‘density’
plot.LDBDPdensity : fancydensplot1: no visible global function
definition for ‘quantile’
plot.LDBDPdensity : fancydensplot1: no visible global function
definition for ‘polygon’
plot.LDBDPdensity : fancydensplot1: no visible global function
definition for ‘lines’
plot.LDBDPdensity : fancydensplot1: no visible global function
definition for ‘segments’
plot.LDBDPdensity : fancydensplot1: no visible global function
definition for ‘axis’
plot.LDBDPdensity: no visible global function definition for ‘is’
plot.LDBDPdensity: no visible global function definition for ‘par’
plot.LDBDPdensity: no visible global function definition for ‘layout’
plot.LDBDPdensity: no visible global function definition for ‘ts’
plot.LDBDPdensity: no visible global function definition for ‘hist’
plot.LDBDPdensity: no visible global function definition for ‘lines’
plot.LDDPdensity : fancydensplot1: no visible global function
definition for ‘density’
plot.LDDPdensity : fancydensplot1: no visible global function
definition for ‘quantile’
plot.LDDPdensity : fancydensplot1: no visible global function
definition for ‘polygon’
plot.LDDPdensity : fancydensplot1: no visible global function
definition for ‘lines’
plot.LDDPdensity : fancydensplot1: no visible global function
definition for ‘segments’
plot.LDDPdensity : fancydensplot1: no visible global function
definition for ‘axis’
plot.LDDPdensity: no visible global function definition for ‘is’
plot.LDDPdensity: no visible global function definition for ‘par’
plot.LDDPdensity: no visible global function definition for ‘layout’
plot.LDDPdensity: no visible global function definition for ‘ts’
plot.LDDPdensity: no visible global function definition for ‘hist’
plot.LDDPdensity: no visible global function definition for ‘lines’
plot.LDDPrasch : fancydensplot1: no visible global function definition
for ‘density’
plot.LDDPrasch : fancydensplot1: no visible global function definition
for ‘quantile’
plot.LDDPrasch : fancydensplot1: no visible global function definition
for ‘polygon’
plot.LDDPrasch : fancydensplot1: no visible global function definition
for ‘lines’
plot.LDDPrasch : fancydensplot1: no visible global function definition
for ‘segments’
plot.LDDPrasch : fancydensplot1: no visible global function definition
for ‘axis’
plot.LDDPrasch: no visible global function definition for ‘is’
plot.LDDPrasch: no visible global function definition for ‘par’
plot.LDDPrasch: no visible global function definition for ‘layout’
plot.LDDPrasch: no visible global function definition for ‘ts’
plot.LDDPrasch: no visible global function definition for ‘hist’
plot.LDDPrasch: no visible global function definition for ‘lines’
plot.LDDProc : fancydensplot1: no visible global function definition
for ‘density’
plot.LDDProc : fancydensplot1: no visible global function definition
for ‘quantile’
plot.LDDProc : fancydensplot1: no visible global function definition
for ‘polygon’
plot.LDDProc : fancydensplot1: no visible global function definition
for ‘lines’
plot.LDDProc : fancydensplot1: no visible global function definition
for ‘segments’
plot.LDDProc : fancydensplot1: no visible global function definition
for ‘axis’
plot.LDDProc: no visible global function definition for ‘is’
plot.LDDProc: no visible global function definition for ‘par’
plot.LDDProc: no visible global function definition for ‘layout’
plot.LDDProc: no visible global function definition for ‘ts’
plot.LDDProc: no visible global function definition for ‘hist’
plot.LDDProc: no visible global function definition for ‘lines’
plot.LDDPsurvival : fancydensplot1: no visible global function
definition for ‘density’
plot.LDDPsurvival : fancydensplot1: no visible global function
definition for ‘quantile’
plot.LDDPsurvival : fancydensplot1: no visible global function
definition for ‘polygon’
plot.LDDPsurvival : fancydensplot1: no visible global function
definition for ‘lines’
plot.LDDPsurvival : fancydensplot1: no visible global function
definition for ‘segments’
plot.LDDPsurvival : fancydensplot1: no visible global function
definition for ‘axis’
plot.LDDPsurvival: no visible global function definition for ‘is’
plot.LDDPsurvival: no visible global function definition for ‘par’
plot.LDDPsurvival: no visible global function definition for ‘layout’
plot.LDDPsurvival: no visible global function definition for ‘ts’
plot.LDDPsurvival: no visible global function definition for ‘hist’
plot.LDDPsurvival: no visible global function definition for ‘lines’
plot.LDDPtwopl : fancydensplot1: no visible global function definition
for ‘density’
plot.LDDPtwopl : fancydensplot1: no visible global function definition
for ‘quantile’
plot.LDDPtwopl : fancydensplot1: no visible global function definition
for ‘polygon’
plot.LDDPtwopl : fancydensplot1: no visible global function definition
for ‘lines’
plot.LDDPtwopl : fancydensplot1: no visible global function definition
for ‘segments’
plot.LDDPtwopl : fancydensplot1: no visible global function definition
for ‘axis’
plot.LDDPtwopl: no visible global function definition for ‘is’
plot.LDDPtwopl: no visible global function definition for ‘par’
plot.LDDPtwopl: no visible global function definition for ‘layout’
plot.LDDPtwopl: no visible global function definition for ‘ts’
plot.LDDPtwopl: no visible global function definition for ‘hist’
plot.LDDPtwopl: no visible global function definition for ‘lines’
plot.LDPDdoublyint : fancydensplot: no visible global function
definition for ‘density’
plot.LDPDdoublyint : fancydensplot: no visible global function
definition for ‘quantile’
plot.LDPDdoublyint : fancydensplot: no visible global function
definition for ‘polygon’
plot.LDPDdoublyint : fancydensplot: no visible global function
definition for ‘lines’
plot.LDPDdoublyint : fancydensplot: no visible global function
definition for ‘segments’
plot.LDPDdoublyint : fancydensplot: no visible global function
definition for ‘axis’
plot.LDPDdoublyint: no visible global function definition for ‘is’
plot.LDPDdoublyint: no visible global function definition for ‘par’
plot.LDPDdoublyint: no visible global function definition for ‘layout’
plot.LDPDdoublyint: no visible global function definition for ‘hist’
plot.LDTFPdensity : fancydensplot1: no visible global function
definition for ‘density’
plot.LDTFPdensity : fancydensplot1: no visible global function
definition for ‘quantile’
plot.LDTFPdensity : fancydensplot1: no visible global function
definition for ‘polygon’
plot.LDTFPdensity : fancydensplot1: no visible global function
definition for ‘lines’
plot.LDTFPdensity : fancydensplot1: no visible global function
definition for ‘segments’
plot.LDTFPdensity : fancydensplot1: no visible global function
definition for ‘axis’
plot.LDTFPdensity: no visible global function definition for ‘is’
plot.LDTFPdensity: no visible global function definition for ‘par’
plot.LDTFPdensity: no visible global function definition for ‘layout’
plot.LDTFPdensity: no visible global function definition for ‘ts’
plot.LDTFPdensity: no visible global function definition for ‘lines’
plot.LDTFPglmm : fancydensplot1: no visible global function definition
for ‘density’
plot.LDTFPglmm : fancydensplot1: no visible global function definition
for ‘quantile’
plot.LDTFPglmm : fancydensplot1: no visible global function definition
for ‘polygon’
plot.LDTFPglmm : fancydensplot1: no visible global function definition
for ‘lines’
plot.LDTFPglmm : fancydensplot1: no visible global function definition
for ‘segments’
plot.LDTFPglmm : fancydensplot1: no visible global function definition
for ‘axis’
plot.LDTFPglmm: no visible global function definition for ‘is’
plot.LDTFPglmm: no visible global function definition for ‘par’
plot.LDTFPglmm: no visible global function definition for ‘layout’
plot.LDTFPglmm: no visible global function definition for ‘ts’
plot.LDTFPglmm: no visible global function definition for ‘lines’
plot.LDTFPsurvival : fancydensplot1: no visible global function
definition for ‘density’
plot.LDTFPsurvival : fancydensplot1: no visible global function
definition for ‘quantile’
plot.LDTFPsurvival : fancydensplot1: no visible global function
definition for ‘polygon’
plot.LDTFPsurvival : fancydensplot1: no visible global function
definition for ‘lines’
plot.LDTFPsurvival : fancydensplot1: no visible global function
definition for ‘segments’
plot.LDTFPsurvival : fancydensplot1: no visible global function
definition for ‘axis’
plot.LDTFPsurvival: no visible global function definition for ‘is’
plot.LDTFPsurvival: no visible global function definition for ‘par’
plot.LDTFPsurvival: no visible global function definition for ‘layout’
plot.LDTFPsurvival: no visible global function definition for ‘ts’
plot.LDTFPsurvival: no visible global function definition for ‘lines’
plot.PSgam : fancydensplot1: no visible global function definition for
‘density’
plot.PSgam : fancydensplot1: no visible global function definition for
‘quantile’
plot.PSgam : fancydensplot1: no visible global function definition for
‘polygon’
plot.PSgam : fancydensplot1: no visible global function definition for
‘lines’
plot.PSgam : fancydensplot1: no visible global function definition for
‘segments’
plot.PSgam : fancydensplot1: no visible global function definition for
‘axis’
plot.PSgam: no visible global function definition for ‘is’
plot.PSgam: no visible global function definition for ‘par’
plot.PSgam: no visible global function definition for ‘layout’
plot.PSgam: no visible global function definition for ‘lines’
plot.PSgam: no visible global function definition for ‘rug’
plot.PTdensity : fancydensplot1: no visible global function definition
for ‘density’
plot.PTdensity : fancydensplot1: no visible global function definition
for ‘quantile’
plot.PTdensity : fancydensplot1: no visible global function definition
for ‘polygon’
plot.PTdensity : fancydensplot1: no visible global function definition
for ‘lines’
plot.PTdensity : fancydensplot1: no visible global function definition
for ‘segments’
plot.PTdensity : fancydensplot1: no visible global function definition
for ‘axis’
plot.PTdensity : bivk: no visible global function definition for
‘dnorm’
plot.PTdensity : band: no visible global function definition for
‘quantile’
plot.PTdensity : band: no visible global function definition for ‘var’
plot.PTdensity: no visible global function definition for ‘is’
plot.PTdensity: no visible global function definition for ‘par’
plot.PTdensity: no visible global function definition for ‘layout’
plot.PTdensity: no visible global function definition for ‘hist’
plot.PTdensity: no visible global function definition for ‘lines’
plot.PTdensity: no visible global function definition for ‘contour’
plot.PTdensity: no visible global function definition for ‘persp’
plot.PTdensity: no visible global function definition for ‘var’
plot.PTdensity: no visible global function definition for ‘density’
plot.PTglmm : fancydensplot1: no visible global function definition for
‘density’
plot.PTglmm : fancydensplot1: no visible global function definition for
‘quantile’
plot.PTglmm : fancydensplot1: no visible global function definition for
‘polygon’
plot.PTglmm : fancydensplot1: no visible global function definition for
‘lines’
plot.PTglmm : fancydensplot1: no visible global function definition for
‘segments’
plot.PTglmm : fancydensplot1: no visible global function definition for
‘axis’
plot.PTglmm: no visible global function definition for ‘is’
plot.PTglmm: no visible global function definition for ‘par’
plot.PTglmm: no visible global function definition for ‘layout’
plot.PTlm : fancydensplot: no visible global function definition for
‘density’
plot.PTlm : fancydensplot: no visible global function definition for
‘quantile’
plot.PTlm : fancydensplot: no visible global function definition for
‘polygon’
plot.PTlm : fancydensplot: no visible global function definition for
‘lines’
plot.PTlm : fancydensplot: no visible global function definition for
‘segments’
plot.PTlm : fancydensplot: no visible global function definition for
‘axis’
plot.PTlm: no visible global function definition for ‘is’
plot.PTlm: no visible global function definition for ‘par’
plot.PTlm: no visible global function definition for ‘layout’
plot.PTlm: no visible global function definition for ‘hist’
plot.PTlmm : fancydensplot1: no visible global function definition for
‘density’
plot.PTlmm : fancydensplot1: no visible global function definition for
‘quantile’
plot.PTlmm : fancydensplot1: no visible global function definition for
‘polygon’
plot.PTlmm : fancydensplot1: no visible global function definition for
‘lines’
plot.PTlmm : fancydensplot1: no visible global function definition for
‘segments’
plot.PTlmm : fancydensplot1: no visible global function definition for
‘axis’
plot.PTlmm: no visible global function definition for ‘is’
plot.PTlmm: no visible global function definition for ‘par’
plot.PTlmm: no visible global function definition for ‘layout’
plot.PTmeta : fancydensplot1: no visible global function definition for
‘density’
plot.PTmeta : fancydensplot1: no visible global function definition for
‘quantile’
plot.PTmeta : fancydensplot1: no visible global function definition for
‘polygon’
plot.PTmeta : fancydensplot1: no visible global function definition for
‘lines’
plot.PTmeta : fancydensplot1: no visible global function definition for
‘segments’
plot.PTmeta : fancydensplot1: no visible global function definition for
‘axis’
plot.PTmeta: no visible global function definition for ‘is’
plot.PTmeta: no visible global function definition for ‘par’
plot.PTmeta: no visible global function definition for ‘layout’
plot.PTmeta: no visible global function definition for ‘abline’
plot.PTolmm : fancydensplot1: no visible global function definition for
‘density’
plot.PTolmm : fancydensplot1: no visible global function definition for
‘quantile’
plot.PTolmm : fancydensplot1: no visible global function definition for
‘polygon’
plot.PTolmm : fancydensplot1: no visible global function definition for
‘lines’
plot.PTolmm : fancydensplot1: no visible global function definition for
‘segments’
plot.PTolmm : fancydensplot1: no visible global function definition for
‘axis’
plot.PTolmm: no visible global function definition for ‘is’
plot.PTolmm: no visible global function definition for ‘par’
plot.PTolmm: no visible global function definition for ‘layout’
plot.PTolmm: no visible global function definition for ‘ts’
plot.PTrandom : fancydensplot: no visible global function definition
for ‘density’
plot.PTrandom : fancydensplot: no visible global function definition
for ‘quantile’
plot.PTrandom : fancydensplot: no visible global function definition
for ‘polygon’
plot.PTrandom : fancydensplot: no visible global function definition
for ‘lines’
plot.PTrandom : fancydensplot: no visible global function definition
for ‘segments’
plot.PTrandom : fancydensplot: no visible global function definition
for ‘axis’
plot.PTrandom: no visible global function definition for ‘is’
plot.PTrandom: no visible global function definition for ‘par’
plot.PTrandom: no visible global function definition for ‘layout’
plot.PTrandom: no visible global function definition for ‘lines’
plot.PTrandom: no visible global function definition for ‘segments’
plot.PTrandom: no visible global function definition for ‘axis’
plot.PTrandom: no visible global function definition for ‘points’
plot.PTrandom: no visible global function definition for ‘contour’
plot.PTrandom: no visible global function definition for ‘persp’
plot.PTrandom: no visible global function definition for ‘var’
plot.PTsampler : fancydensplot1: no visible global function definition
for ‘density’
plot.PTsampler : fancydensplot1: no visible global function definition
for ‘quantile’
plot.PTsampler : fancydensplot1: no visible global function definition
for ‘polygon’
plot.PTsampler : fancydensplot1: no visible global function definition
for ‘lines’
plot.PTsampler : fancydensplot1: no visible global function definition
for ‘segments’
plot.PTsampler : fancydensplot1: no visible global function definition
for ‘axis’
plot.PTsampler: no visible global function definition for ‘is’
plot.PTsampler: no visible global function definition for ‘par’
plot.PTsampler: no visible global function definition for ‘layout’
plot.PTsampler: no visible global function definition for ‘ts’
plot.PTsampler: no visible global function definition for ‘hist’
plot.Pbinary : fancydensplot: no visible global function definition for
‘density’
plot.Pbinary : fancydensplot: no visible global function definition for
‘quantile’
plot.Pbinary : fancydensplot: no visible global function definition for
‘polygon’
plot.Pbinary : fancydensplot: no visible global function definition for
‘lines’
plot.Pbinary : fancydensplot: no visible global function definition for
‘segments’
plot.Pbinary : fancydensplot: no visible global function definition for
‘axis’
plot.Pbinary: no visible global function definition for ‘is’
plot.Pbinary: no visible global function definition for ‘par’
plot.Pbinary: no visible global function definition for ‘layout’
plot.Pbinary: no visible global function definition for ‘hist’
plot.Plm : fancydensplot: no visible global function definition for
‘density’
plot.Plm : fancydensplot: no visible global function definition for
‘quantile’
plot.Plm : fancydensplot: no visible global function definition for
‘polygon’
plot.Plm : fancydensplot: no visible global function definition for
‘lines’
plot.Plm : fancydensplot: no visible global function definition for
‘segments’
plot.Plm : fancydensplot: no visible global function definition for
‘axis’
plot.Plm: no visible global function definition for ‘is’
plot.Plm: no visible global function definition for ‘par’
plot.Plm: no visible global function definition for ‘layout’
plot.TDPdensity : fancydensplot1: no visible global function definition
for ‘density’
plot.TDPdensity : fancydensplot1: no visible global function definition
for ‘quantile’
plot.TDPdensity : fancydensplot1: no visible global function definition
for ‘polygon’
plot.TDPdensity : fancydensplot1: no visible global function definition
for ‘lines’
plot.TDPdensity : fancydensplot1: no visible global function definition
for ‘segments’
plot.TDPdensity : fancydensplot1: no visible global function definition
for ‘axis’
plot.TDPdensity: no visible global function definition for ‘is’
plot.TDPdensity: no visible global function definition for ‘par’
plot.TDPdensity: no visible global function definition for ‘layout’
plot.TDPdensity: no visible global function definition for ‘hist’
plot.TDPdensity: no visible global function definition for ‘lines’
plot.predict.DPsurvint: no visible global function definition for ‘is’
plot.predict.DPsurvint: no visible global function definition for ‘par’
plot.predict.DPsurvint: no visible global function definition for
‘layout’
plot.predict.DPsurvint: no visible global function definition for
‘density’
plot.predict.DPsurvint: no visible global function definition for
‘lines’
plot.predict.LDPDdoublyint: no visible global function definition for
‘is’
plot.predict.LDPDdoublyint: no visible global function definition for
‘par’
plot.predict.LDPDdoublyint: no visible global function definition for
‘layout’
plot.predict.LDPDdoublyint: no visible global function definition for
‘polygon’
plot.predict.LDPDdoublyint: no visible global function definition for
‘lines’
plot.predict.LDPDdoublyint: no visible binding for global variable
‘grid’
predict.CSDPbinary : stde: no visible global function definition for
‘sd’
predict.CSDPbinary: no visible global function definition for ‘is’
predict.CSDPbinary: no visible binding for global variable ‘median’
predict.CSDPbinary: no visible binding for global variable ‘sd’
predict.DPbinary : stde: no visible global function definition for ‘sd’
predict.DPbinary: no visible global function definition for ‘is’
predict.DPbinary: no visible binding for global variable ‘median’
predict.DPbinary: no visible binding for global variable ‘sd’
predict.DPsurvint: no visible global function definition for ‘is’
predict.DPsurvint: no visible global function definition for ‘plnorm’
predict.DPsurvint: no visible global function definition for ‘rbeta’
predict.DPsurvint: no visible global function definition for ‘median’
predict.DPsurvint: no visible global function definition for ‘var’
predict.DPsurvint: no visible global function definition for ‘quantile’
predict.FPTbinary : stde: no visible global function definition for
‘sd’
predict.FPTbinary: no visible global function definition for ‘is’
predict.FPTbinary: no visible binding for global variable ‘median’
predict.FPTbinary: no visible binding for global variable ‘sd’
predict.HDPMcdensity: no visible global function definition for ‘par’
predict.HDPMcdensity: no visible global function definition for
‘layout’
predict.HDPMdensity: no visible global function definition for ‘par’
predict.HDPMdensity: no visible global function definition for ‘layout’
predict.LDPDdoublyint: no visible global function definition for ‘is’
predict.Pbinary : sd: no visible global function definition for ‘var’
predict.Pbinary : std: no visible global function definition for ‘var’
predict.Pbinary : nhpdf: no visible global function definition for
‘quantile’
predict.Pbinary: no visible global function definition for ‘is’
predict.Pbinary: no visible global function definition for ‘plogis’
predict.Pbinary: no visible global function definition for ‘pnorm’
predict.Pbinary: no visible global function definition for ‘pcauchy’
predict.Pbinary: no visible binding for global variable ‘median’
print.anovaPsCP: no visible global function definition for
‘printCoefmat’
ps: no visible global function definition for ‘terms’
ps: no visible global function definition for ‘reformulate’
summary.BDPdensity : stde: no visible global function definition for
‘sd’
summary.BDPdensity: no visible binding for global variable ‘median’
summary.BDPdensity: no visible binding for global variable ‘sd’
summary.CSDPbinary : stde: no visible global function definition for
‘sd’
summary.CSDPbinary: no visible binding for global variable ‘median’
summary.CSDPbinary: no visible binding for global variable ‘sd’
summary.DPMdencens : stde: no visible global function definition for
‘sd’
summary.DPMdencens: no visible binding for global variable ‘median’
summary.DPMdencens: no visible binding for global variable ‘sd’
summary.DPMglmm : stde: no visible global function definition for ‘sd’
summary.DPMglmm: no visible binding for global variable ‘median’
summary.DPMglmm: no visible binding for global variable ‘sd’
summary.DPMlmm : stde: no visible global function definition for ‘sd’
summary.DPMlmm: no visible binding for global variable ‘median’
summary.DPMlmm: no visible binding for global variable ‘sd’
summary.DPMmeta : stde: no visible global function definition for ‘sd’
summary.DPMmeta: no visible binding for global variable ‘median’
summary.DPMmeta: no visible binding for global variable ‘sd’
summary.DPMolmm : stde: no visible global function definition for ‘sd’
summary.DPMolmm: no visible binding for global variable ‘median’
summary.DPMolmm: no visible binding for global variable ‘sd’
summary.DPMrasch : stde: no visible global function definition for ‘sd’
summary.DPMrasch: no visible binding for global variable ‘median’
summary.DPMrasch: no visible binding for global variable ‘sd’
summary.DPMraschpoisson : stde: no visible global function definition
for ‘sd’
summary.DPMraschpoisson: no visible binding for global variable
‘median’
summary.DPMraschpoisson: no visible binding for global variable ‘sd’
summary.DPbetabinom : stde: no visible global function definition for
‘sd’
summary.DPbetabinom: no visible binding for global variable ‘median’
summary.DPbetabinom: no visible binding for global variable ‘sd’
summary.DPbinary : stde: no visible global function definition for ‘sd’
summary.DPbinary: no visible binding for global variable ‘median’
summary.DPbinary: no visible binding for global variable ‘sd’
summary.DPcdensity : stde: no visible global function definition for
‘sd’
summary.DPcdensity: no visible binding for global variable ‘median’
summary.DPcdensity: no visible binding for global variable ‘sd’
summary.DPdensity : stde: no visible global function definition for
‘sd’
summary.DPdensity: no visible binding for global variable ‘median’
summary.DPdensity: no visible binding for global variable ‘sd’
summary.DPglmm : stde: no visible global function definition for ‘sd’
summary.DPglmm: no visible binding for global variable ‘median’
summary.DPglmm: no visible binding for global variable ‘sd’
summary.DPlmm : stde: no visible global function definition for ‘sd’
summary.DPlmm: no visible binding for global variable ‘median’
summary.DPlmm: no visible binding for global variable ‘sd’
summary.DPmeta : stde: no visible global function definition for ‘sd’
summary.DPmeta: no visible binding for global variable ‘median’
summary.DPmeta: no visible binding for global variable ‘sd’
summary.DPmultmeta : stde: no visible global function definition for
‘sd’
summary.DPmultmeta: no visible binding for global variable ‘median’
summary.DPmultmeta: no visible binding for global variable ‘sd’
summary.DPolmm : stde: no visible global function definition for ‘sd’
summary.DPolmm: no visible binding for global variable ‘median’
summary.DPolmm: no visible binding for global variable ‘sd’
summary.DPrasch : stde: no visible global function definition for ‘sd’
summary.DPrasch: no visible binding for global variable ‘median’
summary.DPrasch: no visible binding for global variable ‘sd’
summary.DPraschpoisson : stde: no visible global function definition
for ‘sd’
summary.DPraschpoisson: no visible binding for global variable ‘median’
summary.DPraschpoisson: no visible binding for global variable ‘sd’
summary.DPsurvint: no visible global function definition for ‘var’
summary.DPsurvint: no visible global function definition for ‘median’
summary.DPsurvint: no visible global function definition for ‘quantile’
summary.FPTbinary : stde: no visible global function definition for
‘sd’
summary.FPTbinary: no visible binding for global variable ‘median’
summary.FPTbinary: no visible binding for global variable ‘sd’
summary.FPTrasch : stde: no visible global function definition for ‘sd’
summary.FPTrasch: no visible binding for global variable ‘median’
summary.FPTrasch: no visible binding for global variable ‘sd’
summary.FPTraschpoisson : stde: no visible global function definition
for ‘sd’
summary.FPTraschpoisson: no visible binding for global variable
‘median’
summary.FPTraschpoisson: no visible binding for global variable ‘sd’
summary.HDPMcdensity : stde: no visible global function definition for
‘sd’
summary.HDPMcdensity: no visible binding for global variable ‘median’
summary.HDPMcdensity: no visible binding for global variable ‘sd’
summary.HDPMdensity : stde: no visible global function definition for
‘sd’
summary.HDPMdensity: no visible binding for global variable ‘median’
summary.HDPMdensity: no visible binding for global variable ‘sd’
summary.LDBDPdensity : stde: no visible global function definition for
‘sd’
summary.LDBDPdensity: no visible binding for global variable ‘median’
summary.LDBDPdensity: no visible binding for global variable ‘sd’
summary.LDDPdensity : stde: no visible global function definition for
‘sd’
summary.LDDPdensity: no visible binding for global variable ‘median’
summary.LDDPdensity: no visible binding for global variable ‘sd’
summary.LDDPrasch : stde: no visible global function definition for
‘sd’
summary.LDDPrasch: no visible binding for global variable ‘median’
summary.LDDPrasch: no visible binding for global variable ‘sd’
summary.LDDProc : stde: no visible global function definition for ‘sd’
summary.LDDProc: no visible binding for global variable ‘median’
summary.LDDProc: no visible binding for global variable ‘sd’
summary.LDDPsurvival : stde: no visible global function definition for
‘sd’
summary.LDDPsurvival: no visible binding for global variable ‘median’
summary.LDDPsurvival: no visible binding for global variable ‘sd’
summary.LDDPtwopl : stde: no visible global function definition for
‘sd’
summary.LDDPtwopl: no visible binding for global variable ‘median’
summary.LDDPtwopl: no visible binding for global variable ‘sd’
summary.LDPDdoublyint : stde: no visible global function definition for
‘sd’
summary.LDPDdoublyint: no visible binding for global variable ‘median’
summary.LDPDdoublyint: no visible binding for global variable ‘sd’
summary.LDTFPdensity : stde: no visible global function definition for
‘sd’
summary.LDTFPdensity: no visible binding for global variable ‘median’
summary.LDTFPdensity: no visible binding for global variable ‘sd’
summary.LDTFPglmm : stde: no visible global function definition for
‘sd’
summary.LDTFPglmm: no visible binding for global variable ‘median’
summary.LDTFPglmm: no visible binding for global variable ‘sd’
summary.LDTFPsurvival : stde: no visible global function definition for
‘sd’
summary.LDTFPsurvival: no visible binding for global variable ‘median’
summary.LDTFPsurvival: no visible binding for global variable ‘sd’
summary.PSgam : stde: no visible global function definition for ‘sd’
summary.PSgam: no visible binding for global variable ‘median’
summary.PSgam: no visible binding for global variable ‘sd’
summary.PTdensity : stde: no visible global function definition for
‘sd’
summary.PTdensity: no visible binding for global variable ‘median’
summary.PTdensity: no visible binding for global variable ‘sd’
summary.PTglmm : stde: no visible global function definition for ‘sd’
summary.PTglmm: no visible binding for global variable ‘median’
summary.PTglmm: no visible binding for global variable ‘sd’
summary.PTlm: no visible global function definition for ‘var’
summary.PTlm: no visible global function definition for ‘median’
summary.PTlm: no visible global function definition for ‘quantile’
summary.PTlmm : stde: no visible global function definition for ‘sd’
summary.PTlmm: no visible binding for global variable ‘median’
summary.PTlmm: no visible binding for global variable ‘sd’
summary.PTmeta : stde: no visible global function definition for ‘sd’
summary.PTmeta: no visible binding for global variable ‘median’
summary.PTmeta: no visible binding for global variable ‘sd’
summary.PTolmm : stde: no visible global function definition for ‘sd’
summary.PTolmm: no visible binding for global variable ‘median’
summary.PTolmm: no visible binding for global variable ‘sd’
summary.PTsampler : stde: no visible global function definition for
‘sd’
summary.PTsampler: no visible binding for global variable ‘median’
summary.PTsampler: no visible binding for global variable ‘sd’
summary.Pbinary: no visible global function definition for ‘var’
summary.Pbinary: no visible global function definition for ‘median’
summary.Pbinary: no visible global function definition for ‘quantile’
summary.Plm : stde: no visible global function definition for ‘sd’
summary.Plm: no visible binding for global variable ‘median’
summary.Plm: no visible binding for global variable ‘sd’
summary.TDPdensity : stde: no visible global function definition for
‘sd’
summary.TDPdensity: no visible binding for global variable ‘median’
summary.TDPdensity: no visible binding for global variable ‘sd’
Undefined global functions or variables:
abline arrows as.formula axis binomial box coefficients contour
density dnorm formula gaussian glm glm.fit gray grid hist is layout
legend lines lm logit median model.frame model.matrix model.offset
model.response mtext na.fail na.omit optim par pcauchy persp plnorm
plogis pnorm points poisson polygon printCoefmat probit qnorm
quantile rbeta rbinom reformulate resid residuals rgamma rlnorm rnorm
rpois rug runif sd segments terms terms.formula ts var vcov
Consider adding
importFrom("grDevices", "gray")
importFrom("graphics", "abline", "arrows", "axis", "box", "contour",
"grid", "hist", "layout", "legend", "lines", "mtext", "par",
"persp", "points", "polygon", "rug", "segments")
importFrom("methods", "is")
importFrom("stats", "as.formula", "binomial", "coefficients",
"density", "dnorm", "formula", "gaussian", "glm", "glm.fit",
"lm", "median", "model.frame", "model.matrix",
"model.offset", "model.response", "na.fail", "na.omit",
"optim", "pcauchy", "plnorm", "plogis", "pnorm", "poisson",
"printCoefmat", "qnorm", "quantile", "rbeta", "rbinom",
"reformulate", "resid", "residuals", "rgamma", "rlnorm",
"rnorm", "rpois", "runif", "sd", "terms", "terms.formula",
"ts", "var", "vcov")
to your NAMESPACE file (and ensure that your DESCRIPTION Imports field
contains 'methods').
Flavors: r-devel-linux-x86_64-debian-clang, r-devel-linux-x86_64-debian-gcc, r-devel-linux-x86_64-fedora-clang, r-devel-linux-x86_64-fedora-gcc, r-devel-macos-x86_64-clang, r-devel-windows-ix86+x86_64, r-patched-linux-x86_64, r-patched-solaris-sparc, r-patched-solaris-x86, r-release-linux-x86_64, r-release-osx-x86_64-mavericks, r-release-windows-ix86+x86_64
Version: 1.1-6
Check: compiled code
Result: NOTE
File ‘DPpackage/libs/DPpackage.so’:
Found ‘_gfortran_st_write’, possibly from ‘write’ (Fortran), ‘print’
(Fortran)
Objects: ‘DPdensityreg.o’, ‘LDBDPdensity.o’, ‘LDDPdensity.o’,
‘LDDPsurvival.o’, ‘LDPDdoublyintsba.o’, ‘LDTFPdensity.o’,
‘LDTFPglmmpois.o’, ‘LDTFPsurvival.o’, ‘PSgamgam.o’,
‘PSgamgauss.o’, ‘PSgamlogit.o’, ‘PSgampois.o’, ‘PSgamprob.o’
Compiled code should not call entry points which might terminate R nor
write to stdout/stderr instead of to the console, nor the system RNG.
See ‘Writing portable packages’ in the ‘Writing R Extensions’ manual.
Flavors: r-devel-linux-x86_64-debian-clang, r-devel-linux-x86_64-debian-gcc, r-devel-linux-x86_64-fedora-clang, r-devel-linux-x86_64-fedora-gcc, r-patched-linux-x86_64, r-release-linux-x86_64
Version: 1.1-6
Check: compiled code
Result: NOTE
File ‘DPpackage/libs/DPpackage.so’:
Found ‘__gfortran_st_write’, possibly from ‘write’ (Fortran), ‘print’
(Fortran)
Objects: ‘DPdensityreg.o’, ‘LDBDPdensity.o’, ‘LDDPdensity.o’,
‘LDDPsurvival.o’, ‘LDPDdoublyintsba.o’, ‘LDTFPdensity.o’,
‘LDTFPglmmpois.o’, ‘LDTFPsurvival.o’, ‘PSgamgam.o’,
‘PSgamgauss.o’, ‘PSgamlogit.o’, ‘PSgampois.o’, ‘PSgamprob.o’
Compiled code should not call entry points which might terminate R nor
write to stdout/stderr instead of to the console, nor the system RNG.
See ‘Writing portable packages’ in the ‘Writing R Extensions’ manual.
Flavors: r-devel-macos-x86_64-clang, r-release-osx-x86_64-mavericks
Version: 1.1-6
Check: compiled code
Result: NOTE
File ‘DPpackage/libs/DPpackage.so’:
Found ‘__f90_esuw’, possibly from ‘write’ (Fortran)
Objects: ‘DPdensityreg.o’, ‘LDBDPdensity.o’, ‘LDDPdensity.o’,
‘LDDPsurvival.o’, ‘LDPDdoublyintsba.o’, ‘LDTFPdensity.o’,
‘LDTFPglmmpois.o’, ‘LDTFPsurvival.o’, ‘PSgamgam.o’,
‘PSgamgauss.o’, ‘PSgamlogit.o’, ‘PSgampois.o’, ‘PSgamprob.o’
Compiled code should not call entry points which might terminate R nor
write to stdout/stderr instead of to the console, nor the system RNG.
See ‘Writing portable packages’ in the ‘Writing R Extensions’ manual.
Flavor: r-patched-solaris-x86
Version: 1.1-6
Check: compiled code
Result: NOTE
File 'DPpackage/libs/i386/DPpackage.dll':
Found '_gfortran_st_write', possibly from 'write' (Fortran), 'print'
(Fortran)
Objects: 'DPdensityreg.o', 'LDBDPdensity.o', 'LDDPdensity.o',
'LDDPsurvival.o', 'LDPDdoublyintsba.o', 'LDTFPdensity.o',
'LDTFPglmmpois.o', 'LDTFPsurvival.o', 'PSgamgam.o',
'PSgamgauss.o', 'PSgamlogit.o', 'PSgampois.o', 'PSgamprob.o'
File 'DPpackage/libs/x64/DPpackage.dll':
Found '_gfortran_st_write', possibly from 'write' (Fortran), 'print'
(Fortran)
Objects: 'DPdensityreg.o', 'LDBDPdensity.o', 'LDDPdensity.o',
'LDDPsurvival.o', 'LDPDdoublyintsba.o', 'LDTFPdensity.o',
'LDTFPglmmpois.o', 'LDTFPsurvival.o', 'PSgamgam.o',
'PSgamgauss.o', 'PSgamlogit.o', 'PSgampois.o', 'PSgamprob.o'
Compiled code should not call entry points which might terminate R nor
write to stdout/stderr instead of to the console, nor the system RNG.
See 'Writing portable packages' in the 'Writing R Extensions' manual.
Flavor: r-oldrel-windows-ix86+x86_64