Last updated on 2016-10-24 23:48:13.
Flavor | Version | Tinstall | Tcheck | Ttotal | Status | Flags |
---|---|---|---|---|---|---|
r-devel-linux-x86_64-debian-clang | 2.1-1 | 0.72 | 29.42 | 30.13 | NOTE | |
r-devel-linux-x86_64-debian-gcc | 2.1-1 | 0.76 | 28.72 | 29.48 | NOTE | |
r-devel-linux-x86_64-fedora-clang | 2.1-1 | 49.72 | NOTE | |||
r-devel-linux-x86_64-fedora-gcc | 2.1-1 | 48.04 | NOTE | |||
r-devel-macos-x86_64-clang | 2.1-1 | 41.23 | NOTE | |||
r-devel-windows-ix86+x86_64 | 2.1-1 | 4.00 | 47.00 | 51.00 | NOTE | |
r-patched-linux-x86_64 | 2.1-1 | 0.66 | 27.02 | 27.68 | NOTE | |
r-patched-solaris-sparc | 2.1-1 | 295.60 | NOTE | |||
r-patched-solaris-x86 | 2.1-1 | 52.70 | NOTE | |||
r-release-linux-x86_64 | 2.1-1 | 0.65 | 27.27 | 27.92 | NOTE | |
r-release-osx-x86_64-mavericks | 2.1-1 | NOTE | ||||
r-release-windows-ix86+x86_64 | 2.1-1 | 2.00 | 48.00 | 50.00 | NOTE | |
r-oldrel-windows-ix86+x86_64 | 2.1-1 | 2.00 | 49.00 | 51.00 | OK |
Version: 2.1-1
Check: R code for possible problems
Result: NOTE
efron.petrosian: no visible global function definition for ‘dev.new’
efron.petrosian: no visible global function definition for ‘par’
efron.petrosian: no visible global function definition for ‘plot’
efron.petrosian: no visible global function definition for ‘segments’
lynden: no visible global function definition for ‘dev.new’
lynden: no visible global function definition for ‘par’
lynden: no visible global function definition for ‘plot’
lynden: no visible global function definition for ‘segments’
shen: no visible global function definition for ‘image’
shen: no visible global function definition for ‘runif’
shen: no visible global function definition for ‘filled.contour’
shen: no visible binding for global variable ‘rainbow’
shen: no visible binding for global variable ‘topo.colors’
shen: no visible global function definition for ‘topo.colors’
shen: no visible global function definition for ‘persp’
shen: no visible global function definition for ‘dev.new’
shen: no visible global function definition for ‘par’
shen: no visible global function definition for ‘plot’
shen: no visible global function definition for ‘segments’
Undefined global functions or variables:
dev.new filled.contour image par persp plot rainbow runif segments
topo.colors
Consider adding
importFrom("grDevices", "dev.new", "rainbow", "topo.colors")
importFrom("graphics", "filled.contour", "image", "par", "persp",
"plot", "segments")
importFrom("stats", "runif")
to your NAMESPACE file.
Flavors: r-devel-linux-x86_64-debian-clang, r-devel-linux-x86_64-debian-gcc, r-devel-linux-x86_64-fedora-clang, r-devel-linux-x86_64-fedora-gcc, r-devel-macos-x86_64-clang, r-devel-windows-ix86+x86_64, r-patched-linux-x86_64, r-patched-solaris-sparc, r-patched-solaris-x86, r-release-linux-x86_64, r-release-osx-x86_64-mavericks, r-release-windows-ix86+x86_64