CRAN Package Check Results for Package FRESA.CAD

Last updated on 2016-10-24 23:48:16.

Flavor Version Tinstall Tcheck Ttotal Status Flags
r-devel-linux-x86_64-debian-clang 2.2.1 39.28 55.92 95.19 OK
r-devel-linux-x86_64-debian-gcc 2.2.1 41.23 55.44 96.67 NOTE
r-devel-linux-x86_64-fedora-clang 2.2.1 195.11 OK
r-devel-linux-x86_64-fedora-gcc 2.2.1 195.80 NOTE
r-devel-macos-x86_64-clang 2.2.1 140.88 OK
r-devel-windows-ix86+x86_64 2.2.1 135.00 148.00 283.00 OK
r-patched-linux-x86_64 2.2.1 35.69 53.65 89.35 NOTE
r-patched-solaris-sparc 2.2.1 953.10 OK
r-patched-solaris-x86 2.2.1 199.20 OK
r-release-linux-x86_64 2.2.1 35.67 52.66 88.33 NOTE
r-release-osx-x86_64-mavericks 2.2.1 OK
r-release-windows-ix86+x86_64 2.2.1 136.00 142.00 278.00 OK
r-oldrel-windows-ix86+x86_64 2.2.1 127.00 162.00 289.00 OK

Check Details

Version: 2.2.1
Check: installed package size
Result: NOTE
     installed size is 5.9Mb
     sub-directories of 1Mb or more:
     libs 5.5Mb
Flavors: r-devel-linux-x86_64-debian-gcc, r-devel-linux-x86_64-fedora-gcc, r-patched-linux-x86_64, r-release-linux-x86_64