Last updated on 2016-10-24 23:48:16.
Flavor | Version | Tinstall | Tcheck | Ttotal | Status | Flags |
---|---|---|---|---|---|---|
r-devel-linux-x86_64-debian-clang | 1.0 | 3.43 | 58.29 | 61.72 | OK | |
r-devel-linux-x86_64-debian-gcc | 1.0 | 3.77 | 57.24 | 61.01 | OK | |
r-devel-linux-x86_64-fedora-clang | 1.0 | 117.46 | OK | |||
r-devel-linux-x86_64-fedora-gcc | 1.0 | 112.99 | OK | |||
r-devel-macos-x86_64-clang | 1.0 | 86.91 | OK | |||
r-devel-windows-ix86+x86_64 | 1.0 | 16.00 | 123.00 | 139.00 | OK | |
r-patched-linux-x86_64 | 1.0 | 3.50 | 53.82 | 57.31 | OK | |
r-patched-solaris-sparc | 1.0 | 644.00 | OK | |||
r-patched-solaris-x86 | 1.0 | 140.10 | OK | |||
r-release-linux-x86_64 | 1.0 | 3.36 | 53.83 | 57.19 | OK | |
r-release-osx-x86_64-mavericks | 1.0 | ERROR | ||||
r-release-windows-ix86+x86_64 | 1.0 | 12.00 | 118.00 | 130.00 | OK |
Version: 1.0
Check: whether package can be installed
Result: ERROR
Installation failed.
Flavor: r-release-osx-x86_64-mavericks