Last updated on 2016-10-24 23:48:17.
Flavor | Version | Tinstall | Tcheck | Ttotal | Status | Flags |
---|---|---|---|---|---|---|
r-devel-linux-x86_64-debian-clang | 0.10.0 | 26.01 | 30.27 | 56.28 | OK | |
r-devel-linux-x86_64-debian-gcc | 0.10.0 | 30.96 | 30.30 | 61.26 | OK | |
r-devel-linux-x86_64-fedora-clang | 0.10.0 | 108.18 | OK | |||
r-devel-linux-x86_64-fedora-gcc | 0.10.0 | 112.70 | OK | |||
r-devel-macos-x86_64-clang | 0.10.0 | 79.05 | OK | |||
r-devel-windows-ix86+x86_64 | 0.10.0 | 113.00 | 79.00 | 192.00 | WARN | |
r-patched-linux-x86_64 | 0.10.0 | 24.62 | 28.87 | 53.49 | OK | |
r-patched-solaris-sparc | 0.10.0 | 584.40 | OK | |||
r-patched-solaris-x86 | 0.10.0 | 111.50 | OK | |||
r-release-linux-x86_64 | 0.10.0 | 24.59 | 29.20 | 53.80 | OK | |
r-release-osx-x86_64-mavericks | 0.10.0 | OK | ||||
r-release-windows-ix86+x86_64 | 0.10.0 | 130.00 | 78.00 | 208.00 | OK | |
r-oldrel-windows-ix86+x86_64 | 0.10.0 | 119.00 | 91.00 | 210.00 | OK |
Memtest notes: clang-UBSAN
Version: 0.10.0
Check: whether package can be installed
Result: WARN
Found the following significant warnings:
d:\RCompile\CRANpkg\lib\3.4/RcppParallel/include/tthread/tinythread.h:632:14: warning: ISO C++ 1998 does not support 'long long' [-Wlong-long]
Flavor: r-devel-windows-ix86+x86_64