Last updated on 2016-10-24 23:48:17.
Flavor | Version | Tinstall | Tcheck | Ttotal | Status | Flags |
---|---|---|---|---|---|---|
r-devel-linux-x86_64-debian-clang | 1.0-2 | 0.56 | 11.49 | 12.05 | NOTE | |
r-devel-linux-x86_64-debian-gcc | 1.0-2 | 0.56 | 11.63 | 12.19 | NOTE | |
r-devel-linux-x86_64-fedora-clang | 1.0-2 | 20.77 | NOTE | |||
r-devel-linux-x86_64-fedora-gcc | 1.0-2 | 19.73 | NOTE | |||
r-devel-macos-x86_64-clang | 1.0-2 | 18.34 | NOTE | |||
r-devel-windows-ix86+x86_64 | 1.0-2 | 5.00 | 29.00 | 34.00 | NOTE | |
r-patched-linux-x86_64 | 1.0-2 | 0.59 | 10.47 | 11.06 | NOTE | |
r-patched-solaris-sparc | 1.0-2 | 122.00 | NOTE | |||
r-patched-solaris-x86 | 1.0-2 | 25.30 | NOTE | |||
r-release-linux-x86_64 | 1.0-2 | 0.55 | 10.42 | 10.97 | NOTE | |
r-release-osx-x86_64-mavericks | 1.0-2 | NOTE | ||||
r-release-windows-ix86+x86_64 | 1.0-2 | 3.00 | 26.00 | 29.00 | NOTE | |
r-oldrel-windows-ix86+x86_64 | 1.0-2 | 2.00 | 22.00 | 24.00 | OK |
Version: 1.0-2
Check: R code for possible problems
Result: NOTE
clopper.pearson.ci: no visible global function definition for ‘qbeta’
cm.clopper.pearson.ci: no visible global function definition for
‘uniroot’
cm.clopper.pearson.ci : <anonymous>: no visible global function
definition for ‘pbeta’
cm.n.clopper.pearson: no visible global function definition for
‘uniroot’
cm.n.clopper.pearson : <anonymous>: no visible global function
definition for ‘pbeta’
n.clopper.pearson: no visible global function definition for ‘uniroot’
n.clopper.pearson : <anonymous>: no visible global function definition
for ‘pbeta’
rgbinom: no visible global function definition for ‘runif’
Undefined global functions or variables:
pbeta qbeta runif uniroot
Consider adding
importFrom("stats", "pbeta", "qbeta", "runif", "uniroot")
to your NAMESPACE file.
Flavors: r-devel-linux-x86_64-debian-clang, r-devel-linux-x86_64-debian-gcc, r-devel-linux-x86_64-fedora-clang, r-devel-linux-x86_64-fedora-gcc, r-devel-macos-x86_64-clang, r-devel-windows-ix86+x86_64, r-patched-linux-x86_64, r-patched-solaris-sparc, r-patched-solaris-x86, r-release-linux-x86_64, r-release-osx-x86_64-mavericks, r-release-windows-ix86+x86_64