Last updated on 2016-10-24 23:48:17.
Flavor | Version | Tinstall | Tcheck | Ttotal | Status | Flags |
---|---|---|---|---|---|---|
r-devel-linux-x86_64-debian-clang | 0.0.1 | 1.12 | 26.28 | 27.40 | NOTE | |
r-devel-linux-x86_64-debian-gcc | 0.0.1 | 3.12 | 26.28 | 29.41 | NOTE | |
r-devel-linux-x86_64-fedora-clang | 0.0.1 | 49.95 | NOTE | |||
r-devel-linux-x86_64-fedora-gcc | 0.0.1 | 50.34 | NOTE | |||
r-devel-macos-x86_64-clang | 0.0.1 | 41.57 | NOTE | |||
r-devel-windows-ix86+x86_64 | 0.0.1 | 11.00 | 52.00 | 63.00 | NOTE | |
r-patched-linux-x86_64 | 0.0.1 | 1.18 | 24.08 | 25.26 | NOTE | |
r-patched-solaris-sparc | 0.0.1 | 164.60 | WARN | |||
r-patched-solaris-x86 | 0.0.1 | 37.20 | WARN | |||
r-release-linux-x86_64 | 0.0.1 | 1.03 | 24.26 | 25.29 | NOTE | |
r-release-osx-x86_64-mavericks | 0.0.1 | WARN | ||||
r-release-windows-ix86+x86_64 | 0.0.1 | 7.00 | 68.00 | 75.00 | NOTE | |
r-oldrel-windows-ix86+x86_64 | 0.0.1 | 9.00 | 71.00 | 80.00 | NOTE |
Version: 0.0.1
Check: installed package size
Result: NOTE
installed size is 5.1Mb
sub-directories of 1Mb or more:
doc 5.0Mb
Flavors: r-devel-linux-x86_64-debian-clang, r-devel-linux-x86_64-debian-gcc, r-devel-linux-x86_64-fedora-clang, r-devel-linux-x86_64-fedora-gcc, r-devel-macos-x86_64-clang, r-devel-windows-ix86+x86_64, r-patched-linux-x86_64, r-patched-solaris-sparc, r-patched-solaris-x86, r-release-linux-x86_64, r-release-osx-x86_64-mavericks, r-release-windows-ix86+x86_64, r-oldrel-windows-ix86+x86_64
Version: 0.0.1
Check: package dependencies
Result: NOTE
Package suggested but not available for checking: ‘microbenchmark’
Flavors: r-patched-solaris-sparc, r-patched-solaris-x86
Version: 0.0.1
Check: re-building of vignette outputs
Result: WARN
Error in re-building vignettes:
...
Warning: It seems you should call rmarkdown::render() instead of knitr::knit2html() because tutorial.Rmd appears to be an R Markdown v2 document.
Quitting from lines 102-103 (tutorial.Rmd)
Error: processing vignette 'tutorial.Rmd' failed with diagnostics:
cannot open the connection
Execution halted
Flavors: r-patched-solaris-sparc, r-patched-solaris-x86, r-release-osx-x86_64-mavericks