CRAN Package Check Results for Package ISOcodes

Last updated on 2016-10-24 23:48:20.

Flavor Version Tinstall Tcheck Ttotal Status Flags
r-devel-linux-x86_64-debian-clang 2016.03.15 0.63 6.04 6.67 OK
r-devel-linux-x86_64-debian-gcc 2016.03.15 0.74 5.83 6.57 OK
r-devel-linux-x86_64-fedora-clang 2016.03.15 11.21 NOTE
r-devel-linux-x86_64-fedora-gcc 2016.03.15 11.73 NOTE
r-devel-macos-x86_64-clang 2016.03.15 10.49 NOTE
r-devel-windows-ix86+x86_64 2016.03.15 4.00 21.00 25.00 OK
r-patched-linux-x86_64 2016.03.15 0.70 5.71 6.41 OK
r-patched-solaris-sparc 2016.03.15 63.80 NOTE
r-patched-solaris-x86 2016.03.15 16.20 NOTE
r-release-linux-x86_64 2016.03.15 0.60 5.68 6.28 OK
r-release-osx-x86_64-mavericks 2016.03.15 NOTE
r-release-windows-ix86+x86_64 2016.03.15 2.00 17.00 19.00 OK
r-oldrel-windows-ix86+x86_64 2016.03.15 2.00 16.00 18.00 NOTE

Check Details

Version: 2016.03.15
Check: data for non-ASCII characters
Result: NOTE
     Note: found 7090 marked UTF-8 strings
Flavors: r-devel-linux-x86_64-fedora-clang, r-devel-linux-x86_64-fedora-gcc, r-devel-macos-x86_64-clang, r-patched-solaris-sparc, r-patched-solaris-x86, r-release-osx-x86_64-mavericks, r-oldrel-windows-ix86+x86_64