CRAN Package Check Results for Package InPosition

Last updated on 2016-10-24 23:48:20.

Flavor Version Tinstall Tcheck Ttotal Status Flags
r-devel-linux-x86_64-debian-clang 0.12.7 0.70 17.37 18.07 NOTE
r-devel-linux-x86_64-debian-gcc 0.12.7 0.72 17.29 18.01 NOTE
r-devel-linux-x86_64-fedora-clang 0.12.7 32.89 NOTE
r-devel-linux-x86_64-fedora-gcc 0.12.7 32.48 NOTE
r-devel-macos-x86_64-clang 0.12.7 29.46 NOTE
r-devel-windows-ix86+x86_64 0.12.7 6.00 45.00 51.00 NOTE
r-patched-linux-x86_64 0.12.7 0.68 15.97 16.65 NOTE
r-patched-solaris-sparc 0.12.7 205.20 NOTE
r-patched-solaris-x86 0.12.7 47.60 NOTE
r-release-linux-x86_64 0.12.7 0.68 16.29 16.97 NOTE
r-release-osx-x86_64-mavericks 0.12.7 NOTE
r-release-windows-ix86+x86_64 0.12.7 3.00 43.00 46.00 NOTE
r-oldrel-windows-ix86+x86_64 0.12.7 3.00 42.00 45.00 NOTE

Check Details

Version: 0.12.7
Check: dependencies in R code
Result: NOTE
    Packages in Depends field not imported from:
     ‘ExPosition’ ‘prettyGraphs’
     These packages need to be imported from (in the NAMESPACE file)
     for when this namespace is loaded but not attached.
Flavors: r-devel-linux-x86_64-debian-clang, r-devel-linux-x86_64-debian-gcc, r-devel-linux-x86_64-fedora-clang, r-devel-linux-x86_64-fedora-gcc, r-devel-macos-x86_64-clang, r-devel-windows-ix86+x86_64, r-patched-linux-x86_64, r-patched-solaris-sparc, r-patched-solaris-x86, r-release-linux-x86_64, r-release-osx-x86_64-mavericks, r-release-windows-ix86+x86_64, r-oldrel-windows-ix86+x86_64

Version: 0.12.7
Check: S3 generic/method consistency
Result: NOTE
    Found the following apparent S3 methods exported but not registered:
     print.epCA.inference.battery print.epGPCA.inference.battery
     print.epMCA.inference.battery print.epPCA.inference.battery
     print.inpoBoot print.inpoBootTests print.inpoComponents
     print.inpoOmni print.inpoOutput
    See section ‘Registering S3 methods’ in the ‘Writing R Extensions’
    manual.
Flavors: r-devel-linux-x86_64-debian-clang, r-devel-linux-x86_64-debian-gcc, r-devel-linux-x86_64-fedora-clang, r-devel-linux-x86_64-fedora-gcc, r-devel-macos-x86_64-clang, r-patched-linux-x86_64, r-patched-solaris-sparc, r-patched-solaris-x86, r-release-linux-x86_64

Version: 0.12.7
Check: R code for possible problems
Result: NOTE
    boot.compute.fj: no visible global function definition for
     ‘supplementaryCols’
    caChiTest: no visible global function definition for ‘pchisq’
    caChiTest: no visible global function definition for ‘pnorm’
    epCA.inference.battery : permute.components.ca: no visible global
     function definition for ‘epCA’
    epCA.inference.battery: no visible global function definition for
     ‘epCA’
    epCA.inference.battery: no visible global function definition for
     ‘txtProgressBar’
    epCA.inference.battery: no visible global function definition for
     ‘setTxtProgressBar’
    epGPCA.inference.battery : permute.components.pca: no visible global
     function definition for ‘epGPCA’
    epGPCA.inference.battery: no visible global function definition for
     ‘epGPCA’
    epGPCA.inference.battery: no visible global function definition for
     ‘txtProgressBar’
    epGPCA.inference.battery: no visible global function definition for
     ‘setTxtProgressBar’
    epMCA.inference.battery : permute.components.mca: no visible global
     function definition for ‘epMCA’
    epMCA.inference.battery: no visible global function definition for
     ‘makeNominalData’
    epMCA.inference.battery: no visible global function definition for
     ‘epMCA’
    epMCA.inference.battery: no visible global function definition for
     ‘txtProgressBar’
    epMCA.inference.battery: no visible global function definition for
     ‘setTxtProgressBar’
    epPCA.inference.battery : permute.components.pca: no visible global
     function definition for ‘epPCA’
    epPCA.inference.battery: no visible global function definition for
     ‘epPCA’
    epPCA.inference.battery: no visible global function definition for
     ‘txtProgressBar’
    epPCA.inference.battery: no visible global function definition for
     ‘setTxtProgressBar’
    inGraphs: no visible global function definition for
     ‘createColorVectorsByDesign’
    inGraphs: no visible global function definition for
     ‘calculateConstraints’
    inGraphs: no visible global function definition for ‘prettyPlot’
    inGraphs: no visible global function definition for ‘prettyBars’
    Undefined global functions or variables:
     calculateConstraints createColorVectorsByDesign epCA epGPCA epMCA
     epPCA makeNominalData pchisq pnorm prettyBars prettyPlot
     setTxtProgressBar supplementaryCols txtProgressBar
    Consider adding
     importFrom("stats", "pchisq", "pnorm")
     importFrom("utils", "setTxtProgressBar", "txtProgressBar")
    to your NAMESPACE file.
Flavors: r-devel-linux-x86_64-debian-clang, r-devel-linux-x86_64-debian-gcc, r-devel-linux-x86_64-fedora-clang, r-devel-linux-x86_64-fedora-gcc, r-devel-macos-x86_64-clang, r-devel-windows-ix86+x86_64, r-patched-linux-x86_64, r-patched-solaris-sparc, r-patched-solaris-x86, r-release-linux-x86_64, r-release-osx-x86_64-mavericks, r-release-windows-ix86+x86_64

Version: 0.12.7
Check: R code for possible problems
Result: NOTE
    boot.compute.fj: no visible global function definition for
     'supplementaryCols'
    epCA.inference.battery : permute.components.ca: no visible global
     function definition for 'epCA'
    epCA.inference.battery: no visible global function definition for
     'epCA'
    epGPCA.inference.battery : permute.components.pca: no visible global
     function definition for 'epGPCA'
    epGPCA.inference.battery: no visible global function definition for
     'epGPCA'
    epMCA.inference.battery : permute.components.mca: no visible global
     function definition for 'epMCA'
    epMCA.inference.battery: no visible global function definition for
     'makeNominalData'
    epMCA.inference.battery: no visible global function definition for
     'epMCA'
    epPCA.inference.battery : permute.components.pca: no visible global
     function definition for 'epPCA'
    epPCA.inference.battery: no visible global function definition for
     'epPCA'
    inGraphs: no visible global function definition for
     'createColorVectorsByDesign'
    inGraphs: no visible global function definition for
     'calculateConstraints'
    inGraphs: no visible global function definition for 'prettyPlot'
    inGraphs: no visible global function definition for 'prettyBars'
Flavor: r-oldrel-windows-ix86+x86_64