Last updated on 2016-10-24 23:48:20.
Flavor | Version | Tinstall | Tcheck | Ttotal | Status | Flags |
---|---|---|---|---|---|---|
r-devel-linux-x86_64-debian-clang | 1.1 | 24.32 | 31.10 | 55.42 | NOTE | |
r-devel-linux-x86_64-debian-gcc | 1.1 | 27.67 | 31.12 | 58.79 | NOTE | |
r-devel-linux-x86_64-fedora-clang | 1.1 | 40.25 | ERROR | |||
r-devel-linux-x86_64-fedora-gcc | 1.1 | 108.58 | NOTE | |||
r-devel-macos-x86_64-clang | 1.1 | 25.02 | ERROR | |||
r-devel-windows-ix86+x86_64 | 1.1 | 104.00 | 96.00 | 200.00 | NOTE | |
r-patched-linux-x86_64 | 1.1 | 21.66 | 29.30 | 50.96 | NOTE | |
r-patched-solaris-sparc | 1.1 | 522.00 | OK | |||
r-patched-solaris-x86 | 1.1 | 107.80 | OK | |||
r-release-linux-x86_64 | 1.1 | 22.22 | 29.26 | 51.48 | NOTE | |
r-release-osx-x86_64-mavericks | 1.1 | ERROR | ||||
r-release-windows-ix86+x86_64 | 1.1 | 107.00 | 99.00 | 206.00 | NOTE | |
r-oldrel-windows-ix86+x86_64 | 1.1 | 97.00 | 105.00 | 202.00 | NOTE |
Memtest notes: clang-ASAN gcc6-ASAN gcc7-ASAN
Version: 1.1
Check: installed package size
Result: NOTE
installed size is 6.0Mb
sub-directories of 1Mb or more:
data 2.5Mb
libs 2.5Mb
Flavors: r-devel-linux-x86_64-debian-clang, r-devel-linux-x86_64-debian-gcc, r-devel-linux-x86_64-fedora-gcc, r-devel-windows-ix86+x86_64, r-patched-linux-x86_64, r-release-linux-x86_64, r-release-windows-ix86+x86_64, r-oldrel-windows-ix86+x86_64
Version: 1.1
Check: whether package can be installed
Result: ERROR
Installation failed.
Flavors: r-devel-linux-x86_64-fedora-clang, r-devel-macos-x86_64-clang, r-release-osx-x86_64-mavericks