Last updated on 2016-10-24 23:48:21.
Flavor | Version | Tinstall | Tcheck | Ttotal | Status | Flags |
---|---|---|---|---|---|---|
r-devel-linux-x86_64-debian-clang | 1.0 | 0.87 | 11.87 | 12.75 | OK | |
r-devel-linux-x86_64-debian-gcc | 1.0 | 0.93 | 12.11 | 13.04 | OK | |
r-devel-linux-x86_64-fedora-clang | 1.0 | 21.46 | OK | |||
r-devel-linux-x86_64-fedora-gcc | 1.0 | 20.53 | OK | |||
r-devel-macos-x86_64-clang | 1.0 | 19.57 | OK | |||
r-devel-windows-ix86+x86_64 | 1.0 | 6.00 | 26.00 | 32.00 | WARN | |
r-patched-linux-x86_64 | 1.0 | 1.00 | 10.92 | 11.92 | OK | |
r-patched-solaris-sparc | 1.0 | 118.80 | OK | |||
r-patched-solaris-x86 | 1.0 | 27.70 | OK | |||
r-release-linux-x86_64 | 1.0 | 0.79 | 10.57 | 11.36 | OK | |
r-release-osx-x86_64-mavericks | 1.0 | OK | ||||
r-release-windows-ix86+x86_64 | 1.0 | 3.00 | 25.00 | 28.00 | OK | |
r-oldrel-windows-ix86+x86_64 | 1.0 | 3.00 | 24.00 | 27.00 | OK |
Version: 1.0
Check: Rd cross-references
Result: WARN
Warning in gzfile(file, "rb") :
cannot open compressed file 'd:\RCompile\CRANpkg\lib\3.4/Matrix/Meta/Rd.rds', probable reason 'Permission denied'
Error in gzfile(file, "rb") : cannot open the connection
Calls: <Anonymous> -> lapply -> FUN -> readRDS -> gzfile
Execution halted
Flavor: r-devel-windows-ix86+x86_64