Last updated on 2016-10-24 23:48:22.
Flavor | Version | Tinstall | Tcheck | Ttotal | Status | Flags |
---|---|---|---|---|---|---|
r-devel-linux-x86_64-debian-clang | 0.4-3 | 43.68 | 29.53 | 73.21 | OK | |
r-devel-linux-x86_64-debian-gcc | 0.4-3 | 46.49 | 29.92 | 76.42 | NOTE | |
r-devel-linux-x86_64-fedora-clang | 0.4-3 | 147.33 | NOTE | |||
r-devel-linux-x86_64-fedora-gcc | 0.4-3 | 154.57 | NOTE | |||
r-devel-macos-x86_64-clang | 0.4-3 | 99.73 | OK | |||
r-devel-windows-ix86+x86_64 | 0.4-3 | 170.00 | 81.00 | 251.00 | OK | |
r-patched-linux-x86_64 | 0.4-3 | 36.34 | 28.30 | 64.64 | NOTE | |
r-patched-solaris-sparc | 0.4-3 | 759.10 | OK | |||
r-patched-solaris-x86 | 0.4-3 | 144.20 | OK | |||
r-release-linux-x86_64 | 0.4-3 | 35.92 | 27.59 | 63.51 | NOTE | |
r-release-osx-x86_64-mavericks | 0.4-3 | NOTE | ||||
r-release-windows-ix86+x86_64 | 0.4-3 | 176.00 | 82.00 | 258.00 | OK | |
r-oldrel-windows-ix86+x86_64 | 0.4-3 | 166.00 | 92.00 | 258.00 | OK |
Version: 0.4-3
Check: installed package size
Result: NOTE
installed size is 6.1Mb
sub-directories of 1Mb or more:
data 2.7Mb
libs 3.2Mb
Flavors: r-devel-linux-x86_64-debian-gcc, r-devel-linux-x86_64-fedora-clang, r-devel-linux-x86_64-fedora-gcc, r-patched-linux-x86_64, r-release-linux-x86_64, r-release-osx-x86_64-mavericks