CRAN Package Check Results for Package Mediana

Last updated on 2016-10-24 23:48:22.

Flavor Version Tinstall Tcheck Ttotal Status Flags
r-devel-linux-x86_64-debian-clang 1.0.3 2.34 44.32 46.66 OK
r-devel-linux-x86_64-debian-gcc 1.0.3 2.78 43.65 46.43 OK
r-devel-linux-x86_64-fedora-clang 1.0.3 83.01 NOTE
r-devel-linux-x86_64-fedora-gcc 1.0.3 88.56 NOTE
r-devel-macos-x86_64-clang 1.0.3 67.63 NOTE
r-devel-windows-ix86+x86_64 1.0.3 16.00 71.00 87.00 OK
r-patched-linux-x86_64 1.0.3 2.55 43.37 45.92 OK
r-patched-solaris-sparc 1.0.3 460.40 NOTE
r-patched-solaris-x86 1.0.3 99.90 NOTE
r-release-linux-x86_64 1.0.3 2.43 42.74 45.17 OK
r-release-osx-x86_64-mavericks 1.0.3 NOTE
r-release-windows-ix86+x86_64 1.0.3 12.00 99.00 111.00 OK
r-oldrel-windows-ix86+x86_64 1.0.3 13.00 101.00 114.00 NOTE

Check Details

Version: 1.0.3
Check: dependencies in R code
Result: NOTE
    Namespace in Imports field not imported from: ‘utils’
     All declared Imports should be used.
Flavors: r-devel-linux-x86_64-fedora-clang, r-devel-linux-x86_64-fedora-gcc, r-devel-macos-x86_64-clang, r-patched-solaris-sparc, r-patched-solaris-x86, r-release-osx-x86_64-mavericks, r-oldrel-windows-ix86+x86_64