CRAN Package Check Results for Package MetFns

Last updated on 2016-10-24 23:48:23.

Flavor Version Tinstall Tcheck Ttotal Status Flags
r-devel-linux-x86_64-debian-clang 2.1.0 2.73 44.78 47.51 OK
r-devel-linux-x86_64-debian-gcc 2.1.0 3.05 44.96 48.01 OK
r-devel-linux-x86_64-fedora-clang 2.1.0 88.71 OK
r-devel-linux-x86_64-fedora-gcc 2.1.0 98.35 OK
r-devel-macos-x86_64-clang 2.1.0 74.57 OK
r-devel-windows-ix86+x86_64 2.1.0 17.00 115.00 132.00 OK
r-patched-linux-x86_64 2.1.0 2.71 44.18 46.89 OK
r-patched-solaris-sparc 2.1.0 597.00 NOTE
r-patched-solaris-x86 2.1.0 110.70 NOTE
r-release-linux-x86_64 2.1.0 2.88 43.80 46.68 OK
r-release-osx-x86_64-mavericks 2.1.0 OK
r-release-windows-ix86+x86_64 2.1.0 13.00 109.00 122.00 OK
r-oldrel-windows-ix86+x86_64 2.0 15.00 115.00 130.00 OK

Check Details

Version: 2.1.0
Check: installed package size
Result: NOTE
     installed size is 5.6Mb
     sub-directories of 1Mb or more:
     data 5.3Mb
Flavors: r-patched-solaris-sparc, r-patched-solaris-x86