Last updated on 2016-10-24 23:48:23.
Flavor | Version | Tinstall | Tcheck | Ttotal | Status | Flags |
---|---|---|---|---|---|---|
r-devel-linux-x86_64-debian-clang | 0.1 | 46.45 | 20.77 | 67.22 | NOTE | |
r-devel-linux-x86_64-debian-gcc | 0.1 | 52.52 | 20.22 | 72.74 | NOTE | |
r-devel-linux-x86_64-fedora-clang | 0.1 | 139.60 | NOTE | |||
r-devel-linux-x86_64-fedora-gcc | 0.1 | 154.43 | NOTE | |||
r-devel-macos-x86_64-clang | 0.1 | 93.07 | OK | |||
r-devel-windows-ix86+x86_64 | 0.1 | 186.00 | 64.00 | 250.00 | WARN | |
r-patched-linux-x86_64 | 0.1 | 41.96 | 19.71 | 61.68 | NOTE | |
r-patched-solaris-sparc | 0.1 | 645.50 | OK | |||
r-patched-solaris-x86 | 0.1 | 119.20 | OK | |||
r-release-linux-x86_64 | 0.1 | 42.98 | 19.34 | 62.32 | NOTE | |
r-release-osx-x86_64-mavericks | 0.1 | NOTE | ||||
r-release-windows-ix86+x86_64 | 0.1 | 183.00 | 48.00 | 231.00 | OK | |
r-oldrel-windows-ix86+x86_64 | 0.1 | 178.00 | 73.00 | 251.00 | OK |
Version: 0.1
Check: installed package size
Result: NOTE
installed size is 5.4Mb
sub-directories of 1Mb or more:
libs 5.0Mb
Flavors: r-devel-linux-x86_64-debian-clang, r-devel-linux-x86_64-debian-gcc, r-devel-linux-x86_64-fedora-clang, r-devel-linux-x86_64-fedora-gcc, r-patched-linux-x86_64, r-release-linux-x86_64, r-release-osx-x86_64-mavericks
Version: 0.1
Check: whether package can be installed
Result: WARN
Found the following significant warnings:
d:\RCompile\CRANpkg\lib\3.4/BH/include/boost/unordered/detail/buckets.hpp:703:29: warning: ISO C++ 1998 does not support 'long long' [-Wlong-long]
d:\RCompile\CRANpkg\lib\3.4/BH/include/boost/unordered/detail/buckets.hpp:708:38: warning: ISO C++ 1998 does not support 'long long' [-Wlong-long]
Flavor: r-devel-windows-ix86+x86_64