CRAN Package Check Results for Package NFP

Last updated on 2016-10-24 23:48:25.

Flavor Version Tinstall Tcheck Ttotal Status Flags
r-devel-linux-x86_64-debian-clang 0.99.1 27.05 112.22 139.27 WARN
r-devel-linux-x86_64-debian-gcc 0.99.1 26.68 113.77 140.46 WARN
r-devel-linux-x86_64-fedora-clang 0.99.1 291.60 WARN
r-devel-linux-x86_64-fedora-gcc 0.99.1 292.32 WARN
r-devel-macos-x86_64-clang 0.99.1 221.01 WARN
r-devel-windows-ix86+x86_64 0.99.1 68.00 243.00 311.00 WARN
r-patched-linux-x86_64 0.99.1 27.13 114.68 141.81 NOTE
r-patched-solaris-sparc 0.99.1 1895.50 WARN
r-patched-solaris-x86 0.99.1 442.90 WARN
r-release-linux-x86_64 0.99.1 27.04 112.55 139.59 NOTE
r-release-osx-x86_64-mavericks 0.99.1 NOTE
r-release-windows-ix86+x86_64 0.99.1 65.00 243.00 308.00 NOTE
r-oldrel-windows-ix86+x86_64 0.99.1 68.00 246.00 314.00 NOTE

Check Details

Version: 0.99.1
Check: package dependencies
Result: NOTE
    Package suggested but not available for checking: ‘NFPdata’
Flavors: r-devel-linux-x86_64-debian-clang, r-devel-linux-x86_64-debian-gcc, r-devel-linux-x86_64-fedora-clang, r-devel-linux-x86_64-fedora-gcc, r-devel-macos-x86_64-clang, r-devel-windows-ix86+x86_64, r-patched-linux-x86_64, r-release-linux-x86_64, r-release-osx-x86_64-mavericks, r-release-windows-ix86+x86_64, r-oldrel-windows-ix86+x86_64

Version: 0.99.1
Check: installed package size
Result: NOTE
     installed size is 7.9Mb
     sub-directories of 1Mb or more:
     data 7.5Mb
Flavors: r-devel-linux-x86_64-debian-clang, r-devel-linux-x86_64-debian-gcc, r-devel-linux-x86_64-fedora-clang, r-devel-linux-x86_64-fedora-gcc, r-devel-macos-x86_64-clang, r-devel-windows-ix86+x86_64, r-patched-linux-x86_64, r-patched-solaris-sparc, r-patched-solaris-x86, r-release-linux-x86_64, r-release-osx-x86_64-mavericks, r-release-windows-ix86+x86_64, r-oldrel-windows-ix86+x86_64

Version: 0.99.1
Check: files in ‘vignettes’
Result: WARN
    Files in the 'vignettes' directory newer than same file in 'inst/doc':
     ‘NFP.Rnw’
Flavors: r-devel-linux-x86_64-debian-clang, r-devel-linux-x86_64-debian-gcc, r-devel-linux-x86_64-fedora-clang, r-devel-linux-x86_64-fedora-gcc, r-devel-macos-x86_64-clang, r-devel-windows-ix86+x86_64

Version: 0.99.1
Check: package dependencies
Result: NOTE
    Packages suggested but not available for checking: ‘graphite’ ‘NFPdata’
Flavors: r-patched-solaris-sparc, r-patched-solaris-x86

Version: 0.99.1
Check: re-building of vignette outputs
Result: WARN
    Error in re-building vignettes:
     ...
    Loading required package: graph
    Loading required package: BiocGenerics
    Loading required package: parallel
    
    Attaching package: 'BiocGenerics'
    
    The following objects are masked from 'package:parallel':
    
     clusterApply, clusterApplyLB, clusterCall, clusterEvalQ,
     clusterExport, clusterMap, parApply, parCapply, parLapply,
     parLapplyLB, parRapply, parSapply, parSapplyLB
    
    The following objects are masked from 'package:stats':
    
     IQR, mad, xtabs
    
    The following objects are masked from 'package:base':
    
     Filter, Find, Map, Position, Reduce, anyDuplicated, append,
     as.data.frame, cbind, colnames, do.call, duplicated, eval, evalq,
     get, grep, grepl, intersect, is.unsorted, lapply, lengths, mapply,
     match, mget, order, paste, pmax, pmax.int, pmin, pmin.int, rank,
     rbind, rownames, sapply, setdiff, sort, table, tapply, union,
     unique, unsplit
    
    Loading required package: graphite
    Warning in library(package, lib.loc = lib.loc, character.only = TRUE, logical.return = TRUE, :
     there is no package called 'graphite'
    Quitting from lines 185-193 (NFP.Rnw)
    Error: processing vignette 'NFP.Rnw' failed with diagnostics:
    could not find function "pathways"
    Execution halted
Flavor: r-patched-solaris-sparc

Version: 0.99.1
Check: re-building of vignette outputs
Result: WARN
    Error in re-building vignettes:
     ...
    Loading required package: graph
    Loading required package: BiocGenerics
    Loading required package: parallel
    
    Attaching package: 'BiocGenerics'
    
    The following objects are masked from 'package:parallel':
    
     clusterApply, clusterApplyLB, clusterCall, clusterEvalQ,
     clusterExport, clusterMap, parApply, parCapply, parLapply,
     parLapplyLB, parRapply, parSapply, parSapplyLB
    
    The following objects are masked from 'package:stats':
    
     IQR, mad, xtabs
    
    The following objects are masked from 'package:base':
    
     Filter, Find, Map, Position, Reduce, anyDuplicated, append,
     as.data.frame, cbind, colnames, do.call, duplicated, eval, evalq,
     get, grep, grepl, intersect, is.unsorted, lapply, lengths, mapply,
     match, mget, order, paste, pmax, pmax.int, pmin, pmin.int, rank,
     rbind, rownames, sapply, setdiff, sort, table, tapply, union,
     unique, unsplit, which, which.max, which.min
    
    Loading required package: graphite
    Warning in library(package, lib.loc = lib.loc, character.only = TRUE, logical.return = TRUE, :
     there is no package called 'graphite'
    Quitting from lines 185-193 (NFP.Rnw)
    Error: processing vignette 'NFP.Rnw' failed with diagnostics:
    could not find function "pathways"
    Execution halted
Flavor: r-patched-solaris-x86