CRAN Package Check Results for Package NoiseFiltersR

Last updated on 2016-10-24 23:48:25.

Flavor Version Tinstall Tcheck Ttotal Status Flags
r-devel-linux-x86_64-debian-clang 0.1.0 1.02 36.60 37.62 OK
r-devel-linux-x86_64-debian-gcc 0.1.0 0.94 36.19 37.13 OK
r-devel-linux-x86_64-fedora-clang 0.1.0 73.57 NOTE
r-devel-linux-x86_64-fedora-gcc 0.1.0 76.03 NOTE
r-devel-macos-x86_64-clang 0.1.0 58.89 NOTE
r-devel-windows-ix86+x86_64 0.1.0 6.00 86.00 92.00 OK
r-patched-linux-x86_64 0.1.0 0.92 35.89 36.81 OK
r-patched-solaris-sparc 0.1.0 394.10 NOTE
r-patched-solaris-x86 0.1.0 79.50 NOTE
r-release-linux-x86_64 0.1.0 0.90 35.06 35.96 OK
r-release-osx-x86_64-mavericks 0.1.0 ERROR
r-release-windows-ix86+x86_64 0.1.0 7.00 92.00 99.00 OK

Check Details

Version: 0.1.0
Check: dependencies in R code
Result: NOTE
    Namespace in Imports field not imported from: ‘rJava’
     All declared Imports should be used.
Flavors: r-devel-linux-x86_64-fedora-clang, r-devel-linux-x86_64-fedora-gcc, r-devel-macos-x86_64-clang, r-patched-solaris-sparc, r-patched-solaris-x86, r-release-osx-x86_64-mavericks

Version: 0.1.0
Check: examples
Result: ERROR
    Running examples in ‘NoiseFiltersR-Ex.R’ failed
    The error most likely occurred in:
    
    > ### Name: EF
    > ### Title: Ensemble Filter
    > ### Aliases: EF EF.default EF.formula
    >
    > ### ** Examples
    >
    > data(iris)
    > # We fix a seed since there exists a random partition for the ensemble
    > set.seed(1)
    > out <- EF(Species~., data = iris, consensus = FALSE)
    Error in .jnew("weka/core/Attribute", attname[i], .jcast(levels, "java/util/List")) :
     java.lang.UnsupportedClassVersionError: weka/core/Attribute : Unsupported major.minor version 51.0
    Calls: EF ... read_model_frame_into_Weka -> read_data_into_Weka -> .jnew -> .External
    Execution halted
Flavor: r-release-osx-x86_64-mavericks

Version: 0.1.0
Check: re-building of vignette outputs
Result: WARN
    Error in re-building vignettes:
     ...
    Quitting from lines 190-198 (NoiseFiltersR.Rnw)
    Error: processing vignette 'NoiseFiltersR.Rnw' failed with diagnostics:
    java.lang.UnsupportedClassVersionError: weka/core/Attribute : Unsupported major.minor version 51.0
    Execution halted
Flavor: r-release-osx-x86_64-mavericks