CRAN Package Check Results for Package OutrankingTools

Last updated on 2016-10-24 23:48:26.

Flavor Version Tinstall Tcheck Ttotal Status Flags
r-devel-linux-x86_64-debian-clang 1.0 0.74 18.84 19.58 NOTE
r-devel-linux-x86_64-debian-gcc 1.0 0.67 18.90 19.57 NOTE
r-devel-linux-x86_64-fedora-clang 1.0 34.06 NOTE
r-devel-linux-x86_64-fedora-gcc 1.0 33.32 NOTE
r-devel-macos-x86_64-clang 1.0 29.42 NOTE
r-devel-windows-ix86+x86_64 1.0 6.00 37.00 43.00 NOTE
r-patched-linux-x86_64 1.0 0.70 18.45 19.15 NOTE
r-patched-solaris-sparc 1.0 209.70 NOTE
r-patched-solaris-x86 1.0 42.50 NOTE
r-release-linux-x86_64 1.0 0.72 18.50 19.23 NOTE
r-release-osx-x86_64-mavericks 1.0 NOTE
r-release-windows-ix86+x86_64 1.0 6.00 47.00 53.00 NOTE
r-oldrel-windows-ix86+x86_64 1.0 5.00 47.00 52.00 OK

Check Details

Version: 1.0
Check: R code for possible problems
Result: NOTE
    Electre3_AlphaBetaThresholds: no visible global function definition for
     ‘plot’
    Electre3_SimpleThresholds: no visible global function definition for
     ‘plot’
    Electre_1: no visible global function definition for ‘plot’
    Undefined global functions or variables:
     plot
    Consider adding
     importFrom("graphics", "plot")
    to your NAMESPACE file.
Flavors: r-devel-linux-x86_64-debian-clang, r-devel-linux-x86_64-debian-gcc, r-devel-linux-x86_64-fedora-clang, r-devel-linux-x86_64-fedora-gcc, r-devel-macos-x86_64-clang, r-devel-windows-ix86+x86_64, r-patched-linux-x86_64, r-patched-solaris-sparc, r-patched-solaris-x86, r-release-linux-x86_64, r-release-osx-x86_64-mavericks, r-release-windows-ix86+x86_64