CRAN Package Check Results for Package PGRdup

Last updated on 2016-10-24 23:48:27.

Flavor Version Tinstall Tcheck Ttotal Status Flags
r-devel-linux-x86_64-debian-clang 0.2.2.1 3.07 145.59 148.66 OK
r-devel-linux-x86_64-debian-gcc 0.2.2.1 2.26 220.32 222.58 OK
r-devel-linux-x86_64-fedora-clang 0.2.2.1 136.01 OK
r-devel-linux-x86_64-fedora-gcc 0.2.2.1 135.12 OK
r-devel-macos-x86_64-clang 0.2.2.1 95.20 OK
r-devel-windows-ix86+x86_64 0.2.2.1 17.00 170.00 187.00 OK
r-patched-linux-x86_64 0.2.2.1 2.07 218.82 220.90 OK
r-patched-solaris-sparc 0.2.2.1 554.70 WARN
r-patched-solaris-x86 0.2.2.1 111.40 WARN
r-release-linux-x86_64 0.2.2.1 2.13 218.80 220.93 OK
r-release-osx-x86_64-mavericks 0.2.2.1 OK
r-release-windows-ix86+x86_64 0.2.2.1 13.00 161.00 174.00 OK
r-oldrel-windows-ix86+x86_64 0.2.2.1 15.00 138.00 153.00 OK

Check Details

Version: 0.2.2.1
Check: package dependencies
Result: NOTE
    Package suggested but not available for checking: ‘microbenchmark’
Flavors: r-patched-solaris-sparc, r-patched-solaris-x86

Version: 0.2.2.1
Check: re-building of vignette outputs
Result: WARN
    Error in re-building vignettes:
     ...
    Warning: It seems you should call rmarkdown::render() instead of knitr::knit2html() because Introduction.Rmd appears to be an R Markdown v2 document.
    ERROR: Duplicated records found in prim.key field
    ERROR: NULL records found in prim.key field
    OK: No duplicated records found in prim.key field
    OK: No NULL records found in prim.key field
    Quitting from lines 754-768 (Introduction.Rmd)
    Error: processing vignette 'Introduction.Rmd' failed with diagnostics:
    there is no package called 'microbenchmark'
    Execution halted
Flavors: r-patched-solaris-sparc, r-patched-solaris-x86