Last updated on 2016-10-24 23:48:28.
Flavor | Version | Tinstall | Tcheck | Ttotal | Status | Flags |
---|---|---|---|---|---|---|
r-devel-linux-x86_64-debian-clang | 1.0.1 | 0.90 | 24.03 | 24.93 | NOTE | |
r-devel-linux-x86_64-debian-gcc | 1.0.1 | 0.87 | 15.81 | 16.68 | NOTE | |
r-devel-linux-x86_64-fedora-clang | 1.0.1 | 22.28 | NOTE | |||
r-devel-linux-x86_64-fedora-gcc | 1.0.1 | 21.26 | NOTE | |||
r-devel-macos-x86_64-clang | 1.0.1 | 19.90 | OK | |||
r-devel-windows-ix86+x86_64 | 1.0.1 | 6.00 | 47.00 | 53.00 | OK | |
r-patched-linux-x86_64 | 1.0.1 | 0.80 | 14.76 | 15.57 | NOTE | |
r-patched-solaris-sparc | 1.0.1 | 117.30 | WARN | |||
r-patched-solaris-x86 | 1.0.1 | 27.70 | WARN | |||
r-release-linux-x86_64 | 1.0.1 | 0.81 | 14.43 | 15.24 | NOTE | |
r-release-osx-x86_64-mavericks | 1.0.1 | WARN | ||||
r-release-windows-ix86+x86_64 | 1.0.1 | 6.00 | 38.00 | 44.00 | OK | |
r-oldrel-windows-ix86+x86_64 | 1.0.1 | 6.00 | 39.00 | 45.00 | OK |
Version: 1.0.1
Check: installed package size
Result: NOTE
installed size is 5.0Mb
sub-directories of 1Mb or more:
doc 4.9Mb
Flavors: r-devel-linux-x86_64-debian-clang, r-devel-linux-x86_64-debian-gcc, r-devel-linux-x86_64-fedora-clang, r-devel-linux-x86_64-fedora-gcc, r-patched-linux-x86_64, r-patched-solaris-sparc, r-patched-solaris-x86, r-release-linux-x86_64
Version: 1.0.1
Check: re-building of vignette outputs
Result: WARN
Error in re-building vignettes:
...
Warning: It seems you should call rmarkdown::render() instead of knitr::knit2html() because PRISMA.Rmd appears to be an R Markdown v2 document.
Quitting from lines 31-43 (PRISMA.Rmd)
Error: processing vignette 'PRISMA.Rmd' failed with diagnostics:
cannot open the connection
Execution halted
Flavors: r-patched-solaris-sparc, r-patched-solaris-x86, r-release-osx-x86_64-mavericks