CRAN Package Check Results for Package RDocumentation

Last updated on 2016-10-24 23:48:30.

Flavor Version Tinstall Tcheck Ttotal Status Flags
r-devel-linux-x86_64-debian-clang 0.7.0 1.59 26.20 27.78 OK
r-devel-linux-x86_64-debian-gcc 0.7.0 1.67 26.30 27.97 OK
r-devel-linux-x86_64-fedora-clang 0.7.0 46.84 OK
r-devel-linux-x86_64-fedora-gcc 0.7.0 44.94 OK
r-devel-macos-x86_64-clang 0.7.0 37.28 OK
r-devel-windows-ix86+x86_64 0.7.0 11.00 54.00 65.00 OK
r-patched-linux-x86_64 0.7.0 1.64 25.14 26.78 OK
r-patched-solaris-sparc 0.7.0 284.80 OK
r-patched-solaris-x86 0.7.0 58.10 OK
r-release-linux-x86_64 0.7.0 1.58 25.39 26.97 OK
r-release-osx-x86_64-mavericks 0.7.0 ERROR
r-release-windows-ix86+x86_64 0.7.0 7.00 68.00 75.00 OK
r-oldrel-windows-ix86+x86_64 0.7.0 11.00 64.00 75.00 OK

Check Details

Version: 0.7.0
Check: tests
Result: ERROR
    Running the tests in ‘tests/testthat.R’ failed.
    Last 13 lines of output:
     Attributes: < Lengths: 1, 0 >
     Attributes: < names for target but not for current >
     Attributes: < current is not list-like >
     current is not list-like
    
    
     testthat results ================================================================
     OK: 16 SKIPPED: 0 FAILED: 2
     1. Failure: test_with_fields (@test-help.R#27)
     2. Failure: test_with_fields (@test-help.R#28)
    
     Error: testthat unit tests failed
     Execution halted
Flavor: r-release-osx-x86_64-mavericks