CRAN Package Check Results for Package RISmed

Last updated on 2016-10-24 23:48:31.

Flavor Version Tinstall Tcheck Ttotal Status Flags
r-devel-linux-x86_64-debian-clang 2.1.5 1.69 22.36 24.04 OK
r-devel-linux-x86_64-debian-gcc 2.1.5 1.79 22.34 24.13 OK
r-devel-linux-x86_64-fedora-clang 2.1.5 37.10 NOTE
r-devel-linux-x86_64-fedora-gcc 2.1.5 34.88 NOTE
r-devel-macos-x86_64-clang 2.1.5 31.38 NOTE
r-devel-windows-ix86+x86_64 2.1.5 14.00 46.00 60.00 OK
r-patched-linux-x86_64 2.1.5 1.62 22.45 24.08 OK
r-patched-solaris-sparc 2.1.5 214.60 NOTE
r-patched-solaris-x86 2.1.5 44.50 NOTE
r-release-linux-x86_64 2.1.5 1.66 23.32 24.98 OK
r-release-osx-x86_64-mavericks 2.1.5 NOTE
r-release-windows-ix86+x86_64 2.1.5 7.00 45.00 52.00 OK
r-oldrel-windows-ix86+x86_64 2.1.5 8.00 44.00 52.00 NOTE

Check Details

Version: 2.1.5
Check: data for non-ASCII characters
Result: NOTE
     Note: found 12 marked UTF-8 strings
Flavors: r-devel-linux-x86_64-fedora-clang, r-devel-linux-x86_64-fedora-gcc, r-devel-macos-x86_64-clang, r-patched-solaris-sparc, r-patched-solaris-x86, r-release-osx-x86_64-mavericks, r-oldrel-windows-ix86+x86_64