Last updated on 2016-10-24 23:48:32.
Flavor | Version | Tinstall | Tcheck | Ttotal | Status | Flags |
---|---|---|---|---|---|---|
r-devel-linux-x86_64-debian-clang | 1.0 | 1.99 | 25.29 | 27.28 | NOTE | |
r-devel-linux-x86_64-debian-gcc | 1.0 | 2.17 | 26.18 | 28.35 | NOTE | |
r-devel-linux-x86_64-fedora-clang | 1.0 | 63.17 | NOTE | |||
r-devel-linux-x86_64-fedora-gcc | 1.0 | 61.12 | NOTE | |||
r-devel-macos-x86_64-clang | 1.0 | 47.72 | NOTE | |||
r-devel-windows-ix86+x86_64 | 1.0 | 8.00 | 63.00 | 71.00 | NOTE | |
r-patched-linux-x86_64 | 1.0 | 1.96 | 24.08 | 26.05 | NOTE | |
r-patched-solaris-sparc | 1.0 | 335.80 | NOTE | |||
r-patched-solaris-x86 | 1.0 | 74.50 | NOTE | |||
r-release-linux-x86_64 | 1.0 | 2.19 | 24.00 | 26.19 | NOTE | |
r-release-osx-x86_64-mavericks | 1.0 | NOTE | ||||
r-release-windows-ix86+x86_64 | 1.0 | 8.00 | 47.00 | 55.00 | NOTE | |
r-oldrel-windows-ix86+x86_64 | 1.0 | 9.00 | 64.00 | 73.00 | NOTE |
Version: 1.0
Check: top-level files
Result: NOTE
Non-standard file/directory found at top level:
‘Read-and-delete-me’
Flavors: r-devel-linux-x86_64-debian-clang, r-devel-linux-x86_64-debian-gcc, r-devel-linux-x86_64-fedora-clang, r-devel-linux-x86_64-fedora-gcc, r-patched-linux-x86_64, r-release-linux-x86_64
Version: 1.0
Check: dependencies in R code
Result: NOTE
'library' or 'require' calls to packages already attached by Depends:
‘MASS’ ‘survival’
Please remove these calls from your code.
Packages in Depends field not imported from:
‘MASS’ ‘survival’
These packages need to be imported from (in the NAMESPACE file)
for when this namespace is loaded but not attached.
Flavors: r-devel-linux-x86_64-debian-clang, r-devel-linux-x86_64-debian-gcc, r-devel-linux-x86_64-fedora-clang, r-devel-linux-x86_64-fedora-gcc, r-devel-macos-x86_64-clang, r-devel-windows-ix86+x86_64, r-patched-linux-x86_64, r-patched-solaris-sparc, r-patched-solaris-x86, r-release-linux-x86_64, r-release-osx-x86_64-mavericks, r-release-windows-ix86+x86_64, r-oldrel-windows-ix86+x86_64
Version: 1.0
Check: R code for possible problems
Result: NOTE
GenerateData: no visible global function definition for ‘mvrnorm’
GetVarImp : FitPenalizedModel: no visible global function definition
for ‘clogit’
Undefined global functions or variables:
clogit mvrnorm
Flavors: r-devel-linux-x86_64-debian-clang, r-devel-linux-x86_64-debian-gcc, r-devel-linux-x86_64-fedora-clang, r-devel-linux-x86_64-fedora-gcc, r-devel-macos-x86_64-clang, r-devel-windows-ix86+x86_64, r-patched-linux-x86_64, r-patched-solaris-sparc, r-patched-solaris-x86, r-release-linux-x86_64, r-release-osx-x86_64-mavericks, r-release-windows-ix86+x86_64
Version: 1.0
Check: Rd line widths
Result: NOTE
Rd file 'GetVarImp.Rd':
\examples lines wider than 100 characters:
hist(MyResults, breaks=6, col="orange", xlab="Importance score", ylab="Number of features", main="Histogram of R-PCLR variable importan ... [TRUNCATED]
## Sort from most important (highest importance score) to least important feature (lowest importance score)
These lines will be truncated in the PDF manual.
Flavors: r-devel-linux-x86_64-debian-clang, r-devel-linux-x86_64-debian-gcc, r-devel-linux-x86_64-fedora-clang, r-devel-linux-x86_64-fedora-gcc, r-patched-linux-x86_64, r-release-linux-x86_64
Version: 1.0
Check: R code for possible problems
Result: NOTE
GenerateData: no visible global function definition for 'mvrnorm'
GetVarImp : FitPenalizedModel: no visible global function definition
for 'clogit'
Flavor: r-oldrel-windows-ix86+x86_64