CRAN Package Check Results for Package RPostgreSQL

Last updated on 2016-10-24 23:48:32.

Flavor Version Tinstall Tcheck Ttotal Status Flags
r-devel-linux-x86_64-debian-clang 0.4-1 3.49 23.05 26.54 NOTE
r-devel-linux-x86_64-debian-gcc 0.4-1 3.58 23.57 27.16 NOTE
r-devel-linux-x86_64-fedora-clang 0.4-1 47.68 NOTE
r-devel-linux-x86_64-fedora-gcc 0.4-1 46.28 NOTE
r-devel-macos-x86_64-clang 0.4-1 41.17 NOTE
r-devel-windows-ix86+x86_64 0.4-1 196.00 221.00 417.00 NOTE
r-patched-linux-x86_64 0.4-1 3.39 21.98 25.37 NOTE
r-patched-solaris-sparc 0.4-1 274.20 NOTE
r-patched-solaris-x86 0.4-1 59.30 NOTE
r-release-linux-x86_64 0.4-1 3.38 21.95 25.34 NOTE
r-release-osx-x86_64-mavericks 0.4-1 NOTE
r-release-windows-ix86+x86_64 0.4-1 173.00 222.00 395.00 NOTE
r-oldrel-windows-ix86+x86_64 0.4-1 148.00 250.00 398.00 OK

Check Details

Version: 0.4-1
Check: top-level files
Result: NOTE
    Non-standard files/directories found at top level:
     ‘config.guess’ ‘config.sub’ ‘install-sh’
Flavors: r-devel-linux-x86_64-debian-clang, r-devel-linux-x86_64-debian-gcc, r-devel-linux-x86_64-fedora-clang, r-devel-linux-x86_64-fedora-gcc, r-patched-linux-x86_64, r-release-linux-x86_64

Version: 0.4-1
Check: R code for possible problems
Result: NOTE
    postgresqlImportFile: no visible global function definition for
     ‘count.fields’
    postgresqlImportFile: no visible global function definition for
     ‘read.table’
    Undefined global functions or variables:
     count.fields read.table
    Consider adding
     importFrom("utils", "count.fields", "read.table")
    to your NAMESPACE file.
Flavors: r-devel-linux-x86_64-debian-clang, r-devel-linux-x86_64-debian-gcc, r-devel-linux-x86_64-fedora-clang, r-devel-linux-x86_64-fedora-gcc, r-devel-macos-x86_64-clang, r-devel-windows-ix86+x86_64, r-patched-linux-x86_64, r-patched-solaris-sparc, r-patched-solaris-x86, r-release-linux-x86_64, r-release-osx-x86_64-mavericks, r-release-windows-ix86+x86_64

Version: 0.4-1
Check: Rd line widths
Result: NOTE
    Rd file 'postgresqlBuildTableDefinition.Rd':
     \usage lines wider than 90 characters:
     postgresqlBuildTableDefinition(dbObj, name, obj, field.types = NULL, row.names = TRUE, ...)
    
    Rd file 'postgresqlSupport.Rd':
     \usage lines wider than 90 characters:
     postgresqlNewConnection(drv, user, password, host, dbname, port, tty, options, forceISOdate = TRUE)
    
    These lines will be truncated in the PDF manual.
Flavors: r-devel-linux-x86_64-debian-clang, r-devel-linux-x86_64-debian-gcc, r-devel-linux-x86_64-fedora-clang, r-devel-linux-x86_64-fedora-gcc, r-patched-linux-x86_64, r-release-linux-x86_64