Last updated on 2016-10-24 23:48:32.
Flavor | Version | Tinstall | Tcheck | Ttotal | Status | Flags |
---|---|---|---|---|---|---|
r-devel-linux-x86_64-debian-clang | 0.0.3 | 4.41 | 98.73 | 103.14 | OK | |
r-devel-linux-x86_64-debian-gcc | 0.0.3 | 4.20 | 97.10 | 101.30 | OK | |
r-devel-linux-x86_64-fedora-clang | 0.0.3 | 237.84 | OK | |||
r-devel-linux-x86_64-fedora-gcc | 0.0.3 | 227.98 | OK | |||
r-devel-macos-x86_64-clang | 0.0.3 | 174.89 | OK | |||
r-devel-windows-ix86+x86_64 | 0.0.3 | 26.00 | 201.00 | 227.00 | FAIL | |
r-patched-linux-x86_64 | 0.0.3 | 4.05 | 96.60 | 100.65 | OK | |
r-patched-solaris-sparc | 0.0.3 | 1682.80 | OK | |||
r-patched-solaris-x86 | 0.0.3 | 328.10 | OK | |||
r-release-linux-x86_64 | 0.0.3 | 4.14 | 94.98 | 99.12 | OK | |
r-release-osx-x86_64-mavericks | 0.0.3 | WARN | ||||
r-release-windows-ix86+x86_64 | 0.0.3 | 24.00 | 206.00 | 230.00 | FAIL | |
r-oldrel-windows-ix86+x86_64 | 0.0.3 | 29.00 | 257.00 | 286.00 | FAIL |
Version: 0.0.3
Check: re-building of vignette outputs
Result: FAIL
Flavors: r-devel-windows-ix86+x86_64, r-release-windows-ix86+x86_64, r-oldrel-windows-ix86+x86_64
Version: 0.0.3
Check: whether package can be installed
Result: WARN
Found the following significant warnings:
Warning: 'rgl_init' failed, running with rgl.useNULL = TRUE
Flavor: r-release-osx-x86_64-mavericks
Version: 0.0.3
Check: dependencies in R code
Result: NOTE
Invalid MIT-MAGIC-COOKIE-1 key
Flavor: r-release-osx-x86_64-mavericks
Version: 0.0.3
Check: S3 generic/method consistency
Result: WARN
Invalid MIT-MAGIC-COOKIE-1 key
See section ‘Generic functions and methods’ in the ‘Writing R
Extensions’ manual.
Flavor: r-release-osx-x86_64-mavericks
Version: 0.0.3
Check: replacement functions
Result: WARN
Invalid MIT-MAGIC-COOKIE-1 key
The argument of a replacement function which corresponds to the right
hand side must be named ‘value’.
Flavor: r-release-osx-x86_64-mavericks
Version: 0.0.3
Check: foreign function calls
Result: NOTE
Invalid MIT-MAGIC-COOKIE-1 key
See chapter ‘System and foreign language interfaces’ in the ‘Writing R
Extensions’ manual.
Flavor: r-release-osx-x86_64-mavericks
Version: 0.0.3
Check: R code for possible problems
Result: NOTE
Invalid MIT-MAGIC-COOKIE-1 key
Flavor: r-release-osx-x86_64-mavericks
Version: 0.0.3
Check: for missing documentation entries
Result: WARN
Invalid MIT-MAGIC-COOKIE-1 key
All user-level objects in a package should have documentation entries.
See chapter ‘Writing R documentation files’ in the ‘Writing R
Extensions’ manual.
Flavor: r-release-osx-x86_64-mavericks
Version: 0.0.3
Check: for code/documentation mismatches
Result: WARN
Invalid MIT-MAGIC-COOKIE-1 key
Invalid MIT-MAGIC-COOKIE-1 key
Invalid MIT-MAGIC-COOKIE-1 key
Flavor: r-release-osx-x86_64-mavericks
Version: 0.0.3
Check: Rd \usage sections
Result: NOTE
Invalid MIT-MAGIC-COOKIE-1 key
The \usage entries for S3 methods should use the \method markup and not
their full name.
See chapter ‘Writing R documentation files’ in the ‘Writing R
Extensions’ manual.
Flavor: r-release-osx-x86_64-mavericks