Last updated on 2016-10-24 23:48:30.
Flavor | Version | Tinstall | Tcheck | Ttotal | Status | Flags |
---|---|---|---|---|---|---|
r-devel-linux-x86_64-debian-clang | 1.0.10-4 | 248.27 | 15.78 | 264.05 | NOTE | |
r-devel-linux-x86_64-debian-gcc | 1.0.10-4 | 271.76 | 21.42 | 293.18 | NOTE | |
r-devel-linux-x86_64-fedora-clang | 1.0.10-4 | 533.55 | NOTE | |||
r-devel-linux-x86_64-fedora-gcc | 1.0.10-4 | 547.57 | NOTE | |||
r-devel-macos-x86_64-clang | 1.0.10-4 | 335.49 | NOTE | |||
r-patched-linux-x86_64 | 1.0.10-4 | 223.62 | 14.81 | 238.42 | NOTE | |
r-patched-solaris-sparc | 1.0.10-4 | 2590.00 | NOTE | |||
r-patched-solaris-x86 | 1.0.10-4 | 500.20 | NOTE | |||
r-release-linux-x86_64 | 1.0.10-4 | 222.04 | 15.09 | 237.12 | NOTE | |
r-release-osx-x86_64-mavericks | 1.0.10-4 | NOTE |
Version: 1.0.10-4
Check: installed package size
Result: NOTE
installed size is 47.9Mb
sub-directories of 1Mb or more:
include 1.9Mb
lib 35.3Mb
libs 10.4Mb
Flavors: r-devel-linux-x86_64-debian-clang, r-devel-linux-x86_64-debian-gcc, r-devel-linux-x86_64-fedora-clang, r-devel-linux-x86_64-fedora-gcc, r-devel-macos-x86_64-clang, r-patched-linux-x86_64, r-patched-solaris-sparc, r-patched-solaris-x86, r-release-linux-x86_64, r-release-osx-x86_64-mavericks