CRAN Package Check Results for Package RcppParallel

Last updated on 2016-10-24 23:48:30.

Flavor Version Tinstall Tcheck Ttotal Status Flags
r-devel-linux-x86_64-debian-clang 4.3.20 20.89 33.71 54.60 NOTE
r-devel-linux-x86_64-debian-gcc 4.3.20 27.90 32.68 60.58 NOTE
r-devel-linux-x86_64-fedora-clang 4.3.20 96.44 NOTE
r-devel-linux-x86_64-fedora-gcc 4.3.20 106.34 NOTE
r-devel-macos-x86_64-clang 4.3.20 75.43 NOTE
r-devel-windows-ix86+x86_64 4.3.20 228.00 185.00 413.00 NOTE
r-patched-linux-x86_64 4.3.20 28.27 28.48 56.75 NOTE
r-patched-solaris-sparc 4.3.20 281.80 NOTE
r-patched-solaris-x86 4.3.20 94.00 NOTE
r-release-linux-x86_64 4.3.20 28.09 29.34 57.43 NOTE
r-release-osx-x86_64-mavericks 4.3.20 NOTE
r-release-windows-ix86+x86_64 4.3.20 267.00 145.00 412.00 NOTE
r-oldrel-windows-ix86+x86_64 4.3.20 182.00 122.00 304.00 NOTE

Memtest notes: clang-UBSAN

Check Details

Version: 4.3.20
Check: for GNU extensions in Makefiles
Result: NOTE
    GNU make is a SystemRequirements.
Flavors: r-devel-linux-x86_64-debian-clang, r-devel-linux-x86_64-debian-gcc, r-devel-linux-x86_64-fedora-clang, r-devel-linux-x86_64-fedora-gcc, r-devel-macos-x86_64-clang, r-devel-windows-ix86+x86_64, r-patched-linux-x86_64, r-patched-solaris-sparc, r-patched-solaris-x86, r-release-linux-x86_64, r-release-osx-x86_64-mavericks, r-release-windows-ix86+x86_64, r-oldrel-windows-ix86+x86_64

Version: 4.3.20
Check: installed package size
Result: NOTE
     installed size is 5.2Mb
     sub-directories of 1Mb or more:
     include 1.7Mb
     lib 3.2Mb
Flavors: r-devel-linux-x86_64-debian-gcc, r-devel-linux-x86_64-fedora-gcc, r-devel-windows-ix86+x86_64, r-patched-linux-x86_64, r-release-linux-x86_64, r-release-windows-ix86+x86_64, r-oldrel-windows-ix86+x86_64