Last updated on 2016-10-24 23:48:30.
Flavor | Version | Tinstall | Tcheck | Ttotal | Status | Flags |
---|---|---|---|---|---|---|
r-devel-linux-x86_64-debian-clang | 0.1.7 | 10.83 | 18.35 | 29.18 | NOTE | |
r-devel-linux-x86_64-debian-gcc | 0.1.7 | 12.53 | 18.64 | 31.17 | NOTE | |
r-devel-linux-x86_64-fedora-clang | 0.1.7 | 57.34 | NOTE | |||
r-devel-linux-x86_64-fedora-gcc | 0.1.7 | 58.86 | NOTE | |||
r-devel-macos-x86_64-clang | 0.1.7 | 47.24 | NOTE | |||
r-devel-windows-ix86+x86_64 | 0.1.7 | 43.00 | 61.00 | 104.00 | WARN | |
r-patched-linux-x86_64 | 0.1.7 | 11.56 | 18.21 | 29.77 | NOTE | |
r-release-linux-x86_64 | 0.1.7 | 10.92 | 16.66 | 27.58 | NOTE | |
r-release-osx-x86_64-mavericks | 0.1.7 | NOTE | ||||
r-release-windows-ix86+x86_64 | 0.1.7 | 42.00 | 45.00 | 87.00 | NOTE | |
r-oldrel-windows-ix86+x86_64 | 0.1.7 | 38.00 | 64.00 | 102.00 | NOTE |
Version: 0.1.7
Check: package dependencies
Result: NOTE
Package suggested but not available for checking: ‘RcppMsgPack’
Flavors: r-devel-linux-x86_64-debian-clang, r-devel-linux-x86_64-debian-gcc, r-devel-linux-x86_64-fedora-clang, r-devel-linux-x86_64-fedora-gcc, r-devel-macos-x86_64-clang, r-devel-windows-ix86+x86_64, r-patched-linux-x86_64, r-release-linux-x86_64, r-release-osx-x86_64-mavericks, r-release-windows-ix86+x86_64, r-oldrel-windows-ix86+x86_64
Version: 0.1.7
Check: whether package can be installed
Result: WARN
Found the following significant warnings:
d:/Rcompile/CRANpkg/extralibs215/libhiredis/include/hiredis/hiredis.h:99:10: warning: ISO C++ 1998 does not support 'long long' [-Wlong-long]
d:/Rcompile/CRANpkg/extralibs215/libhiredis/include/hiredis/hiredis.h:118:55: warning: ISO C++ 1998 does not support 'long long' [-Wlong-long]
Flavor: r-devel-windows-ix86+x86_64