Last updated on 2016-10-24 23:48:30.
Flavor | Version | Tinstall | Tcheck | Ttotal | Status | Flags |
---|---|---|---|---|---|---|
r-devel-linux-x86_64-debian-clang | 3.1.0 | 349.14 | 15.89 | 365.04 | WARN | |
r-devel-linux-x86_64-debian-gcc | 3.1.0 | 338.02 | 28.67 | 366.69 | WARN | |
r-devel-linux-x86_64-fedora-clang | 3.1.0 | 739.22 | WARN | |||
r-devel-linux-x86_64-fedora-gcc | 3.1.0 | 683.08 | WARN | |||
r-devel-macos-x86_64-clang | 3.1.0 | 485.02 | WARN | |||
r-devel-windows-ix86+x86_64 | 3.1.0 | 1615.00 | 76.00 | 1691.00 | WARN | |
r-patched-linux-x86_64 | 3.1.0 | 272.77 | 15.39 | 288.17 | NOTE | |
r-patched-solaris-sparc | 3.1.0 | 3284.30 | NOTE | |||
r-patched-solaris-x86 | 3.1.0 | 621.80 | NOTE | |||
r-release-linux-x86_64 | 3.1.0 | 273.31 | 15.09 | 288.41 | NOTE | |
r-release-osx-x86_64-mavericks | 3.1.0 | NOTE | ||||
r-release-windows-ix86+x86_64 | 3.1.0 | 1581.00 | 54.00 | 1635.00 | NOTE | |
r-oldrel-windows-ix86+x86_64 | 3.1.0 | 686.00 | 63.00 | 749.00 | NOTE |
Memtest notes: clang-UBSAN gcc6-UBSAN
Version: 3.1.0
Check: installed package size
Result: NOTE
installed size is 152.2Mb
sub-directories of 1Mb or more:
include 4.4Mb
lib 111.3Mb
libs 36.4Mb
Flavors: r-devel-linux-x86_64-debian-clang, r-devel-linux-x86_64-debian-gcc, r-devel-linux-x86_64-fedora-clang, r-devel-linux-x86_64-fedora-gcc, r-devel-macos-x86_64-clang, r-devel-windows-ix86+x86_64, r-patched-linux-x86_64, r-patched-solaris-sparc, r-patched-solaris-x86, r-release-linux-x86_64, r-release-osx-x86_64-mavericks, r-release-windows-ix86+x86_64, r-oldrel-windows-ix86+x86_64
Version: 3.1.0
Check: files in ‘vignettes’
Result: WARN
Files in the 'vignettes' directory newer than all files in 'inst/doc':
‘RcppShark.Rmd’
Flavors: r-devel-linux-x86_64-debian-clang, r-devel-linux-x86_64-debian-gcc, r-devel-linux-x86_64-fedora-clang, r-devel-linux-x86_64-fedora-gcc, r-devel-macos-x86_64-clang, r-devel-windows-ix86+x86_64