Last updated on 2016-10-24 23:48:31.
Flavor | Version | Tinstall | Tcheck | Ttotal | Status | Flags |
---|---|---|---|---|---|---|
r-devel-linux-x86_64-debian-clang | 0.6-2 | 1.61 | 10.31 | 11.92 | OK | |
r-devel-linux-x86_64-debian-gcc | 0.6-2 | 1.53 | 10.31 | 11.83 | OK | |
r-devel-linux-x86_64-fedora-clang | 0.6-2 | 20.10 | OK | |||
r-devel-linux-x86_64-fedora-gcc | 0.6-2 | 18.74 | OK | |||
r-devel-macos-x86_64-clang | 0.6-2 | 18.05 | OK | |||
r-devel-windows-ix86+x86_64 | 0.6-2 | 15.00 | 34.00 | 49.00 | OK | |
r-patched-linux-x86_64 | 0.6-2 | 1.66 | 9.57 | 11.22 | OK | |
r-patched-solaris-sparc | 0.6-2 | 117.70 | NOTE | |||
r-patched-solaris-x86 | 0.6-2 | 26.20 | NOTE | |||
r-release-linux-x86_64 | 0.6-2 | 1.44 | 9.16 | 10.60 | OK | |
r-release-osx-x86_64-mavericks | 0.6-2 | NOTE | ||||
r-release-windows-ix86+x86_64 | 0.6-2 | 8.00 | 38.00 | 46.00 | OK | |
r-oldrel-windows-ix86+x86_64 | 0.6-2 | 38.00 | 35.00 | 73.00 | OK |
Version: 0.6-2
Check: Rd cross-references
Result: NOTE
Package unavailable to check Rd xrefs: ‘Rsymphony’
Flavors: r-patched-solaris-sparc, r-patched-solaris-x86, r-release-osx-x86_64-mavericks