CRAN Package Check Results for Package RobRSVD

Last updated on 2016-10-24 23:48:31.

Flavor Version Tinstall Tcheck Ttotal Status Flags
r-devel-linux-x86_64-debian-clang 1.0 0.56 21.13 21.68 NOTE
r-devel-linux-x86_64-debian-gcc 1.0 0.52 19.94 20.46 NOTE
r-devel-linux-x86_64-fedora-clang 1.0 36.32 NOTE
r-devel-linux-x86_64-fedora-gcc 1.0 34.52 NOTE
r-devel-macos-x86_64-clang 1.0 30.40 NOTE
r-devel-windows-ix86+x86_64 1.0 3.00 38.00 41.00 NOTE
r-patched-linux-x86_64 1.0 0.55 19.46 20.01 NOTE
r-patched-solaris-sparc 1.0 258.00 NOTE
r-patched-solaris-x86 1.0 38.50 NOTE
r-release-linux-x86_64 1.0 0.52 19.18 19.70 NOTE
r-release-osx-x86_64-mavericks 1.0 NOTE
r-release-windows-ix86+x86_64 1.0 2.00 39.00 41.00 NOTE
r-oldrel-windows-ix86+x86_64 1.0 2.00 35.00 37.00 OK

Check Details

Version: 1.0
Check: R code for possible problems
Result: NOTE
    RobRSVD: no visible global function definition for ‘median’
    Undefined global functions or variables:
     median
    Consider adding
     importFrom("stats", "median")
    to your NAMESPACE file.
Flavors: r-devel-linux-x86_64-debian-clang, r-devel-linux-x86_64-debian-gcc, r-devel-linux-x86_64-fedora-clang, r-devel-linux-x86_64-fedora-gcc, r-devel-macos-x86_64-clang, r-devel-windows-ix86+x86_64, r-patched-linux-x86_64, r-patched-solaris-sparc, r-patched-solaris-x86, r-release-linux-x86_64, r-release-osx-x86_64-mavericks, r-release-windows-ix86+x86_64