CRAN Package Check Results for Package Ruchardet

Last updated on 2016-10-24 23:48:32.

Flavor Version Tinstall Tcheck Ttotal Status Flags
r-devel-linux-x86_64-debian-clang 0.0-3 10.31 12.76 23.07 NOTE
r-devel-linux-x86_64-debian-gcc 0.0-3 9.44 12.71 22.15 NOTE
r-devel-linux-x86_64-fedora-clang 0.0-3 42.35 NOTE
r-devel-linux-x86_64-fedora-gcc 0.0-3 38.69 NOTE
r-devel-macos-x86_64-clang 0.0-3 33.06 NOTE
r-devel-windows-ix86+x86_64 0.0-3 64.00 60.00 124.00 NOTE
r-patched-linux-x86_64 0.0-3 8.41 11.89 20.31 NOTE
r-patched-solaris-sparc 0.0-3 225.10 NOTE
r-patched-solaris-x86 0.0-3 47.50 NOTE
r-release-linux-x86_64 0.0-3 9.02 11.94 20.96 NOTE
r-release-osx-x86_64-mavericks 0.0-3 NOTE
r-release-windows-ix86+x86_64 0.0-3 54.00 43.00 97.00 NOTE
r-oldrel-windows-ix86+x86_64 0.0-3 62.00 56.00 118.00 NOTE

Memtest notes: clang-UBSAN gcc6-UBSAN gcc7-UBSAN

Check Details

Version: 0.0-3
Check: for GNU extensions in Makefiles
Result: NOTE
    GNU make is a SystemRequirements.
Flavors: r-devel-linux-x86_64-debian-clang, r-devel-linux-x86_64-debian-gcc, r-devel-linux-x86_64-fedora-clang, r-devel-linux-x86_64-fedora-gcc, r-devel-macos-x86_64-clang, r-devel-windows-ix86+x86_64, r-patched-linux-x86_64, r-patched-solaris-sparc, r-patched-solaris-x86, r-release-linux-x86_64, r-release-osx-x86_64-mavericks, r-release-windows-ix86+x86_64, r-oldrel-windows-ix86+x86_64