CRAN Package Check Results for Package SciViews

Last updated on 2016-10-24 23:48:33.

Flavor Version Tinstall Tcheck Ttotal Status Flags
r-devel-linux-x86_64-debian-clang 0.9-5 0.66 13.71 14.37 NOTE
r-devel-linux-x86_64-debian-gcc 0.9-5 0.72 13.40 14.12 NOTE
r-devel-linux-x86_64-fedora-clang 0.9-5 25.05 NOTE
r-devel-linux-x86_64-fedora-gcc 0.9-5 23.89 NOTE
r-devel-macos-x86_64-clang 0.9-5 21.77 NOTE
r-devel-windows-ix86+x86_64 0.9-5 6.00 39.00 45.00 NOTE
r-patched-linux-x86_64 0.9-5 0.78 12.49 13.27 NOTE
r-patched-solaris-sparc 0.9-5 144.10 NOTE
r-patched-solaris-x86 0.9-5 30.10 NOTE
r-release-linux-x86_64 0.9-5 0.71 12.35 13.07 NOTE
r-release-osx-x86_64-mavericks 0.9-5 NOTE
r-release-windows-ix86+x86_64 0.9-5 5.00 30.00 35.00 NOTE
r-oldrel-windows-ix86+x86_64 0.9-5 4.00 38.00 42.00 NOTE

Check Details

Version: 0.9-5
Check: DESCRIPTION meta-information
Result: NOTE
    Malformed Description field: should contain one or more complete sentences.
Flavors: r-devel-linux-x86_64-debian-clang, r-devel-linux-x86_64-debian-gcc, r-devel-linux-x86_64-fedora-clang, r-devel-linux-x86_64-fedora-gcc, r-devel-macos-x86_64-clang, r-devel-windows-ix86+x86_64, r-patched-linux-x86_64, r-patched-solaris-sparc, r-patched-solaris-x86, r-release-linux-x86_64, r-release-osx-x86_64-mavericks, r-release-windows-ix86+x86_64, r-oldrel-windows-ix86+x86_64