CRAN Package Check Results for Package SciencesPo

Last updated on 2016-10-24 23:48:33.

Flavor Version Tinstall Tcheck Ttotal Status Flags
r-devel-linux-x86_64-debian-clang 1.4.1 13.96 43.07 57.03 OK
r-devel-linux-x86_64-debian-gcc 1.4.1 13.23 43.15 56.38 OK
r-devel-linux-x86_64-fedora-clang 1.4.1 108.26 OK
r-devel-linux-x86_64-fedora-gcc 1.4.1 101.68 OK
r-devel-macos-x86_64-clang 1.4.1 83.16 OK
r-devel-windows-ix86+x86_64 1.4.1 65.00 127.00 192.00 OK
r-patched-linux-x86_64 1.4.1 11.64 41.30 52.94 OK
r-patched-solaris-sparc 1.4.1 639.10 WARN
r-patched-solaris-x86 1.4.1 128.50 WARN
r-release-linux-x86_64 1.4.1 11.77 40.49 52.26 OK
r-release-osx-x86_64-mavericks 1.4.1 WARN
r-release-windows-ix86+x86_64 1.4.1 57.00 127.00 184.00 OK
r-oldrel-windows-ix86+x86_64 1.4.1 60.00 146.00 206.00 OK

Check Details

Version: 1.4.1
Check: for executable files
Result: WARN
    Found the following executable files:
     vignettes/Indices_cache/html/Ceara-election_0d515408b54fd6997da9c38a8521d02a.rdb
     vignettes/SciencesPo_cache/html/Ceara-election_ecf5fc665d12287cb4f45d6dfb91d746.rdb
    Source packages should not contain undeclared executable files.
    See section ‘Package structure’ in the ‘Writing R Extensions’ manual.
Flavor: r-patched-solaris-sparc

Version: 1.4.1
Check: re-building of vignette outputs
Result: WARN
    Error in re-building vignettes:
     ...
    Warning: It seems you should call rmarkdown::render() instead of knitr::knit2html() because Indices.Rmd appears to be an R Markdown v2 document.
    SciencesPo 1.4.1
    Warning in is.na(names(TABLE)) :
     is.na() applied to non-(list or vector) of type 'NULL'
    Warning in is.na(names(TABLE)) :
     is.na() applied to non-(list or vector) of type 'NULL'
    Session info --------------------------------------------------------------
    Packages ------------------------------------------------------------------
    Warning: It seems you should call rmarkdown::render() instead of knitr::knit2html() because SciencesPo.Rmd appears to be an R Markdown v2 document.
    Vignettes in package 'SciencesPo':
    
    SciencesPo Concepts and Basics of the SciencesPo
     Package (source, html)
    Indices Measures of Political Behavior (source,
     html)
    Viz The Anatomy of a Plot (source, html)
    
    Data sets in package 'SciencesPo':
    
    alpha A dataset that contains four test items
    auto Statistics of 1979 automobile models
    baseball Bradley Efron and Carl Morris ("Stein's
     Paradox in Statistics)
    bhodrick93 Bekaert's and Hodrick's (1993) Data
    big5 Big 5 dataset
    bollen Bollen Data on Industrialization and
     Political Democracy
    bush Approval Ratings for President George W.
     Bush
    cathedrals Cathedrals
    cgreene76 Christensen's and Greene's (1976) Data
    chismoke Smoking and Lung Cancer in China
    election2008 2008 U.S. presidential election
    galton Galton's Family Data on Human Stature.
    griliches76 Griliches's (1976) Data
    ltaylor96 Lothian's and Taylor's (1996) Data Set
    marriage Same Sex Marriage Public Opinion Data
    mishkin92 Mishkin's (1992) Data
    nerlove63 Marc Nerlove's (1963) data
    paired Paired Data
    pollster2008 Polls for 2008 U.S. presidential election
    religiosity Data on religiosity of countries
    sheston91 The Penn World Table
    stature The Measure of US Presidents
    swatson93 Stock's and Watson's (1993) Data.
    titanic Titanic
    turnout Turnout Data
    twins Burt's Twin Data
    unions Poll attitudes towards British trade unions
    vote Voting correlations
    words Word frequencies from Mosteller and Wallace
    
    Help files with alias or concept or title matching 'D'Hondt' using
    regular expression matching:
    
    
    SciencesPo::dHondt The D'Hondt Method of Allocating Seats
     Proportionally
    
    
    Type '?PKG::FOO' to inspect entries 'PKG::FOO', or 'TYPE?PKG::FOO'
    for entries like 'PKG::FOO-TYPE'.
    
    
    
    
    The following object is masked from package:SciencesPo:
    
     turnout
    
    The following objects are masked from stature (pos = 3):
    
     election, opponent, opponent.height, opponent.party,
     opponent.vote, turnout, winner, winner.bmi, winner.height,
     winner.party, winner.vote
    
    The following object is masked from package:SciencesPo:
    
     turnout
    
    The following objects are masked from stature (pos = 3):
    
     election, opponent, opponent.height, opponent.party,
     opponent.vote, turnout, winner, winner.bmi, winner.height,
     winner.party, winner.vote
    
    The following objects are masked from stature (pos = 4):
    
     election, opponent, opponent.height, opponent.party,
     opponent.vote, turnout, winner, winner.bmi, winner.height,
     winner.party, winner.vote
    
    The following object is masked from package:SciencesPo:
    
     turnout
    
    The following objects are masked from stature (pos = 3):
    
     election, opponent, opponent.height, opponent.party,
     opponent.vote, turnout, winner, winner.bmi, winner.height,
     winner.party, winner.vote
    
    The following objects are masked from stature (pos = 4):
    
     election, opponent, opponent.height, opponent.party,
     opponent.vote, turnout, winner, winner.bmi, winner.height,
     winner.party, winner.vote
    
    The following objects are masked from stature (pos = 5):
    
     election, opponent, opponent.height, opponent.party,
     opponent.vote, turnout, winner, winner.bmi, winner.height,
     winner.party, winner.vote
    
    The following object is masked from package:SciencesPo:
    
     turnout
    
    The following objects are masked from stature (pos = 3):
    
     election, opponent, opponent.height, opponent.party,
     opponent.vote, turnout, winner, winner.bmi, winner.height,
     winner.party, winner.vote
    
    The following objects are masked from stature (pos = 4):
    
     election, opponent, opponent.height, opponent.party,
     opponent.vote, turnout, winner, winner.bmi, winner.height,
     winner.party, winner.vote
    
    The following objects are masked from stature (pos = 5):
    
     election, opponent, opponent.height, opponent.party,
     opponent.vote, turnout, winner, winner.bmi, winner.height,
     winner.party, winner.vote
    
    The following objects are masked from stature (pos = 6):
    
     election, opponent, opponent.height, opponent.party,
     opponent.vote, turnout, winner, winner.bmi, winner.height,
     winner.party, winner.vote
    
    The following object is masked from package:SciencesPo:
    
     turnout
    
    .data was converted to a dataframe
    Warning: New theme missing the following elements: axis.line.x, axis.line.y, panel.grid.major, panel.grid.minor
    Quitting from lines 1090-1091 (SciencesPo.Rmd)
    Error: processing vignette 'SciencesPo.Rmd' failed with diagnostics:
    invalid 'times' argument
    Execution halted
Flavors: r-patched-solaris-sparc, r-patched-solaris-x86

Version: 1.4.1
Check: re-building of vignette outputs
Result: WARN
    Error in re-building vignettes:
     ...
     opponent.vote, turnout, winner, winner.bmi, winner.height,
     winner.party, winner.vote
    
    The following objects are masked from stature (pos = 5):
    
     election, opponent, opponent.height, opponent.party,
     opponent.vote, turnout, winner, winner.bmi, winner.height,
     winner.party, winner.vote
    
    The following objects are masked from stature (pos = 6):
    
     election, opponent, opponent.height, opponent.party,
     opponent.vote, turnout, winner, winner.bmi, winner.height,
     winner.party, winner.vote
    
    The following object is masked from package:SciencesPo:
    
     turnout
    
    .data was converted to a dataframe
    Warning: New theme missing the following elements: axis.line.x, axis.line.y, panel.grid.major, panel.grid.minor
    Quitting from lines 1090-1091 (SciencesPo.Rmd)
    Error: processing vignette 'SciencesPo.Rmd' failed with diagnostics:
    invalid 'times' argument
    Execution halted
Flavor: r-release-osx-x86_64-mavericks