CRAN Package Check Results for Package SnakeCharmR

Last updated on 2016-10-24 23:48:34.

Flavor Version Tinstall Tcheck Ttotal Status Flags
r-devel-linux-x86_64-debian-clang 1.0.4 7.57 14.16 21.73 OK
r-devel-linux-x86_64-debian-gcc 1.0.4 7.24 14.68 21.92 OK
r-devel-linux-x86_64-fedora-clang 1.0.4 41.89 OK
r-devel-linux-x86_64-fedora-gcc 1.0.4 37.78 OK
r-devel-macos-x86_64-clang 1.0.4 32.83 WARN
r-patched-linux-x86_64 1.0.4 6.18 13.49 19.67 OK
r-patched-solaris-sparc 1.0.4 66.70 ERROR
r-patched-solaris-x86 1.0.4 12.40 ERROR
r-release-linux-x86_64 1.0.4 6.25 13.46 19.71 OK
r-release-osx-x86_64-mavericks 1.0.4 OK

Check Details

Version: 1.0.4
Check: whether package can be installed
Result: WARN
    Found the following significant warnings:
     /System/Library/Frameworks/Python.framework/Versions/2.7/include/python2.7/intobject.h:46:21: warning: 'long long' is a C++11 extension [-Wc++11-long-long]
     /System/Library/Frameworks/Python.framework/Versions/2.7/include/python2.7/longobject.h:50:44: warning: 'long long' is a C++11 extension [-Wc++11-long-long]
     /System/Library/Frameworks/Python.framework/Versions/2.7/include/python2.7/longobject.h:51:61: warning: 'long long' is a C++11 extension [-Wc++11-long-long]
     /System/Library/Frameworks/Python.framework/Versions/2.7/include/python2.7/longobject.h:52:12: warning: 'long long' is a C++11 extension [-Wc++11-long-long]
     /System/Library/Frameworks/Python.framework/Versions/2.7/include/python2.7/longobject.h:53:21: warning: 'long long' is a C++11 extension [-Wc++11-long-long]
     /System/Library/Frameworks/Python.framework/Versions/2.7/include/python2.7/longobject.h:54:21: warning: 'long long' is a C++11 extension [-Wc++11-long-long]
     /System/Library/Frameworks/Python.framework/Versions/2.7/include/python2.7/longobject.h:55:12: warning: 'long long' is a C++11 extension [-Wc++11-long-long]
Flavor: r-devel-macos-x86_64-clang

Version: 1.0.4
Check: whether package can be installed
Result: ERROR
    Installation failed.
Flavors: r-patched-solaris-sparc, r-patched-solaris-x86